{"id":3875,"date":"2022-11-02T21:19:52","date_gmt":"2022-11-03T03:19:52","guid":{"rendered":"https:\/\/vitaminaselsalvador.net\/?post_type=product&#038;p=3875"},"modified":"2025-07-08T10:59:42","modified_gmt":"2025-07-08T16:59:42","slug":"diclorflex-100-tabletas","status":"publish","type":"product","link":"https:\/\/vitaminaselsalvador.net\/index.php\/product\/diclorflex-100-tabletas\/","title":{"rendered":"DICLORFLEX 100 Tabletas"},"content":{"rendered":"<p><strong><span style=\"color: #000000;\">CONTRA-INDICACIONES:<\/span><\/strong><br \/>\n<span style=\"color: #000000;\">Cuando exista hipersensibilidad a cualquiera de sus componentes, glaucoma, obstrucci\u00f3n pil\u00f3rica o duodenal, \u00falcera p\u00e9ptica. Evitar la ingesta de bebidas alcoh\u00f3licas.<\/span><\/p>\n<p><span style=\"color: #000000;\">Diclofenaco Sodico &#8212;&#8212;- 25.00MG<\/span><br \/>\n<span style=\"color: #000000;\">Citrato de Orfenadrina &#8212; 35.00MG<\/span><\/p>\n","protected":false},"excerpt":{"rendered":"<p><strong><span style=\"color: #000000;\">INDICACIONES:<\/span><\/strong><br \/>\n<span style=\"color: #000000;\">Diclorflex est\u00e1 indicado para el tratamiento de espasmos musculoesquel\u00e9ticos dolorosos, dolores de tipo reum\u00e1tico (artritis reumatoidea, artrosis, espondilitis, fibrositis). Dolor e inflamaciones traum\u00e1ticas (esguinces, fracturas) o post-quir\u00fargicos.<\/span><\/p>\n","protected":false},"featured_media":3889,"comment_status":"closed","ping_status":"closed","template":"","meta":{"_kad_post_transparent":"","_kad_post_title":"","_kad_post_layout":"","_kad_post_sidebar_id":"","_kad_post_content_style":"","_kad_post_vertical_padding":"","_kad_post_feature":"","_kad_post_feature_position":"","_kad_post_header":false,"_kad_post_footer":false},"product_brand":[],"product_cat":[235,443],"product_tag":[355,411,2025,1947,917,300],"class_list":{"0":"post-3875","1":"product","2":"type-product","3":"status-publish","4":"has-post-thumbnail","6":"product_cat-artritis-artrosis-reuma","7":"product_cat-laboratorios-medikem","8":"product_tag-artritis","9":"product_tag-artrosis","10":"product_tag-esguince","11":"product_tag-fractura","12":"product_tag-inflamacion","13":"product_tag-reuma","15":"first","16":"instock","17":"shipping-taxable","18":"purchasable","19":"product-type-simple","20":"entry","21":"content-bg","22":"loop-entry"},"_links":{"self":[{"href":"https:\/\/vitaminaselsalvador.net\/index.php\/wp-json\/wp\/v2\/product\/3875","targetHints":{"allow":["GET"]}}],"collection":[{"href":"https:\/\/vitaminaselsalvador.net\/index.php\/wp-json\/wp\/v2\/product"}],"about":[{"href":"https:\/\/vitaminaselsalvador.net\/index.php\/wp-json\/wp\/v2\/types\/product"}],"replies":[{"embeddable":true,"href":"https:\/\/vitaminaselsalvador.net\/index.php\/wp-json\/wp\/v2\/comments?post=3875"}],"wp:featuredmedia":[{"embeddable":true,"href":"https:\/\/vitaminaselsalvador.net\/index.php\/wp-json\/wp\/v2\/media\/3889"}],"wp:attachment":[{"href":"https:\/\/vitaminaselsalvador.net\/index.php\/wp-json\/wp\/v2\/media?parent=3875"}],"wp:term":[{"taxonomy":"product_brand","embeddable":true,"href":"https:\/\/vitaminaselsalvador.net\/index.php\/wp-json\/wp\/v2\/product_brand?post=3875"},{"taxonomy":"product_cat","embeddable":true,"href":"https:\/\/vitaminaselsalvador.net\/index.php\/wp-json\/wp\/v2\/product_cat?post=3875"},{"taxonomy":"product_tag","embeddable":true,"href":"https:\/\/vitaminaselsalvador.net\/index.php\/wp-json\/wp\/v2\/product_tag?post=3875"}],"curies":[{"name":"wp","href":"https:\/\/api.w.org\/{rel}","templated":true}]}}

<p><strong><span style="color: #000000;">CONTRA-INDICACIONES:</span></strong><br />
<span style="color: #000000;">Cuando exista hipersensibilidad a cualquiera de sus componentes, glaucoma, obstrucción pilórica o duodenal, úlcera péptica. Evitar la ingesta de bebidas alcohólicas.</span></p>
<p><span style="color: #000000;">Diclofenaco Sodico &#8212;&#8212;- 25.00MG</span><br />
<span style="color: #000000;">Citrato de Orfenadrina &#8212; 35.00MG</span></p>

<p><strong><span style="color: #000000;">INDICACIONES:</span></strong><br />
<span style="color: #000000;">Diclorflex está indicado para el tratamiento de espasmos musculoesqueléticos dolorosos, dolores de tipo reumático (artritis reumatoidea, artrosis, espondilitis, fibrositis). Dolor e inflamaciones traumáticas (esguinces, fracturas) o post-quirúrgicos.</span></p>
