{"id":3839,"date":"2022-11-02T21:19:27","date_gmt":"2022-11-03T03:19:27","guid":{"rendered":"https:\/\/vitaminaselsalvador.net\/?post_type=product&#038;p=3839"},"modified":"2025-07-08T10:59:41","modified_gmt":"2025-07-08T16:59:41","slug":"migretil-100-comprimidos","status":"publish","type":"product","link":"https:\/\/vitaminaselsalvador.net\/index.php\/product\/migretil-100-comprimidos\/","title":{"rendered":"MIGRETIL 100 Comprimidos"},"content":{"rendered":"<p><strong><span style=\"color: #000000;\">CONTRA-INDICACIONES:<\/span><\/strong><br \/>\n<span style=\"color: #000000;\">Hipersensibilidad a cualquiera de los componentes, gastritis, presion arterial, glaucoma, insuficiencia hepatica, embarazo y lactancia.1 tableta 3 veces al dia o a criterio del medico.<\/span><\/p>\n<p><span style=\"color: #000000;\">Ergotamina 1.00MG<\/span><br \/>\n<span style=\"color: #000000;\">Paracetamol 300.00MG<\/span><\/p>\n","protected":false},"excerpt":{"rendered":"<p><strong><span style=\"color: #000000;\">INDICACIONES:<\/span><\/strong><br \/>\n<span style=\"color: #000000;\">Indicado para las molestias del resfriado, dolor y fiebre. Crisis de jaqueca.<\/span><\/p>\n<p><strong><span style=\"color: #000000;\">D\u00d3SIS Y V\u00cdA DE ADMINISTRACI\u00d3N:<\/span><\/strong><br \/>\n<span style=\"color: #000000;\">Salvo otra prescripci\u00f3n indicada por el m\u00e9dico, MIGR\u00c9TIL se tomar\u00e1 de la siguiente manera:<\/span><\/p>\n<p><span style=\"color: #000000;\">Adultos: Dos comprimidos a la vez, durante el aura o el inicio de la jaqueca. Si resulta necesario, administrar 1 comprimido despu\u00e9s de media hora, y otro comprimido tras otra media hora si los s\u00edntomas persisten.<\/span><\/p>\n<p><span style=\"color: #000000;\">Adolescentes: Un comprimido durante el aura o el inicio de la jaqueca. Si resulta necesario, administrar 1 comprimido despu\u00e9s de media hora. No est\u00e1 indicado para ni\u00f1os menores de 12 a\u00f1os. Los comprimidos se tomar\u00e1n lo m\u00e1s precozmente posible, tras los primeros s\u00edntomas de crisis de jaqueca. No ingerir m\u00e1s de 6 comprimidos al d\u00eda o m\u00e1s de 10 o 12 comprimidos por semana. Los comprimidos se tomar\u00e1n enteros con un poco de agua.<\/span><\/p>\n","protected":false},"featured_media":3869,"comment_status":"closed","ping_status":"closed","template":"","meta":{"_kad_post_transparent":"","_kad_post_title":"","_kad_post_layout":"","_kad_post_sidebar_id":"","_kad_post_content_style":"","_kad_post_vertical_padding":"","_kad_post_feature":"","_kad_post_feature_position":"","_kad_post_header":false,"_kad_post_footer":false},"product_brand":[],"product_cat":[2008,1848],"product_tag":[1215,221,2009,365,1366,652],"class_list":{"0":"post-3839","1":"product","2":"type-product","3":"status-publish","4":"has-post-thumbnail","6":"product_cat-jaqueca","7":"product_cat-laboratorios-bial","8":"product_tag-dolor","9":"product_tag-fiebre","10":"product_tag-jaqueca","11":"product_tag-migrana","12":"product_tag-molestias","13":"product_tag-resfriado","15":"first","16":"instock","17":"shipping-taxable","18":"purchasable","19":"product-type-simple","20":"entry","21":"content-bg","22":"loop-entry"},"_links":{"self":[{"href":"https:\/\/vitaminaselsalvador.net\/index.php\/wp-json\/wp\/v2\/product\/3839","targetHints":{"allow":["GET"]}}],"collection":[{"href":"https:\/\/vitaminaselsalvador.net\/index.php\/wp-json\/wp\/v2\/product"}],"about":[{"href":"https:\/\/vitaminaselsalvador.net\/index.php\/wp-json\/wp\/v2\/types\/product"}],"replies":[{"embeddable":true,"href":"https:\/\/vitaminaselsalvador.net\/index.php\/wp-json\/wp\/v2\/comments?post=3839"}],"wp:featuredmedia":[{"embeddable":true,"href":"https:\/\/vitaminaselsalvador.net\/index.php\/wp-json\/wp\/v2\/media\/3869"}],"wp:attachment":[{"href":"https:\/\/vitaminaselsalvador.net\/index.php\/wp-json\/wp\/v2\/media?parent=3839"}],"wp:term":[{"taxonomy":"product_brand","embeddable":true,"href":"https:\/\/vitaminaselsalvador.net\/index.php\/wp-json\/wp\/v2\/product_brand?post=3839"},{"taxonomy":"product_cat","embeddable":true,"href":"https:\/\/vitaminaselsalvador.net\/index.php\/wp-json\/wp\/v2\/product_cat?post=3839"},{"taxonomy":"product_tag","embeddable":true,"href":"https:\/\/vitaminaselsalvador.net\/index.php\/wp-json\/wp\/v2\/product_tag?post=3839"}],"curies":[{"name":"wp","href":"https:\/\/api.w.org\/{rel}","templated":true}]}}

<p><strong><span style="color: #000000;">INDICACIONES:</span></strong><br />
<span style="color: #000000;">Indicado para las molestias del resfriado, dolor y fiebre. Crisis de jaqueca.</span></p>
<p><strong><span style="color: #000000;">DÓSIS Y VÍA DE ADMINISTRACIÓN:</span></strong><br />
<span style="color: #000000;">Salvo otra prescripción indicada por el médico, MIGRÉTIL se tomará de la siguiente manera:</span></p>
<p><span style="color: #000000;">Adultos: Dos comprimidos a la vez, durante el aura o el inicio de la jaqueca. Si resulta necesario, administrar 1 comprimido después de media hora, y otro comprimido tras otra media hora si los síntomas persisten.</span></p>
<p><span style="color: #000000;">Adolescentes: Un comprimido durante el aura o el inicio de la jaqueca. Si resulta necesario, administrar 1 comprimido después de media hora. No está indicado para niños menores de 12 años. Los comprimidos se tomarán lo más precozmente posible, tras los primeros síntomas de crisis de jaqueca. No ingerir más de 6 comprimidos al día o más de 10 o 12 comprimidos por semana. Los comprimidos se tomarán enteros con un poco de agua.</span></p>
