{"id":3824,"date":"2022-11-02T21:19:26","date_gmt":"2022-11-03T03:19:26","guid":{"rendered":"https:\/\/vitaminaselsalvador.net\/?post_type=product&#038;p=3824"},"modified":"2025-07-08T10:59:39","modified_gmt":"2025-07-08T16:59:39","slug":"celedexa-50-tabletas","status":"publish","type":"product","link":"https:\/\/vitaminaselsalvador.net\/index.php\/product\/celedexa-50-tabletas\/","title":{"rendered":"CELEDEXA 50 Tabletas"},"content":{"rendered":"<p><strong><span style=\"color: #000000;\">CONTRA-INDICACIONES:<\/span><\/strong><br \/>\n<span style=\"color: #000000;\">en pacientes que padezcan enfermedad isqu\u00e9mica card\u00edaca,ulceraci\u00f3n p\u00e9ptica activa o hemorragia gastrointestinal; en el embarazo, el riesgo potencial en humanos durante el embarazo es desconocido, pero no puede excluirse; enfermedad inflamatoria intesHipersensibilidad a cualquiera de los componentes de la f\u00f3rmula. Tambi\u00e9n en infecciones como tuberculosis y hongos.<\/span><\/p>\n<p><span style=\"color: #000000;\">Dexclorfeniramina 2.00MG<\/span><br \/>\n<span style=\"color: #000000;\">Betametasona 0.25MG<\/span><\/p>\n","protected":false},"excerpt":{"rendered":"<p><strong><span style=\"color: #000000;\">INDICACIONES:<\/span><\/strong><br \/>\n<span style=\"color: #000000;\">Celedexa tableta, combina los efectos antiinflamatorios y antial\u00e9rgicos de betametasona y maleato de dexclorfeniramina. Se recomienda para el tratamiento de trastornos al\u00e9rgicos e inflamatorios de las v\u00edas respiratorias, de la piel y de los ojos comorinitis al\u00e9rgica estacional o perenne, asma bronquial, dermatitis at\u00f3pica y de contacto.<\/span><\/p>\n","protected":false},"featured_media":3854,"comment_status":"closed","ping_status":"closed","template":"","meta":{"_kad_post_transparent":"","_kad_post_title":"","_kad_post_layout":"","_kad_post_sidebar_id":"","_kad_post_content_style":"","_kad_post_vertical_padding":"","_kad_post_feature":"","_kad_post_feature_position":"","_kad_post_header":false,"_kad_post_footer":false},"product_brand":[],"product_cat":[443],"product_tag":[1544,1545,708,1938,917,1939,1172],"class_list":{"0":"post-3824","1":"product","2":"type-product","3":"status-publish","4":"has-post-thumbnail","6":"product_cat-laboratorios-medikem","7":"product_tag-alergia","8":"product_tag-antialergico","9":"product_tag-antiinflamatorio","10":"product_tag-betametasona","11":"product_tag-inflamacion","12":"product_tag-maleato-de-dexclorfeniramina","13":"product_tag-vias-respiratorias","15":"first","16":"instock","17":"shipping-taxable","18":"purchasable","19":"product-type-simple","20":"entry","21":"content-bg","22":"loop-entry"},"_links":{"self":[{"href":"https:\/\/vitaminaselsalvador.net\/index.php\/wp-json\/wp\/v2\/product\/3824","targetHints":{"allow":["GET"]}}],"collection":[{"href":"https:\/\/vitaminaselsalvador.net\/index.php\/wp-json\/wp\/v2\/product"}],"about":[{"href":"https:\/\/vitaminaselsalvador.net\/index.php\/wp-json\/wp\/v2\/types\/product"}],"replies":[{"embeddable":true,"href":"https:\/\/vitaminaselsalvador.net\/index.php\/wp-json\/wp\/v2\/comments?post=3824"}],"wp:featuredmedia":[{"embeddable":true,"href":"https:\/\/vitaminaselsalvador.net\/index.php\/wp-json\/wp\/v2\/media\/3854"}],"wp:attachment":[{"href":"https:\/\/vitaminaselsalvador.net\/index.php\/wp-json\/wp\/v2\/media?parent=3824"}],"wp:term":[{"taxonomy":"product_brand","embeddable":true,"href":"https:\/\/vitaminaselsalvador.net\/index.php\/wp-json\/wp\/v2\/product_brand?post=3824"},{"taxonomy":"product_cat","embeddable":true,"href":"https:\/\/vitaminaselsalvador.net\/index.php\/wp-json\/wp\/v2\/product_cat?post=3824"},{"taxonomy":"product_tag","embeddable":true,"href":"https:\/\/vitaminaselsalvador.net\/index.php\/wp-json\/wp\/v2\/product_tag?post=3824"}],"curies":[{"name":"wp","href":"https:\/\/api.w.org\/{rel}","templated":true}]}}