{"id":3794,"date":"2022-11-02T21:19:02","date_gmt":"2022-11-03T03:19:02","guid":{"rendered":"https:\/\/vitaminaselsalvador.net\/?post_type=product&#038;p=3794"},"modified":"2025-07-08T10:59:37","modified_gmt":"2025-07-08T16:59:37","slug":"ana-dent-100-tabletas","status":"publish","type":"product","link":"https:\/\/vitaminaselsalvador.net\/index.php\/product\/ana-dent-100-tabletas\/","title":{"rendered":"ANA-DENT 100 Tabletas"},"content":{"rendered":"<p><strong><span style=\"color: #000000;\">CONTRA-INDICACIONES:<\/span><\/strong><br \/>\n<span style=\"color: #000000;\">Hipersensibilidad a cualquiera de sus componentes. Embarazo y lactancia materna. Insuficiencia hep\u00e1tica y\/o renal.<\/span><\/p>\n<p><span style=\"color: #000000;\">Diclofenaco 25.00MG<\/span><br \/>\n<span style=\"color: #000000;\">Acetaminofen 500.00MG<\/span><\/p>\n","protected":false},"excerpt":{"rendered":"<p><strong><span style=\"color: #000000;\">INDICACIONES:<\/span><\/strong><br \/>\n<span style=\"color: #000000;\">Odontalgias, gingivitis, periodontitis, dolores fuertes de muelas y dientes. En toda afecci\u00f3n que se acompa\u00f1e de dolor, inflamaci\u00f3n y fiebre.<\/span><\/p>\n","protected":false},"featured_media":3847,"comment_status":"closed","ping_status":"closed","template":"","meta":{"_kad_post_transparent":"","_kad_post_title":"","_kad_post_layout":"","_kad_post_sidebar_id":"","_kad_post_content_style":"","_kad_post_vertical_padding":"","_kad_post_feature":"","_kad_post_feature_position":"","_kad_post_header":false,"_kad_post_footer":false},"product_brand":[],"product_cat":[1896,1528,1897],"product_tag":[1215,1278,270,611,221,1898,917,469,1899],"class_list":{"0":"post-3794","1":"product","2":"type-product","3":"status-publish","4":"has-post-thumbnail","6":"product_cat-gingivitis","7":"product_cat-laboratorios-teramed","8":"product_cat-perionditis","9":"product_tag-dolor","10":"product_tag-dolor-de-dientes","11":"product_tag-dolor-de-muelas","12":"product_tag-dolores-fuertes","13":"product_tag-fiebre","14":"product_tag-gingivitis","15":"product_tag-inflamacion","16":"product_tag-odontalgias","17":"product_tag-perionditis","19":"first","20":"instock","21":"shipping-taxable","22":"purchasable","23":"product-type-simple","24":"entry","25":"content-bg","26":"loop-entry"},"_links":{"self":[{"href":"https:\/\/vitaminaselsalvador.net\/index.php\/wp-json\/wp\/v2\/product\/3794","targetHints":{"allow":["GET"]}}],"collection":[{"href":"https:\/\/vitaminaselsalvador.net\/index.php\/wp-json\/wp\/v2\/product"}],"about":[{"href":"https:\/\/vitaminaselsalvador.net\/index.php\/wp-json\/wp\/v2\/types\/product"}],"replies":[{"embeddable":true,"href":"https:\/\/vitaminaselsalvador.net\/index.php\/wp-json\/wp\/v2\/comments?post=3794"}],"wp:featuredmedia":[{"embeddable":true,"href":"https:\/\/vitaminaselsalvador.net\/index.php\/wp-json\/wp\/v2\/media\/3847"}],"wp:attachment":[{"href":"https:\/\/vitaminaselsalvador.net\/index.php\/wp-json\/wp\/v2\/media?parent=3794"}],"wp:term":[{"taxonomy":"product_brand","embeddable":true,"href":"https:\/\/vitaminaselsalvador.net\/index.php\/wp-json\/wp\/v2\/product_brand?post=3794"},{"taxonomy":"product_cat","embeddable":true,"href":"https:\/\/vitaminaselsalvador.net\/index.php\/wp-json\/wp\/v2\/product_cat?post=3794"},{"taxonomy":"product_tag","embeddable":true,"href":"https:\/\/vitaminaselsalvador.net\/index.php\/wp-json\/wp\/v2\/product_tag?post=3794"}],"curies":[{"name":"wp","href":"https:\/\/api.w.org\/{rel}","templated":true}]}}

<p><strong><span style="color: #000000;">CONTRA-INDICACIONES:</span></strong><br />
<span style="color: #000000;">Hipersensibilidad a cualquiera de sus componentes. Embarazo y lactancia materna. Insuficiencia hepática y/o renal.</span></p>
<p><span style="color: #000000;">Diclofenaco 25.00MG</span><br />
<span style="color: #000000;">Acetaminofen 500.00MG</span></p>

<p><strong><span style="color: #000000;">INDICACIONES:</span></strong><br />
<span style="color: #000000;">Odontalgias, gingivitis, periodontitis, dolores fuertes de muelas y dientes. En toda afección que se acompañe de dolor, inflamación y fiebre.</span></p>
