{"id":3791,"date":"2022-11-02T21:19:01","date_gmt":"2022-11-03T03:19:01","guid":{"rendered":"https:\/\/vitaminaselsalvador.net\/?post_type=product&#038;p=3791"},"modified":"2025-07-08T10:59:37","modified_gmt":"2025-07-08T16:59:37","slug":"mimetix-10mg-60-comprimidos","status":"publish","type":"product","link":"https:\/\/vitaminaselsalvador.net\/index.php\/product\/mimetix-10mg-60-comprimidos\/","title":{"rendered":"MIMETIX 10MG 60 Comprimidos"},"content":{"rendered":"<p><strong><span style=\"color: #000000;\">PRECAUCIONES Y ADVERTENCIAS:<\/span><\/strong><br \/>\n<span style=\"color: #000000;\">&#8211; Reacciones al\u00e9rgicas al efectuar un tratamiento con memantina o con cualquier otra sustancia (alimentos, colorantes, preservantes, etc.) u otros medicamentos.<\/span><\/p>\n<p><span style=\"color: #000000;\">&#8211; Embarazo: No se sabe si este medicamento puede producir da\u00f1o al feto, por lo tanto, no se recomienda su uso durante el embarazo sin antes consultar al m\u00e9dico.<\/span><\/p>\n<p><span style=\"color: #000000;\">&#8211; Lactancia: No se sabe si este medicamento se excreta en la leche materna, por lo tanto, no se recomienda su uso durante la lactancia sin antes consultar al m\u00e9dico.<\/span><\/p>\n<p><span style=\"color: #000000;\">&#8211; Condiciones previas tales como: enfermedad renal, epilepsia o presencia de convulsiones, enfermedades del tracto urinario, problemas card\u00edacos (antecedentes de ataques card\u00edacos, insuficiencia card\u00edaca congestiva, hipertensi\u00f3n descontrolada).<\/span><\/p>\n<p><span style=\"color: #000000;\">&#8211; Alteraci\u00f3n de la funci\u00f3n renal: Es probable que se deba ajustar la dosis de este medicamento, de acuerdo a las instrucciones del m\u00e9dico.<\/span><\/p>\n<p><span style=\"color: #000000;\">&#8211; Debido a la somnolencia y mareos que puede provocar este medicamento, aseg\u00farese de saber como reacciona despu\u00e9s de su administraci\u00f3n, especialmente si debe conducir veh\u00edculos, operar maquinarias o realizar cualquier actividad peligrosa.<\/span><\/p>\n<p><span style=\"color: #000000;\">Memantina 10.00MG<\/span><\/p>\n","protected":false},"excerpt":{"rendered":"<p><strong><span style=\"color: #000000;\">INDICACIONES:<\/span><\/strong><br \/>\n<span style=\"color: #000000;\">Demencia degenerativa tipo alzheimer. Caracterizado por trastornos de la concentraci\u00f3n y memoria, p\u00e9rdida de inter\u00e9s e iniciativa, cansancio precoz, autosuficiencia limitada, trastornos de la motricidad en las actividades diarias y estado de \u00e1nimo depresivo<\/span><\/p>\n<p><strong><span style=\"color: #000000;\">CONTRA-INDICACIONES:<\/span><\/strong><br \/>\n<span style=\"color: #000000;\">Antecedentes de hipersensibilidad a Memantina o a cualquier componente de la formulaci\u00f3n.<\/span><\/p>\n","protected":false},"featured_media":3844,"comment_status":"closed","ping_status":"closed","template":"","meta":{"_kad_post_transparent":"","_kad_post_title":"","_kad_post_layout":"","_kad_post_sidebar_id":"","_kad_post_content_style":"","_kad_post_vertical_padding":"","_kad_post_feature":"","_kad_post_feature_position":"","_kad_post_header":false,"_kad_post_footer":false},"product_brand":[],"product_cat":[1876,1877,1878],"product_tag":[1879,1880,1881,1882,1883,1884,1885],"class_list":{"0":"post-3791","1":"product","2":"type-product","3":"status-publish","4":"has-post-thumbnail","6":"product_cat-alzheimer","7":"product_cat-demencia","8":"product_cat-laboratorios-recalcine","9":"product_tag-alzheimer","10":"product_tag-cansancio-precoz","11":"product_tag-concentracion","12":"product_tag-demencia","13":"product_tag-memoria","14":"product_tag-motricidad","15":"product_tag-perdida-de-interes","17":"first","18":"instock","19":"shipping-taxable","20":"purchasable","21":"product-type-simple","22":"entry","23":"content-bg","24":"loop-entry"},"_links":{"self":[{"href":"https:\/\/vitaminaselsalvador.net\/index.php\/wp-json\/wp\/v2\/product\/3791","targetHints":{"allow":["GET"]}}],"collection":[{"href":"https:\/\/vitaminaselsalvador.net\/index.php\/wp-json\/wp\/v2\/product"}],"about":[{"href":"https:\/\/vitaminaselsalvador.net\/index.php\/wp-json\/wp\/v2\/types\/product"}],"replies":[{"embeddable":true,"href":"https:\/\/vitaminaselsalvador.net\/index.php\/wp-json\/wp\/v2\/comments?post=3791"}],"wp:featuredmedia":[{"embeddable":true,"href":"https:\/\/vitaminaselsalvador.net\/index.php\/wp-json\/wp\/v2\/media\/3844"}],"wp:attachment":[{"href":"https:\/\/vitaminaselsalvador.net\/index.php\/wp-json\/wp\/v2\/media?parent=3791"}],"wp:term":[{"taxonomy":"product_brand","embeddable":true,"href":"https:\/\/vitaminaselsalvador.net\/index.php\/wp-json\/wp\/v2\/product_brand?post=3791"},{"taxonomy":"product_cat","embeddable":true,"href":"https:\/\/vitaminaselsalvador.net\/index.php\/wp-json\/wp\/v2\/product_cat?post=3791"},{"taxonomy":"product_tag","embeddable":true,"href":"https:\/\/vitaminaselsalvador.net\/index.php\/wp-json\/wp\/v2\/product_tag?post=3791"}],"curies":[{"name":"wp","href":"https:\/\/api.w.org\/{rel}","templated":true}]}}

<p><strong><span style="color: #000000;">PRECAUCIONES Y ADVERTENCIAS:</span></strong><br />
<span style="color: #000000;">&#8211; Reacciones alérgicas al efectuar un tratamiento con memantina o con cualquier otra sustancia (alimentos, colorantes, preservantes, etc.) u otros medicamentos.</span></p>
<p><span style="color: #000000;">&#8211; Embarazo: No se sabe si este medicamento puede producir daño al feto, por lo tanto, no se recomienda su uso durante el embarazo sin antes consultar al médico.</span></p>
<p><span style="color: #000000;">&#8211; Lactancia: No se sabe si este medicamento se excreta en la leche materna, por lo tanto, no se recomienda su uso durante la lactancia sin antes consultar al médico.</span></p>
<p><span style="color: #000000;">&#8211; Condiciones previas tales como: enfermedad renal, epilepsia o presencia de convulsiones, enfermedades del tracto urinario, problemas cardíacos (antecedentes de ataques cardíacos, insuficiencia cardíaca congestiva, hipertensión descontrolada).</span></p>
<p><span style="color: #000000;">&#8211; Alteración de la función renal: Es probable que se deba ajustar la dosis de este medicamento, de acuerdo a las instrucciones del médico.</span></p>
<p><span style="color: #000000;">&#8211; Debido a la somnolencia y mareos que puede provocar este medicamento, asegúrese de saber como reacciona después de su administración, especialmente si debe conducir vehículos, operar maquinarias o realizar cualquier actividad peligrosa.</span></p>
<p><span style="color: #000000;">Memantina 10.00MG</span></p>

<p><strong><span style="color: #000000;">INDICACIONES:</span></strong><br />
<span style="color: #000000;">Demencia degenerativa tipo alzheimer. Caracterizado por trastornos de la concentración y memoria, pérdida de interés e iniciativa, cansancio precoz, autosuficiencia limitada, trastornos de la motricidad en las actividades diarias y estado de ánimo depresivo</span></p>
<p><strong><span style="color: #000000;">CONTRA-INDICACIONES:</span></strong><br />
<span style="color: #000000;">Antecedentes de hipersensibilidad a Memantina o a cualquier componente de la formulación.</span></p>
