{"id":3780,"date":"2022-11-02T21:18:59","date_gmt":"2022-11-03T03:18:59","guid":{"rendered":"https:\/\/vitaminaselsalvador.net\/?post_type=product&#038;p=3780"},"modified":"2025-07-08T10:59:35","modified_gmt":"2025-07-08T16:59:35","slug":"aspirina-adulto-500mg-100-tabletas","status":"publish","type":"product","link":"https:\/\/vitaminaselsalvador.net\/index.php\/product\/aspirina-adulto-500mg-100-tabletas\/","title":{"rendered":"ASPIRINA ADULTO 500MG 100 Tabletas"},"content":{"rendered":"<p><strong><span style=\"color: #000000;\">CONTRA-INDICACIONES:<\/span><\/strong><br \/>\n<span style=\"color: #000000;\">El \u00e1cido acetilsalic\u00edlico no debe ser usado en los siguientes casos: hipersensibilidad al \u00e1cido acetilsalic\u00edlico o a otros salicilatos, o a cualquier otro componente del producto. Historial de asma inducido por la administraci\u00f3n de salicilatos o sustancias con acci\u00f3n similar, especialmente antiinflamatorios no esteroidales. Ulcera p\u00e9ptica activa. Di\u00e1tesis hemorr\u00e1gica. Falla renal severa. Falla hep\u00e1tica severa. Falla card\u00edaca severa. En combinaci\u00f3n con metotrexato en dosis de 15 mg\/semanal o m\u00e1s.Ultimos 3 meses de embarazo. Personas de edad avanzada<\/span><\/p>\n<p><span style=\"color: #000000;\">Acido Acetilsalicilico 500.00MG<\/span><\/p>\n","protected":false},"excerpt":{"rendered":"<p><strong><span style=\"color: #000000;\">INDICACIONES:<\/span><\/strong><br \/>\n<span style=\"color: #000000;\">Aspirina\u00ae es un producto para el alivio de los dolores ocasionales leves o moderados, como dolores de cabeza, musculares, de espalda, que interfieren en la vida cotidiana.<\/span><\/p>\n","protected":false},"featured_media":3810,"comment_status":"closed","ping_status":"closed","template":"","meta":{"_kad_post_transparent":"","_kad_post_title":"","_kad_post_layout":"","_kad_post_sidebar_id":"","_kad_post_content_style":"","_kad_post_vertical_padding":"","_kad_post_feature":"","_kad_post_feature_position":"","_kad_post_header":false,"_kad_post_footer":false},"product_brand":[],"product_cat":[1824,1825],"product_tag":[1826,1194,1215,161,503,1827,1415,1416,1302,1828],"class_list":{"0":"post-3780","1":"product","2":"type-product","3":"status-publish","4":"has-post-thumbnail","6":"product_cat-dolor-de-espalda","7":"product_cat-dolor-muscular","8":"product_tag-acido-acetilsalicilico","9":"product_tag-alivio","10":"product_tag-dolor","11":"product_tag-dolor-de-cabeza","12":"product_tag-dolor-de-espalda","13":"product_tag-dolor-fisico","14":"product_tag-dolor-leve","15":"product_tag-dolor-moderado","16":"product_tag-dolor-muscular","17":"product_tag-dolores-ocasionales","19":"first","20":"instock","21":"shipping-taxable","22":"purchasable","23":"product-type-simple","24":"entry","25":"content-bg","26":"loop-entry"},"_links":{"self":[{"href":"https:\/\/vitaminaselsalvador.net\/index.php\/wp-json\/wp\/v2\/product\/3780","targetHints":{"allow":["GET"]}}],"collection":[{"href":"https:\/\/vitaminaselsalvador.net\/index.php\/wp-json\/wp\/v2\/product"}],"about":[{"href":"https:\/\/vitaminaselsalvador.net\/index.php\/wp-json\/wp\/v2\/types\/product"}],"replies":[{"embeddable":true,"href":"https:\/\/vitaminaselsalvador.net\/index.php\/wp-json\/wp\/v2\/comments?post=3780"}],"wp:featuredmedia":[{"embeddable":true,"href":"https:\/\/vitaminaselsalvador.net\/index.php\/wp-json\/wp\/v2\/media\/3810"}],"wp:attachment":[{"href":"https:\/\/vitaminaselsalvador.net\/index.php\/wp-json\/wp\/v2\/media?parent=3780"}],"wp:term":[{"taxonomy":"product_brand","embeddable":true,"href":"https:\/\/vitaminaselsalvador.net\/index.php\/wp-json\/wp\/v2\/product_brand?post=3780"},{"taxonomy":"product_cat","embeddable":true,"href":"https:\/\/vitaminaselsalvador.net\/index.php\/wp-json\/wp\/v2\/product_cat?post=3780"},{"taxonomy":"product_tag","embeddable":true,"href":"https:\/\/vitaminaselsalvador.net\/index.php\/wp-json\/wp\/v2\/product_tag?post=3780"}],"curies":[{"name":"wp","href":"https:\/\/api.w.org\/{rel}","templated":true}]}}