{"id":3778,"date":"2022-11-02T21:18:59","date_gmt":"2022-11-03T03:18:59","guid":{"rendered":"https:\/\/vitaminaselsalvador.net\/?post_type=product&#038;p=3778"},"modified":"2025-07-08T10:59:35","modified_gmt":"2025-07-08T16:59:35","slug":"minot-100mg-10-comprimidos","status":"publish","type":"product","link":"https:\/\/vitaminaselsalvador.net\/index.php\/product\/minot-100mg-10-comprimidos\/","title":{"rendered":"MINOT 100MG 10 Comprimidos"},"content":{"rendered":"<p><strong><span style=\"color: #000000;\">CONTRA-INDICACIONES:<\/span><\/strong><br \/>\n<span style=\"color: #000000;\">Hipersensibilidad a la tetraxiclina transtornos hep\u00e1ticos y renales, durante el per\u00edodo de formaci\u00f3n dentario (\u00faltimo trimestre de embarazo, per\u00edodo neonatal, primera infancia)<\/span><\/p>\n<p><strong><span style=\"color: #000000;\">ADVERTENCIAS:<\/span><\/strong><br \/>\n<span style=\"color: #000000;\">Para uso oral solamente. Mantener fuera del alcance de los ni\u00f1os. Durante el tratamiento debe evitarse la exposici\u00f3n al sol o usar protector solar. No usar en ni\u00f1os menores de (8) ocho a\u00f1os y mujeres gestantes.<\/span><\/p>\n","protected":false},"excerpt":{"rendered":"<p><strong><span style=\"color: #000000;\">INDICACIONES:<\/span><\/strong><br \/>\n<span style=\"color: #000000;\">Acn\u00e9 vulgar rosacea acn\u00e9 inflamatorio infecciones de tejidos blandos dermatitis perioral.<\/span><\/p>\n<p><strong><span style=\"color: #000000;\">F\u00d3RMULA:<\/span><\/strong><br \/>\n<span style=\"color: #000000;\">Cada c\u00e1psula contiene: <\/span><br \/>\n<span style=\"color: #000000;\">Minociclina clorhidrato 120 mg equivalente a 100 mg de Minociclina base<\/span><br \/>\n<span style=\"color: #000000;\">Excipientes: c.s.<\/span><\/p>\n","protected":false},"featured_media":3808,"comment_status":"closed","ping_status":"closed","template":"","meta":{"_kad_post_transparent":"","_kad_post_title":"","_kad_post_layout":"","_kad_post_sidebar_id":"","_kad_post_content_style":"","_kad_post_vertical_padding":"","_kad_post_feature":"","_kad_post_feature_position":"","_kad_post_header":false,"_kad_post_footer":false},"product_brand":[],"product_cat":[1809,1810],"product_tag":[319,1811,1812,1813,284,1814],"class_list":{"0":"post-3778","1":"product","2":"type-product","3":"status-publish","4":"has-post-thumbnail","6":"product_cat-acne","7":"product_cat-inflamatorio","8":"product_tag-acne","9":"product_tag-dermatitis-perioral","10":"product_tag-infecciones","11":"product_tag-inflamatorio","12":"product_tag-piel","13":"product_tag-tejidos-blandos","15":"first","16":"instock","17":"shipping-taxable","18":"purchasable","19":"product-type-simple","20":"entry","21":"content-bg","22":"loop-entry"},"_links":{"self":[{"href":"https:\/\/vitaminaselsalvador.net\/index.php\/wp-json\/wp\/v2\/product\/3778","targetHints":{"allow":["GET"]}}],"collection":[{"href":"https:\/\/vitaminaselsalvador.net\/index.php\/wp-json\/wp\/v2\/product"}],"about":[{"href":"https:\/\/vitaminaselsalvador.net\/index.php\/wp-json\/wp\/v2\/types\/product"}],"replies":[{"embeddable":true,"href":"https:\/\/vitaminaselsalvador.net\/index.php\/wp-json\/wp\/v2\/comments?post=3778"}],"wp:featuredmedia":[{"embeddable":true,"href":"https:\/\/vitaminaselsalvador.net\/index.php\/wp-json\/wp\/v2\/media\/3808"}],"wp:attachment":[{"href":"https:\/\/vitaminaselsalvador.net\/index.php\/wp-json\/wp\/v2\/media?parent=3778"}],"wp:term":[{"taxonomy":"product_brand","embeddable":true,"href":"https:\/\/vitaminaselsalvador.net\/index.php\/wp-json\/wp\/v2\/product_brand?post=3778"},{"taxonomy":"product_cat","embeddable":true,"href":"https:\/\/vitaminaselsalvador.net\/index.php\/wp-json\/wp\/v2\/product_cat?post=3778"},{"taxonomy":"product_tag","embeddable":true,"href":"https:\/\/vitaminaselsalvador.net\/index.php\/wp-json\/wp\/v2\/product_tag?post=3778"}],"curies":[{"name":"wp","href":"https:\/\/api.w.org\/{rel}","templated":true}]}}

<p><strong><span style="color: #000000;">CONTRA-INDICACIONES:</span></strong><br />
<span style="color: #000000;">Hipersensibilidad a la tetraxiclina transtornos hepáticos y renales, durante el período de formación dentario (último trimestre de embarazo, período neonatal, primera infancia)</span></p>
<p><strong><span style="color: #000000;">ADVERTENCIAS:</span></strong><br />
<span style="color: #000000;">Para uso oral solamente. Mantener fuera del alcance de los niños. Durante el tratamiento debe evitarse la exposición al sol o usar protector solar. No usar en niños menores de (8) ocho años y mujeres gestantes.</span></p>

<p><strong><span style="color: #000000;">INDICACIONES:</span></strong><br />
<span style="color: #000000;">Acné vulgar rosacea acné inflamatorio infecciones de tejidos blandos dermatitis perioral.</span></p>
<p><strong><span style="color: #000000;">FÓRMULA:</span></strong><br />
<span style="color: #000000;">Cada cápsula contiene: </span><br />
<span style="color: #000000;">Minociclina clorhidrato 120 mg equivalente a 100 mg de Minociclina base</span><br />
<span style="color: #000000;">Excipientes: c.s.</span></p>
