{"id":3736,"date":"2022-11-02T21:18:34","date_gmt":"2022-11-03T03:18:34","guid":{"rendered":"https:\/\/vitaminaselsalvador.net\/?post_type=product&#038;p=3736"},"modified":"2025-07-08T10:59:31","modified_gmt":"2025-07-08T16:59:31","slug":"canespor-una-crema-2-pack","status":"publish","type":"product","link":"https:\/\/vitaminaselsalvador.net\/index.php\/product\/canespor-una-crema-2-pack\/","title":{"rendered":"CANESPOR U\u00d1A CREMA 2 PACK"},"content":{"rendered":"<p><strong><span style=\"color: #000000;\">CONTRA-INDICACIONES:<\/span><\/strong><br \/>\n<span style=\"color: #000000;\">No usar en caso de hipersensibilidad al bifonazol o de alguno de los componentes de la formula. Si se presentaran reaciones secundarias suspenda el uso y consulte a su medico si presenta sintomas como dermatitis de contacto, eccema, prurito, rash, piel seca, trastornos cutaneos, dolor o hinchazon en el lugar aolicado. Consulte a su medico si esta embarazada o en periodo de lactancia<\/span><\/p>\n<p><span style=\"color: #000000;\">Bifonazol 1.00GR<\/span><\/p>\n","protected":false},"excerpt":{"rendered":"<p><strong><span style=\"color: #000000;\">INDICACIONES:<\/span><\/strong><br \/>\n<span style=\"color: #000000;\">Micosis de los pies y de las manos provocadas por dermatofitos, levaduras, hongos y otros agentes micoticos como malassezia con queratoliticos de la u\u00f1a infectada. Micosis del cuerpo(ti\u00f1o corporal), micosis de los pliegues cutaneos(ti\u00f1a inguinal), pitiriasis versicolor, candidiasis superficiales y eritrasma.<\/span><\/p>\n","protected":false},"featured_media":3766,"comment_status":"closed","ping_status":"closed","template":"","meta":{"_kad_post_transparent":"","_kad_post_title":"","_kad_post_layout":"","_kad_post_sidebar_id":"","_kad_post_content_style":"","_kad_post_vertical_padding":"","_kad_post_feature":"","_kad_post_feature_position":"","_kad_post_header":false,"_kad_post_footer":false},"product_brand":[],"product_cat":[227,1482,1720,1483],"product_tag":[1721,1489,1722,1229,1723,1491],"class_list":{"0":"post-3736","1":"product","2":"type-product","3":"status-publish","4":"has-post-thumbnail","6":"product_cat-laboratorios-bayer","7":"product_cat-manos","8":"product_cat-micosis","9":"product_cat-pies","10":"product_tag-dermatofitos","11":"product_tag-hongos","12":"product_tag-levaduras","13":"product_tag-manos","14":"product_tag-micosis","15":"product_tag-pies","17":"first","18":"instock","19":"shipping-taxable","20":"purchasable","21":"product-type-simple","22":"entry","23":"content-bg","24":"loop-entry"},"_links":{"self":[{"href":"https:\/\/vitaminaselsalvador.net\/index.php\/wp-json\/wp\/v2\/product\/3736","targetHints":{"allow":["GET"]}}],"collection":[{"href":"https:\/\/vitaminaselsalvador.net\/index.php\/wp-json\/wp\/v2\/product"}],"about":[{"href":"https:\/\/vitaminaselsalvador.net\/index.php\/wp-json\/wp\/v2\/types\/product"}],"replies":[{"embeddable":true,"href":"https:\/\/vitaminaselsalvador.net\/index.php\/wp-json\/wp\/v2\/comments?post=3736"}],"wp:featuredmedia":[{"embeddable":true,"href":"https:\/\/vitaminaselsalvador.net\/index.php\/wp-json\/wp\/v2\/media\/3766"}],"wp:attachment":[{"href":"https:\/\/vitaminaselsalvador.net\/index.php\/wp-json\/wp\/v2\/media?parent=3736"}],"wp:term":[{"taxonomy":"product_brand","embeddable":true,"href":"https:\/\/vitaminaselsalvador.net\/index.php\/wp-json\/wp\/v2\/product_brand?post=3736"},{"taxonomy":"product_cat","embeddable":true,"href":"https:\/\/vitaminaselsalvador.net\/index.php\/wp-json\/wp\/v2\/product_cat?post=3736"},{"taxonomy":"product_tag","embeddable":true,"href":"https:\/\/vitaminaselsalvador.net\/index.php\/wp-json\/wp\/v2\/product_tag?post=3736"}],"curies":[{"name":"wp","href":"https:\/\/api.w.org\/{rel}","templated":true}]}}