{"id":3734,"date":"2022-11-02T21:18:33","date_gmt":"2022-11-03T03:18:33","guid":{"rendered":"https:\/\/vitaminaselsalvador.net\/?post_type=product&#038;p=3734"},"modified":"2025-07-08T10:59:31","modified_gmt":"2025-07-08T16:59:31","slug":"migrasil-forte-24-tabletas","status":"publish","type":"product","link":"https:\/\/vitaminaselsalvador.net\/index.php\/product\/migrasil-forte-24-tabletas\/","title":{"rendered":"MIGRASIL FORTE 24 Tabletas"},"content":{"rendered":"<p><strong><span style=\"color: #000000;\">CONTRA-INDICACIONES:<\/span><\/strong><br \/>\n<span style=\"color: #000000;\">Hipersensiilidad a cualquiera de los componentes de la formula.<\/span><\/p>\n<p><span style=\"color: #000000;\"><strong>COMPOSICI\u00d3N:<\/strong> <\/span><br \/>\n<span style=\"color: #000000;\">Cada tableta contiene:<\/span><\/p>\n<p><span style=\"color: #000000;\">Tartrato de ergotamina 1 mg.<\/span><br \/>\n<span style=\"color: #000000;\">Cafe\u00edna 100 mg.<\/span><br \/>\n<span style=\"color: #000000;\">Paracetamol 300 mg.<\/span><br \/>\n<span style=\"color: #000000;\">Excipientes c.s.<\/span><\/p>\n","protected":false},"excerpt":{"rendered":"<p><strong><span style=\"color: #000000;\">INDICACIONES:<\/span><\/strong><br \/>\n<span style=\"color: #000000;\">Tratamiento intenso en crisis de migra\u00f1a y cefaleas vasomotoras.<\/span><\/p>\n<p><strong><span style=\"color: #000000;\">DOSIS:<\/span><\/strong><br \/>\n<span style=\"color: #000000;\">Este producto es recomendado para personas mayores de 12 a\u00f1os. En adultos se recomienda tomar dos comprimidos en el momento de aparici\u00f3n de los primeros s\u00edntomas de la crisis. Si esta persiste puede administrarse un comprimido cada hora, sin sobrepasar los 6 comprimidos en un d\u00eda, ni 10 comprimidos en una semana.<\/span><\/p>\n","protected":false},"featured_media":3764,"comment_status":"closed","ping_status":"closed","template":"","meta":{"_kad_post_transparent":"","_kad_post_title":"","_kad_post_layout":"","_kad_post_sidebar_id":"","_kad_post_content_style":"","_kad_post_vertical_padding":"","_kad_post_feature":"","_kad_post_feature_position":"","_kad_post_header":false,"_kad_post_footer":false},"product_brand":[],"product_cat":[1662,424,1716],"product_tag":[1207,1717,1718,161,365,1447],"class_list":{"0":"post-3734","1":"product","2":"type-product","3":"status-publish","4":"has-post-thumbnail","6":"product_cat-cefalea","7":"product_cat-laboratorios-suizos","8":"product_cat-migrana","9":"product_tag-analgesico","10":"product_tag-antimigrana","11":"product_tag-cefalea-vasomotora","12":"product_tag-dolor-de-cabeza","13":"product_tag-migrana","14":"product_tag-vasos-sanguineos","16":"first","17":"instock","18":"shipping-taxable","19":"purchasable","20":"product-type-simple","21":"entry","22":"content-bg","23":"loop-entry"},"_links":{"self":[{"href":"https:\/\/vitaminaselsalvador.net\/index.php\/wp-json\/wp\/v2\/product\/3734","targetHints":{"allow":["GET"]}}],"collection":[{"href":"https:\/\/vitaminaselsalvador.net\/index.php\/wp-json\/wp\/v2\/product"}],"about":[{"href":"https:\/\/vitaminaselsalvador.net\/index.php\/wp-json\/wp\/v2\/types\/product"}],"replies":[{"embeddable":true,"href":"https:\/\/vitaminaselsalvador.net\/index.php\/wp-json\/wp\/v2\/comments?post=3734"}],"wp:featuredmedia":[{"embeddable":true,"href":"https:\/\/vitaminaselsalvador.net\/index.php\/wp-json\/wp\/v2\/media\/3764"}],"wp:attachment":[{"href":"https:\/\/vitaminaselsalvador.net\/index.php\/wp-json\/wp\/v2\/media?parent=3734"}],"wp:term":[{"taxonomy":"product_brand","embeddable":true,"href":"https:\/\/vitaminaselsalvador.net\/index.php\/wp-json\/wp\/v2\/product_brand?post=3734"},{"taxonomy":"product_cat","embeddable":true,"href":"https:\/\/vitaminaselsalvador.net\/index.php\/wp-json\/wp\/v2\/product_cat?post=3734"},{"taxonomy":"product_tag","embeddable":true,"href":"https:\/\/vitaminaselsalvador.net\/index.php\/wp-json\/wp\/v2\/product_tag?post=3734"}],"curies":[{"name":"wp","href":"https:\/\/api.w.org\/{rel}","templated":true}]}}