{"id":3730,"date":"2022-11-02T21:18:33","date_gmt":"2022-11-03T03:18:33","guid":{"rendered":"https:\/\/vitaminaselsalvador.net\/?post_type=product&#038;p=3730"},"modified":"2025-07-08T10:59:29","modified_gmt":"2025-07-08T16:59:29","slug":"fosvigor-30-tabletas","status":"publish","type":"product","link":"https:\/\/vitaminaselsalvador.net\/index.php\/product\/fosvigor-30-tabletas\/","title":{"rendered":"FOSVIGOR 30 Tabletas"},"content":{"rendered":"<p><strong><span style=\"color: #000000;\">CONTRA-INDICACIONES:<\/span><\/strong><br \/>\n<span style=\"color: #000000;\">Hipersensibilidad al componente de la formula.<\/span><\/p>\n<p><span style=\"color: #000000;\">Acido glutamico 100.00MG<\/span><\/p>\n","protected":false},"excerpt":{"rendered":"<p><strong><span style=\"color: #000000;\">INDICACIONES:<\/span><\/strong><br \/>\n<span style=\"color: #000000;\">Indicado fundamentalmente en fatiga mental, disminuci\u00f3n de la capacidad intelectual, perdida de la memoria y dificultad de la atenci\u00f3n<\/span><\/p>\n<p><span style=\"color: #000000;\">Fosvigor tabletas recubiertas act\u00faa ante los estados carenciales de las vitaminas B1, B6, B12, calcio y \u00e1cido glut\u00e1mico debido al incremento de las necesidades reducci\u00f3n del consumo o reducci\u00f3n de la absorci\u00f3n- que podr\u00eda manifestarse en estados de convalecencia o dietas insuficientes.<\/span><\/p>\n","protected":false},"featured_media":3760,"comment_status":"closed","ping_status":"closed","template":"","meta":{"_kad_post_transparent":"","_kad_post_title":"","_kad_post_layout":"","_kad_post_sidebar_id":"","_kad_post_content_style":"","_kad_post_vertical_padding":"","_kad_post_feature":"","_kad_post_feature_position":"","_kad_post_header":false,"_kad_post_footer":false},"product_brand":[],"product_cat":[1694,1695,1696,1697],"product_tag":[169,171,1698,1699,150,760,440,179,441],"class_list":{"0":"post-3730","1":"product","2":"type-product","3":"status-publish","4":"has-post-thumbnail","6":"product_cat-capacidad-intelectual","7":"product_cat-fatiga-mental","8":"product_cat-laboratorios-fardel","9":"product_cat-perdida-de-la-memoria","10":"product_tag-acido-glutamico","11":"product_tag-calcio","12":"product_tag-capacidad-intelectual","13":"product_tag-dificultad-de-la-atencion","14":"product_tag-fatiga-mental","15":"product_tag-perdida-de-la-memoria","16":"product_tag-vitamina-b1","17":"product_tag-vitamina-b12","18":"product_tag-vitamina-b6","20":"first","21":"instock","22":"shipping-taxable","23":"purchasable","24":"product-type-simple","25":"entry","26":"content-bg","27":"loop-entry"},"_links":{"self":[{"href":"https:\/\/vitaminaselsalvador.net\/index.php\/wp-json\/wp\/v2\/product\/3730","targetHints":{"allow":["GET"]}}],"collection":[{"href":"https:\/\/vitaminaselsalvador.net\/index.php\/wp-json\/wp\/v2\/product"}],"about":[{"href":"https:\/\/vitaminaselsalvador.net\/index.php\/wp-json\/wp\/v2\/types\/product"}],"replies":[{"embeddable":true,"href":"https:\/\/vitaminaselsalvador.net\/index.php\/wp-json\/wp\/v2\/comments?post=3730"}],"wp:featuredmedia":[{"embeddable":true,"href":"https:\/\/vitaminaselsalvador.net\/index.php\/wp-json\/wp\/v2\/media\/3760"}],"wp:attachment":[{"href":"https:\/\/vitaminaselsalvador.net\/index.php\/wp-json\/wp\/v2\/media?parent=3730"}],"wp:term":[{"taxonomy":"product_brand","embeddable":true,"href":"https:\/\/vitaminaselsalvador.net\/index.php\/wp-json\/wp\/v2\/product_brand?post=3730"},{"taxonomy":"product_cat","embeddable":true,"href":"https:\/\/vitaminaselsalvador.net\/index.php\/wp-json\/wp\/v2\/product_cat?post=3730"},{"taxonomy":"product_tag","embeddable":true,"href":"https:\/\/vitaminaselsalvador.net\/index.php\/wp-json\/wp\/v2\/product_tag?post=3730"}],"curies":[{"name":"wp","href":"https:\/\/api.w.org\/{rel}","templated":true}]}}

<p><strong><span style="color: #000000;">INDICACIONES:</span></strong><br />
<span style="color: #000000;">Indicado fundamentalmente en fatiga mental, disminución de la capacidad intelectual, perdida de la memoria y dificultad de la atención</span></p>
<p><span style="color: #000000;">Fosvigor tabletas recubiertas actúa ante los estados carenciales de las vitaminas B1, B6, B12, calcio y ácido glutámico debido al incremento de las necesidades reducción del consumo o reducción de la absorción- que podría manifestarse en estados de convalecencia o dietas insuficientes.</span></p>
