{"id":3729,"date":"2022-11-02T21:18:33","date_gmt":"2022-11-03T03:18:33","guid":{"rendered":"https:\/\/vitaminaselsalvador.net\/?post_type=product&#038;p=3729"},"modified":"2025-07-08T10:59:29","modified_gmt":"2025-07-08T16:59:29","slug":"merislon-30-tabletas","status":"publish","type":"product","link":"https:\/\/vitaminaselsalvador.net\/index.php\/product\/merislon-30-tabletas\/","title":{"rendered":"MERISLON 30 Tabletas"},"content":{"rendered":"<p><strong><span style=\"color: #000000;\">CONTRA-INDICACIONES:<\/span><\/strong><br \/>\n<span style=\"color: #000000;\">Hipersensibilidad al componente de la formula. Precaucion en embarazo, ulcera peptica.<\/span><\/p>\n<p><span style=\"color: #000000;\">Es necesaria una dosificaci\u00f3n cuidadosa si el paciente tiene:<\/span><br \/>\n<span style=\"color: #000000;\">Historial de \u00falcera p\u00e9ptica o con ulcera p\u00e9ptica activa.<\/span><br \/>\n<span style=\"color: #000000;\">Asma bronquial.<\/span><br \/>\n<span style=\"color: #000000;\">Feocromocitoma.<\/span><br \/>\n<span style=\"color: #000000;\">Este medicamento contiene como excipiente: Almid\u00f3n, los enfermos celiacos deben consultar con su m\u00e9dico antes de utilizarlo.<\/span><br \/>\n<span style=\"color: #000000;\">Restricciones en el embarazo y la lactancia<\/span><\/p>\n<p><span style=\"color: #000000;\">Betahistinametilato 6.00MG<\/span><\/p>\n","protected":false},"excerpt":{"rendered":"<p><strong><span style=\"color: #000000;\">INDICACIONES:<\/span><\/strong><br \/>\n<span style=\"color: #000000;\">V\u00e9rtigo y desvanecimientos asociados con: enfermedad de meniere, s\u00edndrome de m\u00e9ni\u00e8re y v\u00e9rtigo perif\u00e9rico.<\/span><\/p>\n<p><span style=\"color: #000000;\">Merislon aumenta la corriente sangu\u00ednea en el o\u00eddo interno y, adem\u00e1s estimula la excreci\u00f3n y absorci\u00f3n del fluido del o\u00eddo interno.<\/span><br \/>\n<span style=\"color: #000000;\">Mejor\u00eda de la corriente sangu\u00ednea intracerebral.<\/span><\/p>\n","protected":false},"featured_media":3759,"comment_status":"closed","ping_status":"closed","template":"","meta":{"_kad_post_transparent":"","_kad_post_title":"","_kad_post_layout":"","_kad_post_sidebar_id":"","_kad_post_content_style":"","_kad_post_vertical_padding":"","_kad_post_feature":"","_kad_post_feature_position":"","_kad_post_header":false,"_kad_post_footer":false},"product_brand":[],"product_cat":[1686,1058,1687],"product_tag":[1688,1689,1690,1691,1692,1693],"class_list":{"0":"post-3729","1":"product","2":"type-product","3":"status-publish","4":"has-post-thumbnail","6":"product_cat-desvanecimientos","7":"product_cat-laboratorios-lancasco","8":"product_cat-vertigo","9":"product_tag-corriente-sanguinea","10":"product_tag-desvanecimientos","11":"product_tag-enfermedad-de-meniere","12":"product_tag-sindrome-de-meniere","13":"product_tag-vertigo","14":"product_tag-vertigo-periferico","16":"first","17":"instock","18":"shipping-taxable","19":"purchasable","20":"product-type-simple","21":"entry","22":"content-bg","23":"loop-entry"},"_links":{"self":[{"href":"https:\/\/vitaminaselsalvador.net\/index.php\/wp-json\/wp\/v2\/product\/3729","targetHints":{"allow":["GET"]}}],"collection":[{"href":"https:\/\/vitaminaselsalvador.net\/index.php\/wp-json\/wp\/v2\/product"}],"about":[{"href":"https:\/\/vitaminaselsalvador.net\/index.php\/wp-json\/wp\/v2\/types\/product"}],"replies":[{"embeddable":true,"href":"https:\/\/vitaminaselsalvador.net\/index.php\/wp-json\/wp\/v2\/comments?post=3729"}],"wp:featuredmedia":[{"embeddable":true,"href":"https:\/\/vitaminaselsalvador.net\/index.php\/wp-json\/wp\/v2\/media\/3759"}],"wp:attachment":[{"href":"https:\/\/vitaminaselsalvador.net\/index.php\/wp-json\/wp\/v2\/media?parent=3729"}],"wp:term":[{"taxonomy":"product_brand","embeddable":true,"href":"https:\/\/vitaminaselsalvador.net\/index.php\/wp-json\/wp\/v2\/product_brand?post=3729"},{"taxonomy":"product_cat","embeddable":true,"href":"https:\/\/vitaminaselsalvador.net\/index.php\/wp-json\/wp\/v2\/product_cat?post=3729"},{"taxonomy":"product_tag","embeddable":true,"href":"https:\/\/vitaminaselsalvador.net\/index.php\/wp-json\/wp\/v2\/product_tag?post=3729"}],"curies":[{"name":"wp","href":"https:\/\/api.w.org\/{rel}","templated":true}]}}

<p><strong><span style="color: #000000;">CONTRA-INDICACIONES:</span></strong><br />
<span style="color: #000000;">Hipersensibilidad al componente de la formula. Precaucion en embarazo, ulcera peptica.</span></p>
<p><span style="color: #000000;">Es necesaria una dosificación cuidadosa si el paciente tiene:</span><br />
<span style="color: #000000;">Historial de úlcera péptica o con ulcera péptica activa.</span><br />
<span style="color: #000000;">Asma bronquial.</span><br />
<span style="color: #000000;">Feocromocitoma.</span><br />
<span style="color: #000000;">Este medicamento contiene como excipiente: Almidón, los enfermos celiacos deben consultar con su médico antes de utilizarlo.</span><br />
<span style="color: #000000;">Restricciones en el embarazo y la lactancia</span></p>
<p><span style="color: #000000;">Betahistinametilato 6.00MG</span></p>

<p><strong><span style="color: #000000;">INDICACIONES:</span></strong><br />
<span style="color: #000000;">Vértigo y desvanecimientos asociados con: enfermedad de meniere, síndrome de ménière y vértigo periférico.</span></p>
<p><span style="color: #000000;">Merislon aumenta la corriente sanguínea en el oído interno y, además estimula la excreción y absorción del fluido del oído interno.</span><br />
<span style="color: #000000;">Mejoría de la corriente sanguínea intracerebral.</span></p>
