{"id":3728,"date":"2022-11-02T21:18:33","date_gmt":"2022-11-03T03:18:33","guid":{"rendered":"https:\/\/vitaminaselsalvador.net\/?post_type=product&#038;p=3728"},"modified":"2025-07-08T10:59:29","modified_gmt":"2025-07-08T16:59:29","slug":"osteocare-30-tabletas","status":"publish","type":"product","link":"https:\/\/vitaminaselsalvador.net\/index.php\/product\/osteocare-30-tabletas\/","title":{"rendered":"OSTEOCARE 30 Tabletas"},"content":{"rendered":"<p><strong><span style=\"color: #000000;\">CONTRA-INDICACIONES:<\/span><\/strong><br \/>\n<span style=\"color: #000000;\">Hipersensibilidad a los componentes.<\/span><\/p>\n<p><span style=\"color: #000000;\">Osteocare de Vitabiotics se ha mejorado a\u00f1adi\u00e9ndole zinc, cobre, manganeso, selenio y boro, que mejorar\u00e1n el rendimiento atl\u00e9tico, retrasar\u00e1n la aparici\u00f3n del envejecimiento, regular\u00e1n la tasa metab\u00f3lica del cuerpo y promover\u00e1n un funcionamiento normal de tiroides y cerebro.<\/span><\/p>\n<p><span style=\"color: #000000;\">Vitamina D3 &#8212;&#8211; 100.00UI<\/span><br \/>\n<span style=\"color: #000000;\">Zinc &#8212;&#8212;&#8212;&#8212;&#8212;- 5.00MG<\/span><br \/>\n<span style=\"color: #000000;\">Calcio &#8212;&#8212;&#8212;&#8212;- 400.00MG<\/span><br \/>\n<span style=\"color: #000000;\">Magnesio &#8212;&#8212;&#8211; 150.00MG<\/span><\/p>\n","protected":false},"excerpt":{"rendered":"<p><strong><span style=\"color: #000000;\">INDICACIONES:<\/span><\/strong><br \/>\n<span style=\"color: #000000;\">Desarrollado para mantener los huesos fuertes para hombres y mujeres de todas las edades durante y despues de la menopausia y prevenir la osteoporosis, tambien en ni\u00f1os en edad de crecimiento, en embarazo y lactancia y personas de edad avanzada.<\/span><\/p>\n<p><span style=\"color: #000000;\">Cuenta con una potente mezcla de vitaminas y minerales que ayudar\u00e1n al crecimiento y mantenimiento de huesos, u\u00f1as y dientes sanos. Este suplemento diet\u00e9tico es ideal para hombres y mujeres envueltos activamente en deportes, y tambi\u00e9n para personas mayores que buscan mantener sus huesos fuertes.<\/span><\/p>\n","protected":false},"featured_media":3758,"comment_status":"closed","ping_status":"closed","template":"","meta":{"_kad_post_transparent":"","_kad_post_title":"","_kad_post_layout":"","_kad_post_sidebar_id":"","_kad_post_content_style":"","_kad_post_vertical_padding":"","_kad_post_feature":"","_kad_post_feature_position":"","_kad_post_header":false,"_kad_post_footer":false},"product_brand":[],"product_cat":[1678,1679,1680,1681],"product_tag":[1682,1683,1684,1287,1685,784,1613,785,1492],"class_list":{"0":"post-3728","1":"product","2":"type-product","3":"status-publish","4":"has-post-thumbnail","6":"product_cat-dientes-sanos","7":"product_cat-huesos-fuertes","8":"product_cat-laboratorios-vitabiotics","9":"product_cat-menopausia","10":"product_tag-diabetico","11":"product_tag-dientes-sanos","12":"product_tag-embarazo","13":"product_tag-huesos","14":"product_tag-huesos-fuertes","15":"product_tag-lactancia","16":"product_tag-menopausia","17":"product_tag-osteoporosis","18":"product_tag-unas","20":"first","21":"instock","22":"shipping-taxable","23":"purchasable","24":"product-type-simple","25":"entry","26":"content-bg","27":"loop-entry"},"_links":{"self":[{"href":"https:\/\/vitaminaselsalvador.net\/index.php\/wp-json\/wp\/v2\/product\/3728","targetHints":{"allow":["GET"]}}],"collection":[{"href":"https:\/\/vitaminaselsalvador.net\/index.php\/wp-json\/wp\/v2\/product"}],"about":[{"href":"https:\/\/vitaminaselsalvador.net\/index.php\/wp-json\/wp\/v2\/types\/product"}],"replies":[{"embeddable":true,"href":"https:\/\/vitaminaselsalvador.net\/index.php\/wp-json\/wp\/v2\/comments?post=3728"}],"wp:featuredmedia":[{"embeddable":true,"href":"https:\/\/vitaminaselsalvador.net\/index.php\/wp-json\/wp\/v2\/media\/3758"}],"wp:attachment":[{"href":"https:\/\/vitaminaselsalvador.net\/index.php\/wp-json\/wp\/v2\/media?parent=3728"}],"wp:term":[{"taxonomy":"product_brand","embeddable":true,"href":"https:\/\/vitaminaselsalvador.net\/index.php\/wp-json\/wp\/v2\/product_brand?post=3728"},{"taxonomy":"product_cat","embeddable":true,"href":"https:\/\/vitaminaselsalvador.net\/index.php\/wp-json\/wp\/v2\/product_cat?post=3728"},{"taxonomy":"product_tag","embeddable":true,"href":"https:\/\/vitaminaselsalvador.net\/index.php\/wp-json\/wp\/v2\/product_tag?post=3728"}],"curies":[{"name":"wp","href":"https:\/\/api.w.org\/{rel}","templated":true}]}}