{"id":3725,"date":"2022-11-02T21:18:32","date_gmt":"2022-11-03T03:18:32","guid":{"rendered":"https:\/\/vitaminaselsalvador.net\/?post_type=product&#038;p=3725"},"modified":"2025-07-08T10:59:29","modified_gmt":"2025-07-08T16:59:29","slug":"vitamina-e-antioxidante-30-softgels","status":"publish","type":"product","link":"https:\/\/vitaminaselsalvador.net\/index.php\/product\/vitamina-e-antioxidante-30-softgels\/","title":{"rendered":"VITAMINA E Antioxidante 30 Softgels"},"content":{"rendered":"<p><strong><span style=\"color: #000000;\">EFECTOS ADVERSOS:<\/span><\/strong><br \/>\n<span style=\"color: #000000;\">En las d\u00f3sis diarias recomendadas, no se han observado efectos colaterales de importancia. En altas dosis se ha se\u00f1alado la aparici\u00f3n de n\u00e1useas, diarrea, espasmos digestivos, fatiga, cefalea, visi\u00f3n borrosa y prurito.<\/span><\/p>\n<p><strong><span style=\"color: #000000;\">CONTRAINDICACIONES:<\/span><\/strong><br \/>\n<span style=\"color: #000000;\">Hipersensibilidad a cualquiera de los componentes de la f\u00f3rmula.<\/span><br \/>\n<span style=\"color: #000000;\">No administrar durante el embarazo y la lactanca.<\/span><br \/>\n<span style=\"color: #000000;\">Antes de tomar este producto consulte a su m\u00e9dico.<\/span><br \/>\n<span style=\"color: #000000;\">No debes tomar d\u00f3sis superiores a las recomendadas.<\/span><\/p>\n","protected":false},"excerpt":{"rendered":"<p><strong><span style=\"color: #000000;\">INDICACIONES:<\/span><\/strong><br \/>\n<span style=\"color: #000000;\">Prevenci\u00f3n y tratamiento de estados carenciales de vitamina E debido al incremento de las necesidades, reducci\u00f3n del consumo o reducci\u00f3n de la absorci\u00f3n, que podr\u00eda manifestarse en estados de convalecencia o dietas insuficientes.<\/span><\/p>\n<p><strong><span style=\"color: #000000;\">D\u00d3SIS:<\/span><\/strong><br \/>\n<span style=\"color: #000000;\">Tomar 1 c\u00e1psula al d\u00eda.<\/span><\/p>\n<p><strong><span style=\"color: #000000;\">V\u00cdA DE ADMINISTRACI\u00d3N:<\/span><\/strong><br \/>\n<span style=\"color: #000000;\">Oral.<\/span><\/p>\n","protected":false},"featured_media":3755,"comment_status":"closed","ping_status":"closed","template":"","meta":{"_kad_post_transparent":"","_kad_post_title":"","_kad_post_layout":"","_kad_post_sidebar_id":"","_kad_post_content_style":"","_kad_post_vertical_padding":"","_kad_post_feature":"","_kad_post_feature_position":"","_kad_post_header":false,"_kad_post_footer":false},"product_brand":[],"product_cat":[1629],"product_tag":[1330,1631,1333,1661,1339,442],"class_list":{"0":"post-3725","1":"product","2":"type-product","3":"status-publish","4":"has-post-thumbnail","6":"product_cat-laboratorios-vitco","7":"product_tag-carencia","8":"product_tag-convalecencia","9":"product_tag-dieta-insuficiente","10":"product_tag-falta-de-vitaminas","11":"product_tag-necesidades","12":"product_tag-vitamina-e","14":"first","15":"instock","16":"shipping-taxable","17":"purchasable","18":"product-type-simple","19":"entry","20":"content-bg","21":"loop-entry"},"_links":{"self":[{"href":"https:\/\/vitaminaselsalvador.net\/index.php\/wp-json\/wp\/v2\/product\/3725","targetHints":{"allow":["GET"]}}],"collection":[{"href":"https:\/\/vitaminaselsalvador.net\/index.php\/wp-json\/wp\/v2\/product"}],"about":[{"href":"https:\/\/vitaminaselsalvador.net\/index.php\/wp-json\/wp\/v2\/types\/product"}],"replies":[{"embeddable":true,"href":"https:\/\/vitaminaselsalvador.net\/index.php\/wp-json\/wp\/v2\/comments?post=3725"}],"wp:featuredmedia":[{"embeddable":true,"href":"https:\/\/vitaminaselsalvador.net\/index.php\/wp-json\/wp\/v2\/media\/3755"}],"wp:attachment":[{"href":"https:\/\/vitaminaselsalvador.net\/index.php\/wp-json\/wp\/v2\/media?parent=3725"}],"wp:term":[{"taxonomy":"product_brand","embeddable":true,"href":"https:\/\/vitaminaselsalvador.net\/index.php\/wp-json\/wp\/v2\/product_brand?post=3725"},{"taxonomy":"product_cat","embeddable":true,"href":"https:\/\/vitaminaselsalvador.net\/index.php\/wp-json\/wp\/v2\/product_cat?post=3725"},{"taxonomy":"product_tag","embeddable":true,"href":"https:\/\/vitaminaselsalvador.net\/index.php\/wp-json\/wp\/v2\/product_tag?post=3725"}],"curies":[{"name":"wp","href":"https:\/\/api.w.org\/{rel}","templated":true}]}}

<p><strong><span style="color: #000000;">EFECTOS ADVERSOS:</span></strong><br />
<span style="color: #000000;">En las dósis diarias recomendadas, no se han observado efectos colaterales de importancia. En altas dosis se ha señalado la aparición de náuseas, diarrea, espasmos digestivos, fatiga, cefalea, visión borrosa y prurito.</span></p>
<p><strong><span style="color: #000000;">CONTRAINDICACIONES:</span></strong><br />
<span style="color: #000000;">Hipersensibilidad a cualquiera de los componentes de la fórmula.</span><br />
<span style="color: #000000;">No administrar durante el embarazo y la lactanca.</span><br />
<span style="color: #000000;">Antes de tomar este producto consulte a su médico.</span><br />
<span style="color: #000000;">No debes tomar dósis superiores a las recomendadas.</span></p>

<p><strong><span style="color: #000000;">INDICACIONES:</span></strong><br />
<span style="color: #000000;">Prevención y tratamiento de estados carenciales de vitamina E debido al incremento de las necesidades, reducción del consumo o reducción de la absorción, que podría manifestarse en estados de convalecencia o dietas insuficientes.</span></p>
<p><strong><span style="color: #000000;">DÓSIS:</span></strong><br />
<span style="color: #000000;">Tomar 1 cápsula al día.</span></p>
<p><strong><span style="color: #000000;">VÍA DE ADMINISTRACIÓN:</span></strong><br />
<span style="color: #000000;">Oral.</span></p>
