{"id":3722,"date":"2022-11-02T21:18:32","date_gmt":"2022-11-03T03:18:32","guid":{"rendered":"https:\/\/vitaminaselsalvador.net\/?post_type=product&#038;p=3722"},"modified":"2025-07-08T10:59:29","modified_gmt":"2025-07-08T16:59:29","slug":"gestafer-30-capsulas","status":"publish","type":"product","link":"https:\/\/vitaminaselsalvador.net\/index.php\/product\/gestafer-30-capsulas\/","title":{"rendered":"GESTAFER 30 C\u00e1psulas"},"content":{"rendered":"<p><strong><span style=\"color: #000000;\">CONTRAINDICACIONES:<\/span><\/strong><br \/>\n<span style=\"color: #000000;\">Hipersensibilidad al gierro y\/o \u00e1cido f\u00f3lico. Obstrucci\u00f3n intestinal, hemocrotatosis, hemosiderosis, transfusiones sangu\u00edneas repetida, administraci\u00f3n parenteral de hierro.<\/span><\/p>\n<p><strong><span style=\"color: #000000;\">PRECAUCIONES:<\/span><\/strong><br \/>\n<span style=\"color: #000000;\">Ninguna a dosis terap\u00e9utica. Presencia de antecedentes de \u00falcera g\u00e1strica o duodenal y anastomosis gastrointestinal. Dosis elevadas de \u00e1cido f\u00f3lico pueden enmascarar deficiencias de vitamina B12.<\/span><\/p>\n","protected":false},"excerpt":{"rendered":"<p><span style=\"color: #000000;\">Est\u00e1 indicado en la prevenci\u00f3n y tratamiento de la anemia ferrop\u00e9nica por deficiencia de hierro, durante el embarazo, puerperio y lactancia, o debido a trastornos nutricionales y de mala absorci\u00f3n. Anemia megalobl\u00e1stica, por deficiencia de \u00e1cido f\u00f3lico.<\/span><\/p>\n<p><strong><span style=\"color: #000000;\">MODO DE USO:<\/span><\/strong><br \/>\n<span style=\"color: #000000;\">2 a 3 c\u00e1psulas diarias, la duraci\u00f3n del tratamiento depende del grado de la anemia a corregir.<\/span><\/p>\n","protected":false},"featured_media":3752,"comment_status":"closed","ping_status":"closed","template":"","meta":{"_kad_post_transparent":"","_kad_post_title":"","_kad_post_layout":"","_kad_post_sidebar_id":"","_kad_post_content_style":"","_kad_post_vertical_padding":"","_kad_post_feature":"","_kad_post_feature_position":"","_kad_post_header":false,"_kad_post_footer":false},"product_brand":[],"product_cat":[1646,1647,1648],"product_tag":[1649,1650,802,1593,1651,819,1652],"class_list":{"0":"post-3722","1":"product","2":"type-product","3":"status-publish","4":"has-post-thumbnail","6":"product_cat-anemia","7":"product_cat-hierro","8":"product_cat-laboratorios-unimed","9":"product_tag-acido-folico","10":"product_tag-anemia","11":"product_tag-anemia-megaloblastica","12":"product_tag-deficiencia","13":"product_tag-ferropenica","14":"product_tag-hierro","15":"product_tag-trastorno-nutricional","17":"first","18":"instock","19":"shipping-taxable","20":"purchasable","21":"product-type-simple","22":"entry","23":"content-bg","24":"loop-entry"},"_links":{"self":[{"href":"https:\/\/vitaminaselsalvador.net\/index.php\/wp-json\/wp\/v2\/product\/3722","targetHints":{"allow":["GET"]}}],"collection":[{"href":"https:\/\/vitaminaselsalvador.net\/index.php\/wp-json\/wp\/v2\/product"}],"about":[{"href":"https:\/\/vitaminaselsalvador.net\/index.php\/wp-json\/wp\/v2\/types\/product"}],"replies":[{"embeddable":true,"href":"https:\/\/vitaminaselsalvador.net\/index.php\/wp-json\/wp\/v2\/comments?post=3722"}],"wp:featuredmedia":[{"embeddable":true,"href":"https:\/\/vitaminaselsalvador.net\/index.php\/wp-json\/wp\/v2\/media\/3752"}],"wp:attachment":[{"href":"https:\/\/vitaminaselsalvador.net\/index.php\/wp-json\/wp\/v2\/media?parent=3722"}],"wp:term":[{"taxonomy":"product_brand","embeddable":true,"href":"https:\/\/vitaminaselsalvador.net\/index.php\/wp-json\/wp\/v2\/product_brand?post=3722"},{"taxonomy":"product_cat","embeddable":true,"href":"https:\/\/vitaminaselsalvador.net\/index.php\/wp-json\/wp\/v2\/product_cat?post=3722"},{"taxonomy":"product_tag","embeddable":true,"href":"https:\/\/vitaminaselsalvador.net\/index.php\/wp-json\/wp\/v2\/product_tag?post=3722"}],"curies":[{"name":"wp","href":"https:\/\/api.w.org\/{rel}","templated":true}]}}

GESTAFER 30 Cápsulas

<p><strong><span style="color: #000000;">CONTRAINDICACIONES:</span></strong><br />
<span style="color: #000000;">Hipersensibilidad al gierro y/o ácido fólico. Obstrucción intestinal, hemocrotatosis, hemosiderosis, transfusiones sanguíneas repetida, administración parenteral de hierro.</span></p>
<p><strong><span style="color: #000000;">PRECAUCIONES:</span></strong><br />
<span style="color: #000000;">Ninguna a dosis terapéutica. Presencia de antecedentes de úlcera gástrica o duodenal y anastomosis gastrointestinal. Dosis elevadas de ácido fólico pueden enmascarar deficiencias de vitamina B12.</span></p>

<p><span style="color: #000000;">Está indicado en la prevención y tratamiento de la anemia ferropénica por deficiencia de hierro, durante el embarazo, puerperio y lactancia, o debido a trastornos nutricionales y de mala absorción. Anemia megaloblástica, por deficiencia de ácido fólico.</span></p>
<p><strong><span style="color: #000000;">MODO DE USO:</span></strong><br />
<span style="color: #000000;">2 a 3 cápsulas diarias, la duración del tratamiento depende del grado de la anemia a corregir.</span></p>
