{"id":3716,"date":"2022-11-02T21:18:31","date_gmt":"2022-11-03T03:18:31","guid":{"rendered":"https:\/\/vitaminaselsalvador.net\/?post_type=product&#038;p=3716"},"modified":"2026-01-29T15:02:16","modified_gmt":"2026-01-29T21:02:16","slug":"nerviosina-50-sobres","status":"publish","type":"product","link":"https:\/\/vitaminaselsalvador.net\/index.php\/product\/nerviosina-50-sobres\/","title":{"rendered":"NERVIOSINA 50 Sobres"},"content":{"rendered":"<p><strong><span style=\"color: #000000;\">CONTRA-INDICACIONES:<\/span><\/strong><br \/>\n<span style=\"color: #000000;\">Contraindicado en \u00dalcera p\u00e9ptica activa, Gastritis, Hipersensibilidad al componente.<\/span><\/p>\n<p><span style=\"color: #000000;\">Cafeina 0.06GR<\/span><br \/>\n<span style=\"color: #000000;\">Acido Acetilsalicilico 0.22GR<\/span><\/p>\n","protected":false},"excerpt":{"rendered":"<p><strong><span style=\"color: #000000;\">INDICACIONES:<\/span><\/strong><br \/>\n<span style=\"color: #000000;\">Analg\u00e9sico que alivia dolores de cabeza muelas o\u00eddos y reumaticos.<\/span><\/p>\n<p><span style=\"color: #000000;\">La cafe\u00edna puede emplearse para el alivio a corto plazo de la fatiga o de la somnolencia.<\/span><\/p>\n<p><span style=\"color: #000000;\">El \u00c1cido Acetilsalicilico ayuda a prevenir la formaci\u00f3n de co\u00e1gulos de sangre en las arterias y tambi\u00e9n reduce el riesgo de tener un accidente cerebrovascular o un ataque card\u00edaco.<\/span><\/p>\n","protected":false},"featured_media":4684,"comment_status":"closed","ping_status":"closed","template":"","meta":{"_kad_post_transparent":"default","_kad_post_title":"","_kad_post_layout":"default","_kad_post_sidebar_id":"","_kad_post_content_style":"default","_kad_post_vertical_padding":"default","_kad_post_feature":"","_kad_post_feature_position":"","_kad_post_header":false,"_kad_post_footer":false},"product_brand":[],"product_cat":[1622],"product_tag":[1207,270,271,1623,596],"class_list":{"0":"post-3716","1":"product","2":"type-product","3":"status-publish","4":"has-post-thumbnail","6":"product_cat-laboratorios-cosmos","7":"product_tag-analgesico","8":"product_tag-dolor-de-muelas","9":"product_tag-dolor-de-oidos","10":"product_tag-dolores-de-cabeza","11":"product_tag-dolores-reumaticos","13":"first","14":"instock","15":"shipping-taxable","16":"purchasable","17":"product-type-simple","18":"entry","19":"content-bg","20":"loop-entry"},"_links":{"self":[{"href":"https:\/\/vitaminaselsalvador.net\/index.php\/wp-json\/wp\/v2\/product\/3716","targetHints":{"allow":["GET"]}}],"collection":[{"href":"https:\/\/vitaminaselsalvador.net\/index.php\/wp-json\/wp\/v2\/product"}],"about":[{"href":"https:\/\/vitaminaselsalvador.net\/index.php\/wp-json\/wp\/v2\/types\/product"}],"replies":[{"embeddable":true,"href":"https:\/\/vitaminaselsalvador.net\/index.php\/wp-json\/wp\/v2\/comments?post=3716"}],"wp:featuredmedia":[{"embeddable":true,"href":"https:\/\/vitaminaselsalvador.net\/index.php\/wp-json\/wp\/v2\/media\/4684"}],"wp:attachment":[{"href":"https:\/\/vitaminaselsalvador.net\/index.php\/wp-json\/wp\/v2\/media?parent=3716"}],"wp:term":[{"taxonomy":"product_brand","embeddable":true,"href":"https:\/\/vitaminaselsalvador.net\/index.php\/wp-json\/wp\/v2\/product_brand?post=3716"},{"taxonomy":"product_cat","embeddable":true,"href":"https:\/\/vitaminaselsalvador.net\/index.php\/wp-json\/wp\/v2\/product_cat?post=3716"},{"taxonomy":"product_tag","embeddable":true,"href":"https:\/\/vitaminaselsalvador.net\/index.php\/wp-json\/wp\/v2\/product_tag?post=3716"}],"curies":[{"name":"wp","href":"https:\/\/api.w.org\/{rel}","templated":true}]}}