{"id":3678,"date":"2022-11-02T21:18:06","date_gmt":"2022-11-03T03:18:06","guid":{"rendered":"https:\/\/vitaminaselsalvador.net\/?post_type=product&#038;p=3678"},"modified":"2025-07-08T10:59:27","modified_gmt":"2025-07-08T16:59:27","slug":"etec-1000mg-30-capsulas","status":"publish","type":"product","link":"https:\/\/vitaminaselsalvador.net\/index.php\/product\/etec-1000mg-30-capsulas\/","title":{"rendered":"ETEC 1000mg 30 C\u00e1psulas"},"content":{"rendered":"<p><strong><span style=\"color: #000000;\">CONTRA-INDICACIONES:<\/span><\/strong><br \/>\n<span style=\"color: #000000;\">Reacciones de hipersensibilidad al principio activo.<\/span><\/p>\n<p><span style=\"color: #000000;\">Vitamina E 1000.00UI<\/span><\/p>\n","protected":false},"excerpt":{"rendered":"<p><strong><span style=\"color: #000000;\">INDICACIONES:<\/span><\/strong><br \/>\n<span style=\"color: #000000;\">Correcci\u00f3n de las manifestaciones carenciales de vitamina e. Como antioxidante para retrasar la progresi\u00f3n del envejecimiento tisular y enfermedades degenerativas como la aterosclerosis, as\u00ed como para prevenir el desarrollo de procesos tumorales en individuos con factores de riesgo (antecedentes familiares, exposici\u00f3n a contaminantes ambientales u otros factores cancer\u00edgenos).<\/span><\/p>\n","protected":false},"featured_media":3708,"comment_status":"closed","ping_status":"closed","template":"","meta":{"_kad_post_transparent":"","_kad_post_title":"","_kad_post_layout":"","_kad_post_sidebar_id":"","_kad_post_content_style":"","_kad_post_vertical_padding":"","_kad_post_feature":"","_kad_post_feature_position":"","_kad_post_header":false,"_kad_post_footer":false},"product_brand":[],"product_cat":[1566,1567,1568],"product_tag":[290,1569,1330,1570,1571,442],"class_list":{"0":"post-3678","1":"product","2":"type-product","3":"status-publish","4":"has-post-thumbnail","6":"product_cat-carencia","7":"product_cat-laboratorios-asofarma","8":"product_cat-vitamina-e","9":"product_tag-antioxidante","10":"product_tag-aterosclerosis","11":"product_tag-carencia","12":"product_tag-enfermedades-degenerativas","13":"product_tag-envejecimiento-tisular","14":"product_tag-vitamina-e","16":"first","17":"instock","18":"shipping-taxable","19":"purchasable","20":"product-type-simple","21":"entry","22":"content-bg","23":"loop-entry"},"_links":{"self":[{"href":"https:\/\/vitaminaselsalvador.net\/index.php\/wp-json\/wp\/v2\/product\/3678","targetHints":{"allow":["GET"]}}],"collection":[{"href":"https:\/\/vitaminaselsalvador.net\/index.php\/wp-json\/wp\/v2\/product"}],"about":[{"href":"https:\/\/vitaminaselsalvador.net\/index.php\/wp-json\/wp\/v2\/types\/product"}],"replies":[{"embeddable":true,"href":"https:\/\/vitaminaselsalvador.net\/index.php\/wp-json\/wp\/v2\/comments?post=3678"}],"wp:featuredmedia":[{"embeddable":true,"href":"https:\/\/vitaminaselsalvador.net\/index.php\/wp-json\/wp\/v2\/media\/3708"}],"wp:attachment":[{"href":"https:\/\/vitaminaselsalvador.net\/index.php\/wp-json\/wp\/v2\/media?parent=3678"}],"wp:term":[{"taxonomy":"product_brand","embeddable":true,"href":"https:\/\/vitaminaselsalvador.net\/index.php\/wp-json\/wp\/v2\/product_brand?post=3678"},{"taxonomy":"product_cat","embeddable":true,"href":"https:\/\/vitaminaselsalvador.net\/index.php\/wp-json\/wp\/v2\/product_cat?post=3678"},{"taxonomy":"product_tag","embeddable":true,"href":"https:\/\/vitaminaselsalvador.net\/index.php\/wp-json\/wp\/v2\/product_tag?post=3678"}],"curies":[{"name":"wp","href":"https:\/\/api.w.org\/{rel}","templated":true}]}}

ETEC 1000mg 30 Cápsulas

<p><strong><span style="color: #000000;">INDICACIONES:</span></strong><br />
<span style="color: #000000;">Corrección de las manifestaciones carenciales de vitamina e. Como antioxidante para retrasar la progresión del envejecimiento tisular y enfermedades degenerativas como la aterosclerosis, así como para prevenir el desarrollo de procesos tumorales en individuos con factores de riesgo (antecedentes familiares, exposición a contaminantes ambientales u otros factores cancerígenos).</span></p>
