{"id":3662,"date":"2022-11-02T21:18:04","date_gmt":"2022-11-03T03:18:04","guid":{"rendered":"https:\/\/vitaminaselsalvador.net\/?post_type=product&#038;p=3662"},"modified":"2025-07-08T11:05:12","modified_gmt":"2025-07-08T17:05:12","slug":"prednisona-mk-5mg-100-tabletas","status":"publish","type":"product","link":"https:\/\/vitaminaselsalvador.net\/index.php\/product\/prednisona-mk-5mg-100-tabletas\/","title":{"rendered":"PREDNISONA MK 5mg 100 Tabletas"},"content":{"rendered":"<p><strong><span style=\"color: #000000;\">CONTRA-INDICACIONES:<\/span><\/strong><br \/>\n<span style=\"color: #000000;\">Est\u00e1 contraindicada cuando existe hipersensibilidad al principio activo tuberculosis activa, diabetes mellitas, infecci\u00f3n activa, \u00falcera p\u00e9ptica, crisis hipertensiva, hemorragia activa del tubo digestivo.<\/span><\/p>\n<p><span style=\"color: #000000;\">Prednisona 5.00MG<\/span><\/p>\n","protected":false},"excerpt":{"rendered":"<p><strong><span style=\"color: #000000;\">INDICACIONES:<\/span><\/strong><br \/>\n<span style=\"color: #000000;\">Est\u00e1 indicada en el tratamiento de diversas enfermedades reum\u00e1ticas del col\u00e1geno, endocrinas, dermatol\u00f3gicas, al\u00e9rgicas, oftalmol\u00f3gicas, respiratorias, hematol\u00f3gicas y otras que respondan a la corticoterapia.<\/span><\/p>\n","protected":false},"featured_media":3692,"comment_status":"closed","ping_status":"closed","template":"","meta":{"_kad_post_transparent":"","_kad_post_title":"","_kad_post_layout":"","_kad_post_sidebar_id":"","_kad_post_content_style":"","_kad_post_vertical_padding":"","_kad_post_feature":"","_kad_post_feature_position":"","_kad_post_header":false,"_kad_post_footer":false},"product_brand":[],"product_cat":[1462,1277],"product_tag":[1463,1223,1464,1465,1466,1467,1468,1469,1470],"class_list":{"0":"post-3662","1":"product","2":"type-product","3":"status-publish","4":"has-post-thumbnail","6":"product_cat-enfermedades-reumaticas","7":"product_cat-laboratorios-mk","8":"product_tag-alergicas","9":"product_tag-colageno","10":"product_tag-corticoterapia","11":"product_tag-dermatologicas","12":"product_tag-endocrinas","13":"product_tag-enfermedades-reumaticas","14":"product_tag-hematologicas","15":"product_tag-oftalmologicas","16":"product_tag-respiratorias","18":"first","19":"instock","20":"shipping-taxable","21":"purchasable","22":"product-type-simple","23":"entry","24":"content-bg","25":"loop-entry"},"_links":{"self":[{"href":"https:\/\/vitaminaselsalvador.net\/index.php\/wp-json\/wp\/v2\/product\/3662","targetHints":{"allow":["GET"]}}],"collection":[{"href":"https:\/\/vitaminaselsalvador.net\/index.php\/wp-json\/wp\/v2\/product"}],"about":[{"href":"https:\/\/vitaminaselsalvador.net\/index.php\/wp-json\/wp\/v2\/types\/product"}],"replies":[{"embeddable":true,"href":"https:\/\/vitaminaselsalvador.net\/index.php\/wp-json\/wp\/v2\/comments?post=3662"}],"wp:featuredmedia":[{"embeddable":true,"href":"https:\/\/vitaminaselsalvador.net\/index.php\/wp-json\/wp\/v2\/media\/3692"}],"wp:attachment":[{"href":"https:\/\/vitaminaselsalvador.net\/index.php\/wp-json\/wp\/v2\/media?parent=3662"}],"wp:term":[{"taxonomy":"product_brand","embeddable":true,"href":"https:\/\/vitaminaselsalvador.net\/index.php\/wp-json\/wp\/v2\/product_brand?post=3662"},{"taxonomy":"product_cat","embeddable":true,"href":"https:\/\/vitaminaselsalvador.net\/index.php\/wp-json\/wp\/v2\/product_cat?post=3662"},{"taxonomy":"product_tag","embeddable":true,"href":"https:\/\/vitaminaselsalvador.net\/index.php\/wp-json\/wp\/v2\/product_tag?post=3662"}],"curies":[{"name":"wp","href":"https:\/\/api.w.org\/{rel}","templated":true}]}}

<p><strong><span style="color: #000000;">CONTRA-INDICACIONES:</span></strong><br />
<span style="color: #000000;">Está contraindicada cuando existe hipersensibilidad al principio activo tuberculosis activa, diabetes mellitas, infección activa, úlcera péptica, crisis hipertensiva, hemorragia activa del tubo digestivo.</span></p>
<p><span style="color: #000000;">Prednisona 5.00MG</span></p>

<p><strong><span style="color: #000000;">INDICACIONES:</span></strong><br />
<span style="color: #000000;">Está indicada en el tratamiento de diversas enfermedades reumáticas del colágeno, endocrinas, dermatológicas, alérgicas, oftalmológicas, respiratorias, hematológicas y otras que respondan a la corticoterapia.</span></p>
