{"id":3629,"date":"2022-11-02T21:17:39","date_gmt":"2022-11-03T03:17:39","guid":{"rendered":"https:\/\/vitaminaselsalvador.net\/?post_type=product&#038;p=3629"},"modified":"2025-07-08T11:05:10","modified_gmt":"2025-07-08T17:05:10","slug":"pronol-550mg-25-sobres-de-4-tabletas","status":"publish","type":"product","link":"https:\/\/vitaminaselsalvador.net\/index.php\/product\/pronol-550mg-25-sobres-de-4-tabletas\/","title":{"rendered":"PRONOL 550mg 25 Sobres de 4 Tabletas"},"content":{"rendered":"<p><strong><span style=\"color: #000000;\">CONTRA-INDICACIONES:<\/span><\/strong><\/p>\n<p><span style=\"color: #000000;\">Hipersensibilidad a naproxeno, antecedentes de reacciones al\u00e9rgicas graves al aas o a otros aines. Historial de o con asma, rinitis, urticarias, p\u00f3lipos nasales, angioedema, colitis ulcerosa.Dosis seg\u00fan criterio m\u00e9dico.<\/span><\/p>\n<p><span style=\"color: #000000;\">Naproxeno 550.00MG<\/span><\/p>\n","protected":false},"excerpt":{"rendered":"<p><strong><span style=\"color: #000000;\">INDICACIONES:<\/span><\/strong><\/p>\n<p><span style=\"color: #000000;\">Tratamiento sintom\u00e1tico del dolor leve-moderado. Estados febriles. Artritis reumatoide, artritis reumatoide juvenil, osteoporosis, episodios agudos de gota, espondilitis anquilosante, s\u00edndromes reumatoides, dismenorrea, alteraciones musculoesquel\u00e9ticas con dolor e inflamaci\u00f3n. Tratamiento sintom\u00e1tico de crisis agudas de migra\u00f1a. Menorragia<\/span><\/p>\n","protected":false},"featured_media":3684,"comment_status":"closed","ping_status":"closed","template":"","meta":{"_kad_post_transparent":"","_kad_post_title":"","_kad_post_layout":"","_kad_post_sidebar_id":"","_kad_post_content_style":"","_kad_post_vertical_padding":"","_kad_post_feature":"","_kad_post_feature_position":"","_kad_post_header":false,"_kad_post_footer":false},"product_brand":[],"product_cat":[1410],"product_tag":[1411,1412,242,1413,1414,1415,1416,1417,1418,1419],"class_list":{"0":"post-3629","1":"product","2":"type-product","3":"status-publish","4":"has-post-thumbnail","6":"product_cat-laboratorios-stein","7":"product_tag-alteraciones-musculoesqueleticas","8":"product_tag-anquilosante","9":"product_tag-artritis-reumatoide","10":"product_tag-crisis-agudas-de-migrana","11":"product_tag-dismenorrea","12":"product_tag-dolor-leve","13":"product_tag-dolor-moderado","14":"product_tag-estados-febriles","15":"product_tag-menorragia","16":"product_tag-sindromes-reumatoides","18":"first","19":"instock","20":"shipping-taxable","21":"purchasable","22":"product-type-simple","23":"entry","24":"content-bg","25":"loop-entry"},"_links":{"self":[{"href":"https:\/\/vitaminaselsalvador.net\/index.php\/wp-json\/wp\/v2\/product\/3629","targetHints":{"allow":["GET"]}}],"collection":[{"href":"https:\/\/vitaminaselsalvador.net\/index.php\/wp-json\/wp\/v2\/product"}],"about":[{"href":"https:\/\/vitaminaselsalvador.net\/index.php\/wp-json\/wp\/v2\/types\/product"}],"replies":[{"embeddable":true,"href":"https:\/\/vitaminaselsalvador.net\/index.php\/wp-json\/wp\/v2\/comments?post=3629"}],"wp:featuredmedia":[{"embeddable":true,"href":"https:\/\/vitaminaselsalvador.net\/index.php\/wp-json\/wp\/v2\/media\/3684"}],"wp:attachment":[{"href":"https:\/\/vitaminaselsalvador.net\/index.php\/wp-json\/wp\/v2\/media?parent=3629"}],"wp:term":[{"taxonomy":"product_brand","embeddable":true,"href":"https:\/\/vitaminaselsalvador.net\/index.php\/wp-json\/wp\/v2\/product_brand?post=3629"},{"taxonomy":"product_cat","embeddable":true,"href":"https:\/\/vitaminaselsalvador.net\/index.php\/wp-json\/wp\/v2\/product_cat?post=3629"},{"taxonomy":"product_tag","embeddable":true,"href":"https:\/\/vitaminaselsalvador.net\/index.php\/wp-json\/wp\/v2\/product_tag?post=3629"}],"curies":[{"name":"wp","href":"https:\/\/api.w.org\/{rel}","templated":true}]}}

<p><strong><span style="color: #000000;">CONTRA-INDICACIONES:</span></strong></p>
<p><span style="color: #000000;">Hipersensibilidad a naproxeno, antecedentes de reacciones alérgicas graves al aas o a otros aines. Historial de o con asma, rinitis, urticarias, pólipos nasales, angioedema, colitis ulcerosa.Dosis según criterio médico.</span></p>
<p><span style="color: #000000;">Naproxeno 550.00MG</span></p>

<p><strong><span style="color: #000000;">INDICACIONES:</span></strong></p>
<p><span style="color: #000000;">Tratamiento sintomático del dolor leve-moderado. Estados febriles. Artritis reumatoide, artritis reumatoide juvenil, osteoporosis, episodios agudos de gota, espondilitis anquilosante, síndromes reumatoides, dismenorrea, alteraciones musculoesqueléticas con dolor e inflamación. Tratamiento sintomático de crisis agudas de migraña. Menorragia</span></p>
