{"id":3626,"date":"2022-11-02T21:17:39","date_gmt":"2022-11-03T03:17:39","guid":{"rendered":"https:\/\/vitaminaselsalvador.net\/?post_type=product&#038;p=3626"},"modified":"2025-07-08T11:05:10","modified_gmt":"2025-07-08T17:05:10","slug":"katafenac-75mg-inyectable-3ml-3-pack","status":"publish","type":"product","link":"https:\/\/vitaminaselsalvador.net\/index.php\/product\/katafenac-75mg-inyectable-3ml-3-pack\/","title":{"rendered":"KATAFENAC 75mg INYECTABLE 3ml 3 PACK"},"content":{"rendered":"<p><strong><span style=\"color: #000000;\">CONTRAINDICACIONES:<\/span><\/strong><br \/>\n<span style=\"color: #000000;\">Contraindicado en presencia de \u00falcera g\u00e1strica o intestinal. Est\u00e1 contraindicado en pacientes que han tenido asma, urticaria o rinitis aguda despu\u00e9s de la administraci\u00f3n de \u00e1cido acetilsalic\u00edlico u otros medicamentos que inhiben la prostaglandina sintetasa. En presencia de hipertensi\u00f3n arterial severa, insuficiencia cardiaca, renal y hep\u00e1tica.<\/span><\/p>\n","protected":false},"excerpt":{"rendered":"<p><strong><span style=\"color: #000000;\">INDICACIONES:<\/span><\/strong><br \/>\n<span style=\"color: #000000;\">Dolores y estados febriles acompa\u00f1ados de inflamaci\u00f3n, ya sea por dolor post traum\u00e1tico o post-operatorio, dolores m\u00fasculos-esquel\u00e9ticos, fracturas, artritis, coadyudante en infecciones inflamatorias.<\/span><\/p>\n","protected":false},"featured_media":3656,"comment_status":"closed","ping_status":"closed","template":"","meta":{"_kad_post_transparent":"","_kad_post_title":"","_kad_post_layout":"","_kad_post_sidebar_id":"","_kad_post_content_style":"","_kad_post_vertical_padding":"","_kad_post_feature":"","_kad_post_feature_position":"","_kad_post_header":false,"_kad_post_footer":false},"product_brand":[],"product_cat":[1397,383],"product_tag":[355,1398,1399,1400,1286,1401],"class_list":{"0":"post-3626","1":"product","2":"type-product","3":"status-publish","4":"has-post-thumbnail","6":"product_cat-infeccion","7":"product_cat-laboratorios-paill","8":"product_tag-artritis","9":"product_tag-dolor-post-traumatico","10":"product_tag-dolor-post-operatorio","11":"product_tag-dolores-musculos-esqueleticos","12":"product_tag-fracturas","13":"product_tag-infecciones-inflamatorias","15":"first","16":"instock","17":"shipping-taxable","18":"purchasable","19":"product-type-simple","20":"entry","21":"content-bg","22":"loop-entry"},"_links":{"self":[{"href":"https:\/\/vitaminaselsalvador.net\/index.php\/wp-json\/wp\/v2\/product\/3626","targetHints":{"allow":["GET"]}}],"collection":[{"href":"https:\/\/vitaminaselsalvador.net\/index.php\/wp-json\/wp\/v2\/product"}],"about":[{"href":"https:\/\/vitaminaselsalvador.net\/index.php\/wp-json\/wp\/v2\/types\/product"}],"replies":[{"embeddable":true,"href":"https:\/\/vitaminaselsalvador.net\/index.php\/wp-json\/wp\/v2\/comments?post=3626"}],"wp:featuredmedia":[{"embeddable":true,"href":"https:\/\/vitaminaselsalvador.net\/index.php\/wp-json\/wp\/v2\/media\/3656"}],"wp:attachment":[{"href":"https:\/\/vitaminaselsalvador.net\/index.php\/wp-json\/wp\/v2\/media?parent=3626"}],"wp:term":[{"taxonomy":"product_brand","embeddable":true,"href":"https:\/\/vitaminaselsalvador.net\/index.php\/wp-json\/wp\/v2\/product_brand?post=3626"},{"taxonomy":"product_cat","embeddable":true,"href":"https:\/\/vitaminaselsalvador.net\/index.php\/wp-json\/wp\/v2\/product_cat?post=3626"},{"taxonomy":"product_tag","embeddable":true,"href":"https:\/\/vitaminaselsalvador.net\/index.php\/wp-json\/wp\/v2\/product_tag?post=3626"}],"curies":[{"name":"wp","href":"https:\/\/api.w.org\/{rel}","templated":true}]}}

<p><strong><span style="color: #000000;">CONTRAINDICACIONES:</span></strong><br />
<span style="color: #000000;">Contraindicado en presencia de úlcera gástrica o intestinal. Está contraindicado en pacientes que han tenido asma, urticaria o rinitis aguda después de la administración de ácido acetilsalicílico u otros medicamentos que inhiben la prostaglandina sintetasa. En presencia de hipertensión arterial severa, insuficiencia cardiaca, renal y hepática.</span></p>

<p><strong><span style="color: #000000;">INDICACIONES:</span></strong><br />
<span style="color: #000000;">Dolores y estados febriles acompañados de inflamación, ya sea por dolor post traumático o post-operatorio, dolores músculos-esqueléticos, fracturas, artritis, coadyudante en infecciones inflamatorias.</span></p>
