{"id":3614,"date":"2022-11-02T21:17:37","date_gmt":"2022-11-03T03:17:37","guid":{"rendered":"https:\/\/vitaminaselsalvador.net\/?post_type=product&#038;p=3614"},"modified":"2025-07-08T11:05:08","modified_gmt":"2025-07-08T17:05:08","slug":"vitasil-d3-30-capsulas","status":"publish","type":"product","link":"https:\/\/vitaminaselsalvador.net\/index.php\/product\/vitasil-d3-30-capsulas\/","title":{"rendered":"VITASIL D3 30 C\u00e1psulas"},"content":{"rendered":"<p><span style=\"color: #000000;\"><strong>COMPOSICI\u00d3N:<\/strong> <\/span><br \/>\n<span style=\"color: #000000;\">Cada c\u00e1psula de gelatina blanda contiene:<\/span><\/p>\n<p><span style=\"color: #000000;\">Vitamina D3 (Colecalciferol) 200UI<\/span><\/p>\n","protected":false},"excerpt":{"rendered":"<p><strong>INDICACIONES Y ACCI\u00d3N TERAP\u00c9UTICA:<\/strong><br \/>\nPrevenci\u00f3n de estados carenciales de Vitamina D, debido al incremento de las necesidades, reducci\u00f3n del consumo o reducci\u00f3n de la absorci\u00f3n, que podr\u00edan manifestarse en estados de convalescencia o dietas insuficientes. Coadyuvante del sistema inmunol\u00f3gico.<\/p>\n<p><strong>DOSIS:<\/strong><br \/>\nAdultos: 1 c\u00e1p. al d\u00eda, de preferencia con los alimentos.<\/p>\n","protected":false},"featured_media":3644,"comment_status":"closed","ping_status":"closed","template":"","meta":{"_kad_post_transparent":"","_kad_post_title":"","_kad_post_layout":"","_kad_post_sidebar_id":"","_kad_post_content_style":"","_kad_post_vertical_padding":"","_kad_post_feature":"","_kad_post_feature_position":"","_kad_post_header":false,"_kad_post_footer":false},"product_brand":[],"product_cat":[1336,424,1337],"product_tag":[1330,1338,1333,1339,1239,1015],"class_list":{"0":"post-3614","1":"product","2":"type-product","3":"status-publish","4":"has-post-thumbnail","6":"product_cat-convalescencia","7":"product_cat-laboratorios-suizos","8":"product_cat-vitamina-d","9":"product_tag-carencia","10":"product_tag-colecalciferol","11":"product_tag-dieta-insuficiente","12":"product_tag-necesidades","13":"product_tag-sistema-inmunologico","14":"product_tag-vitamina-d","16":"first","17":"instock","18":"shipping-taxable","19":"purchasable","20":"product-type-simple","21":"entry","22":"content-bg","23":"loop-entry"},"_links":{"self":[{"href":"https:\/\/vitaminaselsalvador.net\/index.php\/wp-json\/wp\/v2\/product\/3614","targetHints":{"allow":["GET"]}}],"collection":[{"href":"https:\/\/vitaminaselsalvador.net\/index.php\/wp-json\/wp\/v2\/product"}],"about":[{"href":"https:\/\/vitaminaselsalvador.net\/index.php\/wp-json\/wp\/v2\/types\/product"}],"replies":[{"embeddable":true,"href":"https:\/\/vitaminaselsalvador.net\/index.php\/wp-json\/wp\/v2\/comments?post=3614"}],"wp:featuredmedia":[{"embeddable":true,"href":"https:\/\/vitaminaselsalvador.net\/index.php\/wp-json\/wp\/v2\/media\/3644"}],"wp:attachment":[{"href":"https:\/\/vitaminaselsalvador.net\/index.php\/wp-json\/wp\/v2\/media?parent=3614"}],"wp:term":[{"taxonomy":"product_brand","embeddable":true,"href":"https:\/\/vitaminaselsalvador.net\/index.php\/wp-json\/wp\/v2\/product_brand?post=3614"},{"taxonomy":"product_cat","embeddable":true,"href":"https:\/\/vitaminaselsalvador.net\/index.php\/wp-json\/wp\/v2\/product_cat?post=3614"},{"taxonomy":"product_tag","embeddable":true,"href":"https:\/\/vitaminaselsalvador.net\/index.php\/wp-json\/wp\/v2\/product_tag?post=3614"}],"curies":[{"name":"wp","href":"https:\/\/api.w.org\/{rel}","templated":true}]}}

VITASIL D3 30 Cápsulas

<p><span style="color: #000000;"><strong>COMPOSICIÓN:</strong> </span><br />
<span style="color: #000000;">Cada cápsula de gelatina blanda contiene:</span></p>
<p><span style="color: #000000;">Vitamina D3 (Colecalciferol) 200UI</span></p>

<p><strong>INDICACIONES Y ACCIÓN TERAPÉUTICA:</strong><br />
Prevención de estados carenciales de Vitamina D, debido al incremento de las necesidades, reducción del consumo o reducción de la absorción, que podrían manifestarse en estados de convalescencia o dietas insuficientes. Coadyuvante del sistema inmunológico.</p>
<p><strong>DOSIS:</strong><br />
Adultos: 1 cáp. al día, de preferencia con los alimentos.</p>
