{"id":3588,"date":"2022-11-02T21:17:14","date_gmt":"2022-11-03T03:17:14","guid":{"rendered":"https:\/\/vitaminaselsalvador.net\/?post_type=product&#038;p=3588"},"modified":"2025-07-08T11:05:07","modified_gmt":"2025-07-08T17:05:07","slug":"aleve-liqui-gels-extra-fuerte-24-capsulas","status":"publish","type":"product","link":"https:\/\/vitaminaselsalvador.net\/index.php\/product\/aleve-liqui-gels-extra-fuerte-24-capsulas\/","title":{"rendered":"ALEVE LIQUI-GELS EXTRA FUERTE 24 C\u00e1psulas"},"content":{"rendered":"<p><strong>CONTRA-INDICACIONES:<\/strong><\/p>\n<p>No utilizar si tiene hipersensibilidad conocida al naproxeno o a cualquier otro ingrediente del producto; urticaria o alergia a otros antiinflamatorios; historial de sangrado gastrointestinal, \u00falcera p\u00e9ptica recurrente o perforaci\u00f3n; en pacientes con \u00falcera p\u00e9ptica activa o hemorragia; en fallo card\u00edaco severo. No utilice este producto por m\u00e1s de 3 d\u00edas por fiebre o por m\u00e1s de 10 d\u00edas por dolor. No utilizar en pacientes asm\u00e1ticos, que padezcan de rinitis, p\u00f3lipos nasales o angioedema; colitis ulcerosa; insuficiencia hep\u00e1tica y\/o renal severa. Evite el uso de este producto si est\u00e1 en per\u00edodo de lactancia. No utilizar durante el embarazo, a menos que sea claramente necesario y bajo prescripci\u00f3n m\u00e9dica.<\/p>\n","protected":false},"excerpt":{"rendered":"<p><strong><span style=\"color: #000000;\">INDICACIONES:<\/span><\/strong><\/p>\n<p><span style=\"color: #000000;\">Aleve\u00ae Liqui-Gels es un analge\u0301sico de larga duracio\u0301n que alivia ra\u0301pido el fuerte dolor de espalda, muscular, articulaciones y cuerpo en general, porque sus ingredientes ya vienen disueltos en una ca\u0301psula de gelatina suave para actuar de inmediato.<\/span><\/p>\n","protected":false},"featured_media":3638,"comment_status":"closed","ping_status":"closed","template":"","meta":{"_kad_post_transparent":"","_kad_post_title":"","_kad_post_layout":"","_kad_post_sidebar_id":"","_kad_post_content_style":"","_kad_post_vertical_padding":"","_kad_post_feature":"","_kad_post_feature_position":"","_kad_post_header":false,"_kad_post_footer":false},"product_brand":[],"product_cat":[1299,227,1300],"product_tag":[1194,1207,1301,1270,503,1302],"class_list":{"0":"post-3588","1":"product","2":"type-product","3":"status-publish","4":"has-post-thumbnail","6":"product_cat-antiinflamatorio","7":"product_cat-laboratorios-bayer","8":"product_cat-naproxeno","9":"product_tag-alivio","10":"product_tag-analgesico","11":"product_tag-dolor-de-articulaciones","12":"product_tag-dolor-de-cuerpo","13":"product_tag-dolor-de-espalda","14":"product_tag-dolor-muscular","16":"first","17":"instock","18":"shipping-taxable","19":"purchasable","20":"product-type-simple","21":"entry","22":"content-bg","23":"loop-entry"},"_links":{"self":[{"href":"https:\/\/vitaminaselsalvador.net\/index.php\/wp-json\/wp\/v2\/product\/3588","targetHints":{"allow":["GET"]}}],"collection":[{"href":"https:\/\/vitaminaselsalvador.net\/index.php\/wp-json\/wp\/v2\/product"}],"about":[{"href":"https:\/\/vitaminaselsalvador.net\/index.php\/wp-json\/wp\/v2\/types\/product"}],"replies":[{"embeddable":true,"href":"https:\/\/vitaminaselsalvador.net\/index.php\/wp-json\/wp\/v2\/comments?post=3588"}],"wp:featuredmedia":[{"embeddable":true,"href":"https:\/\/vitaminaselsalvador.net\/index.php\/wp-json\/wp\/v2\/media\/3638"}],"wp:attachment":[{"href":"https:\/\/vitaminaselsalvador.net\/index.php\/wp-json\/wp\/v2\/media?parent=3588"}],"wp:term":[{"taxonomy":"product_brand","embeddable":true,"href":"https:\/\/vitaminaselsalvador.net\/index.php\/wp-json\/wp\/v2\/product_brand?post=3588"},{"taxonomy":"product_cat","embeddable":true,"href":"https:\/\/vitaminaselsalvador.net\/index.php\/wp-json\/wp\/v2\/product_cat?post=3588"},{"taxonomy":"product_tag","embeddable":true,"href":"https:\/\/vitaminaselsalvador.net\/index.php\/wp-json\/wp\/v2\/product_tag?post=3588"}],"curies":[{"name":"wp","href":"https:\/\/api.w.org\/{rel}","templated":true}]}}