{"id":3586,"date":"2022-11-02T21:17:13","date_gmt":"2022-11-03T03:17:13","guid":{"rendered":"https:\/\/vitaminaselsalvador.net\/?post_type=product&#038;p=3586"},"modified":"2025-07-08T11:05:07","modified_gmt":"2025-07-08T17:05:07","slug":"orfenaflex-60mg-inyectable-3-pack","status":"publish","type":"product","link":"https:\/\/vitaminaselsalvador.net\/index.php\/product\/orfenaflex-60mg-inyectable-3-pack\/","title":{"rendered":"ORFENAFLEX 60MG INYECTABLE 3 PACK"},"content":{"rendered":"<p><strong><span style=\"color: #000000;\">INDICACIONES:<\/span><\/strong><br \/>\n<span style=\"color: #000000;\">Espasmos y dolores asociados a traumas e inflamaciones, tort\u00edcolis, lumbago, torceduras, fracturas y fibromialgas.<\/span><\/p>\n<p><strong><span style=\"color: #000000;\">CONTRA-INDICACIONES:<\/span><\/strong><br \/>\n<span style=\"color: #000000;\">Contraindicada en casos de hipersensibilidad a la orfenadrina, glaucoma de \u00e1ngulo abierto, miastenia grave, obstrucci\u00f3n pil\u00f3rica o duodenal, \u00falcera p\u00e9ptica estenosante, hipertrofia prost\u00e1tica y obstrucci\u00f3n del cuello de la vejiga. Debe emplearse con precauci\u00f3n en pacientes con taquicardia, descompensaci\u00f3n cardiaca, con manifestaciones de retenci\u00f3n urinaria y depresi\u00f3n. No se recomienda su uso durante el embarazo o la lactancia. Aumenta el efecto de los anticolin\u00e9rgicos y de los depresores del sistema nervioso central.<\/span><\/p>\n<p><span style=\"color: #000000;\">Citrato de Orfenadrina &#8212;&#8211; 60.00MG<\/span><\/p>\n","protected":false},"excerpt":{"rendered":"<p><span style=\"color: #000000;\">Relaja el m\u00fasculo estriado por acci\u00f3n sobre el sistema nervioso central, donde produce cierto grado de depresi\u00f3n e inhibe los reflejos polisin\u00e1pticos. Tambi\u00e9n tiene propiedades anticolin\u00e9rgicas y analg\u00e9sicas moderadas que parecen contribuir a su efecto relajante muscular. Por v\u00eda intramuscular, su acci\u00f3n se observa en 5 min y persiste 1 a 2 h. Por sus efectos anticolin\u00e9rgicos se emplea en el tratamiento de la enfermedad de Parkinson, donde disminuye la rigidez y hace que aumente la fuerza muscular; es poco eficaz para el control de acinesia, temblor y sialorrea. Se absorbe r\u00e1pido a trav\u00e9s de la mucosa gastrointestinal y alcanza concentraciones plasm\u00e1ticas m\u00e1ximas a las 2 h, que persisten por 4 a 6 h; se metaboliza en el h\u00edgado (90%), y una peque\u00f1a cantidad de la mol\u00e9cula original y tres de sus metabolitos m\u00e1s importantes se excretan por la orina. Su vida media es de 14 h y la de sus metabolitos var\u00eda entre 2 y 25 h.<\/span><\/p>\n","protected":false},"featured_media":3636,"comment_status":"closed","ping_status":"closed","template":"","meta":{"_kad_post_transparent":"","_kad_post_title":"","_kad_post_layout":"","_kad_post_sidebar_id":"","_kad_post_content_style":"","_kad_post_vertical_padding":"","_kad_post_feature":"","_kad_post_feature_position":"","_kad_post_header":false,"_kad_post_footer":false},"product_brand":[],"product_cat":[1292,1293],"product_tag":[1207,1285,1216,1294,1286,1295,413,1290,414,1296],"class_list":{"0":"post-3586","1":"product","2":"type-product","3":"status-publish","4":"has-post-thumbnail","6":"product_cat-fracturas","7":"product_cat-inflamaciones","8":"product_tag-analgesico","9":"product_tag-dolores","10":"product_tag-espasmos","11":"product_tag-fibromialgas","12":"product_tag-fracturas","13":"product_tag-inflamaciones","14":"product_tag-lumbago","15":"product_tag-torceduras","16":"product_tag-torticolis","17":"product_tag-traumas","19":"first","20":"instock","21":"shipping-taxable","22":"purchasable","23":"product-type-simple","24":"entry","25":"content-bg","26":"loop-entry"},"_links":{"self":[{"href":"https:\/\/vitaminaselsalvador.net\/index.php\/wp-json\/wp\/v2\/product\/3586","targetHints":{"allow":["GET"]}}],"collection":[{"href":"https:\/\/vitaminaselsalvador.net\/index.php\/wp-json\/wp\/v2\/product"}],"about":[{"href":"https:\/\/vitaminaselsalvador.net\/index.php\/wp-json\/wp\/v2\/types\/product"}],"replies":[{"embeddable":true,"href":"https:\/\/vitaminaselsalvador.net\/index.php\/wp-json\/wp\/v2\/comments?post=3586"}],"wp:featuredmedia":[{"embeddable":true,"href":"https:\/\/vitaminaselsalvador.net\/index.php\/wp-json\/wp\/v2\/media\/3636"}],"wp:attachment":[{"href":"https:\/\/vitaminaselsalvador.net\/index.php\/wp-json\/wp\/v2\/media?parent=3586"}],"wp:term":[{"taxonomy":"product_brand","embeddable":true,"href":"https:\/\/vitaminaselsalvador.net\/index.php\/wp-json\/wp\/v2\/product_brand?post=3586"},{"taxonomy":"product_cat","embeddable":true,"href":"https:\/\/vitaminaselsalvador.net\/index.php\/wp-json\/wp\/v2\/product_cat?post=3586"},{"taxonomy":"product_tag","embeddable":true,"href":"https:\/\/vitaminaselsalvador.net\/index.php\/wp-json\/wp\/v2\/product_tag?post=3586"}],"curies":[{"name":"wp","href":"https:\/\/api.w.org\/{rel}","templated":true}]}}

<p><strong><span style="color: #000000;">INDICACIONES:</span></strong><br />
<span style="color: #000000;">Espasmos y dolores asociados a traumas e inflamaciones, tortícolis, lumbago, torceduras, fracturas y fibromialgas.</span></p>
<p><strong><span style="color: #000000;">CONTRA-INDICACIONES:</span></strong><br />
<span style="color: #000000;">Contraindicada en casos de hipersensibilidad a la orfenadrina, glaucoma de ángulo abierto, miastenia grave, obstrucción pilórica o duodenal, úlcera péptica estenosante, hipertrofia prostática y obstrucción del cuello de la vejiga. Debe emplearse con precaución en pacientes con taquicardia, descompensación cardiaca, con manifestaciones de retención urinaria y depresión. No se recomienda su uso durante el embarazo o la lactancia. Aumenta el efecto de los anticolinérgicos y de los depresores del sistema nervioso central.</span></p>
<p><span style="color: #000000;">Citrato de Orfenadrina &#8212;&#8211; 60.00MG</span></p>

<p><span style="color: #000000;">Relaja el músculo estriado por acción sobre el sistema nervioso central, donde produce cierto grado de depresión e inhibe los reflejos polisinápticos. También tiene propiedades anticolinérgicas y analgésicas moderadas que parecen contribuir a su efecto relajante muscular. Por vía intramuscular, su acción se observa en 5 min y persiste 1 a 2 h. Por sus efectos anticolinérgicos se emplea en el tratamiento de la enfermedad de Parkinson, donde disminuye la rigidez y hace que aumente la fuerza muscular; es poco eficaz para el control de acinesia, temblor y sialorrea. Se absorbe rápido a través de la mucosa gastrointestinal y alcanza concentraciones plasmáticas máximas a las 2 h, que persisten por 4 a 6 h; se metaboliza en el hígado (90%), y una pequeña cantidad de la molécula original y tres de sus metabolitos más importantes se excretan por la orina. Su vida media es de 14 h y la de sus metabolitos varía entre 2 y 25 h.</span></p>
