{"id":3582,"date":"2022-11-02T21:17:13","date_gmt":"2022-11-03T03:17:13","guid":{"rendered":"https:\/\/vitaminaselsalvador.net\/?post_type=product&#038;p=3582"},"modified":"2025-07-08T11:05:06","modified_gmt":"2025-07-08T17:05:06","slug":"aleve-220-mg-3-pack","status":"publish","type":"product","link":"https:\/\/vitaminaselsalvador.net\/index.php\/product\/aleve-220-mg-3-pack\/","title":{"rendered":"ALEVE 220 MG 3 PACK"},"content":{"rendered":"<p><strong><span style=\"color: #000000;\">PRECAUCIONES:<\/span><\/strong><\/p>\n<ul>\n<li><span style=\"color: #000000;\">No exceda la dosis recomendada. Consulte a su m\u00e9dico acerca de los posibles efectos secundarios antes de tomar este o cualquier otro medicamento si:<\/span><\/li>\n<li><span style=\"color: #000000;\">Se encuentra bajo vigilancia m\u00e9dica por cualquier condici\u00f3n seria; si el dolor o la fiebre empeoran.<\/span><\/li>\n<li><span style=\"color: #000000;\">Se presenta enrojecimiento o inflamaci\u00f3n en el \u00e1rea de dolor; si los s\u00edntomas no desaparecen o aparecen otros.<\/span><\/li>\n<li><span style=\"color: #000000;\">Si lo toma simult\u00e1neamente cuando consume alcohol.<\/span><\/li>\n<li><span style=\"color: #000000;\">Si est\u00e1 tomando cualquier otro medicamento, especialmente para tratamiento de epilepsia, \u00e1cido \u00farico y presi\u00f3n arterial (diur\u00e9ticos, anti-hipertensivos, etc).<\/span><\/li>\n<\/ul>\n<p><span style=\"color: #000000;\">En caso de sobredosis.<\/span><\/p>\n<ul>\n<li><span style=\"color: #000000;\">Pacientes con dieta hipos\u00f3dica: cada tableta contiene 20 mg de Sodio.<\/span><\/li>\n<li><span style=\"color: #000000;\">El naproxeno puede causar reacciones al\u00e9rgicas en pacientes con alergia al \u00e1cido acetilsalic\u00edlico y a otros AINES.<\/span><\/li>\n<li><span style=\"color: #000000;\">Precauci\u00f3n en pacientes con insuficiencia hep\u00e1tica, renal o cardiaca; en ancianos; o en pacientes con funci\u00f3n card\u00edaca reducida.<\/span><\/li>\n<li><span style=\"color: #000000;\">Este producto no est\u00e1 indicado para el dolor de origen gastrointestinal.<\/span><\/li>\n<li><span style=\"color: #000000;\">El sangrado gastrointestinal, ulceraci\u00f3n y perforaci\u00f3n se han reportado para todos los AINEs. El riesgo es aumentado con dosis mayores, en pacientes con historial de \u00falcera, particularmente si tuvo complicaciones de hemorragia o perforaci\u00f3n y en mayores de 65 a\u00f1os. La terapia combinada con agentes protectores se debe considerar para estos pacientes y para pacientes que requieren concomitantemente otros medicamentos como corticosteroides orales, anticoagulantes, ISRS (inhibidores selectivos de la recaptaci\u00f3n de serotonina) o antiagregantes plaquetarios.<\/span><\/li>\n<li><span style=\"color: #000000;\">El uso de AINEs puede estar asociado con un riesgo ligeramente aumentado a eventos tromb\u00f3ticos arteriales<\/span><\/li>\n<li><span style=\"color: #000000;\">Reacciones serias en la piel y en el h\u00edgado se han reportado muy raramente. Se debe descontinuar el tratamiento en la primera aparici\u00f3n de cualquier signo de hipersensibilidad, sangrado gastrointestinal o ulceraci\u00f3n.<\/span><\/li>\n<li><span style=\"color: #000000;\">Consulte a su m\u00e9dico si est\u00e1 intentando concebir. Este medicamento puede tener efectos en la ovulaci\u00f3n que son reversibles al descontinuar el tratamiento.<\/span><\/li>\n<li><span style=\"color: #000000;\">Consulte a su m\u00e9dico si est\u00e1 tomando ciclosporina, litio en dosis mayores a 15mg a la semana, otros analg\u00e9sicos, esteroides, diur\u00e9ticos, antihipertensivos, si presenta alteraciones de coagulaci\u00f3n o recibe medicamentos que influyen en la hemostasis.<\/span><\/li>\n<li><span style=\"color: #000000;\">Si presenta somnolencia, mareos, vertigo y\/o insomnio no maneje ni opere maquinaria.<\/span><\/li>\n<\/ul>\n","protected":false},"excerpt":{"rendered":"<p><span style=\"color: #000000;\">Aleve\u00ae es el analg\u00e9sico ideal para los fuertes dolores de cuerpo, articulaciones y espalda, gracias a su acci\u00f3n prolongada y poder anti-inflamatorio, brindando alivio hasta por 12 horas.<\/span><\/p>\n<p><strong><span style=\"color: #000000;\">COMPOSICI\u00d3N:<\/span><\/strong><\/p>\n<p><span style=\"color: #000000;\">Naproxeno S\u00f3dico 220 mg: Potente analg\u00e9sico de larga duraci\u00f3n y Anti-inflamatorio.<\/span><\/p>\n<p><strong><span style=\"color: #000000;\">CONTRAINDICACIONES:<\/span><\/strong><\/p>\n<p><span style=\"color: #000000;\">No utilizar si tiene hipersensibilidad conocida al naproxeno o a cualquier otro ingrediente del producto; urticaria o alergia a otros antiinflamatorios; historial de sangrado gastrointestinal, \u00falcera p\u00e9ptica recurrente o perforaci\u00f3n; en pacientes con \u00falcera p\u00e9ptica activa o hemorragia; en fallo card\u00edaco severo. No utilice este producto por m\u00e1s de 3 d\u00edas por fiebre o por m\u00e1s de 10 d\u00edas por dolor. No utilizar en pacientes asm\u00e1ticos, que padezcan de rinitis, p\u00f3lipos nasales o angioedema; colitis ulcerosa; insuficiencia hep\u00e1tica y\/o renal severa. Evite el uso de este producto si est\u00e1 en per\u00edodo de lactancia. No utilizar durante el embarazo, a menos que sea claramente necesario y bajo prescripci\u00f3n m\u00e9dica.<\/span><\/p>\n","protected":false},"featured_media":3612,"comment_status":"closed","ping_status":"closed","template":"","meta":{"_kad_post_transparent":"","_kad_post_title":"","_kad_post_layout":"","_kad_post_sidebar_id":"","_kad_post_content_style":"","_kad_post_vertical_padding":"","_kad_post_feature":"","_kad_post_feature_position":"","_kad_post_header":false,"_kad_post_footer":false},"product_brand":[],"product_cat":[1160],"product_tag":[1194,1207,708,1162,1215,1270,503,917],"class_list":{"0":"post-3582","1":"product","2":"type-product","3":"status-publish","4":"has-post-thumbnail","6":"product_cat-sin-categorizar","7":"product_tag-alivio","8":"product_tag-analgesico","9":"product_tag-antiinflamatorio","10":"product_tag-articulaciones","11":"product_tag-dolor","12":"product_tag-dolor-de-cuerpo","13":"product_tag-dolor-de-espalda","14":"product_tag-inflamacion","16":"first","17":"instock","18":"shipping-taxable","19":"product-type-simple","20":"entry","21":"content-bg","22":"loop-entry"},"_links":{"self":[{"href":"https:\/\/vitaminaselsalvador.net\/index.php\/wp-json\/wp\/v2\/product\/3582","targetHints":{"allow":["GET"]}}],"collection":[{"href":"https:\/\/vitaminaselsalvador.net\/index.php\/wp-json\/wp\/v2\/product"}],"about":[{"href":"https:\/\/vitaminaselsalvador.net\/index.php\/wp-json\/wp\/v2\/types\/product"}],"replies":[{"embeddable":true,"href":"https:\/\/vitaminaselsalvador.net\/index.php\/wp-json\/wp\/v2\/comments?post=3582"}],"wp:featuredmedia":[{"embeddable":true,"href":"https:\/\/vitaminaselsalvador.net\/index.php\/wp-json\/wp\/v2\/media\/3612"}],"wp:attachment":[{"href":"https:\/\/vitaminaselsalvador.net\/index.php\/wp-json\/wp\/v2\/media?parent=3582"}],"wp:term":[{"taxonomy":"product_brand","embeddable":true,"href":"https:\/\/vitaminaselsalvador.net\/index.php\/wp-json\/wp\/v2\/product_brand?post=3582"},{"taxonomy":"product_cat","embeddable":true,"href":"https:\/\/vitaminaselsalvador.net\/index.php\/wp-json\/wp\/v2\/product_cat?post=3582"},{"taxonomy":"product_tag","embeddable":true,"href":"https:\/\/vitaminaselsalvador.net\/index.php\/wp-json\/wp\/v2\/product_tag?post=3582"}],"curies":[{"name":"wp","href":"https:\/\/api.w.org\/{rel}","templated":true}]}}