{"id":3580,"date":"2022-11-02T21:17:13","date_gmt":"2022-11-03T03:17:13","guid":{"rendered":"https:\/\/vitaminaselsalvador.net\/?post_type=product&#038;p=3580"},"modified":"2025-07-08T11:05:06","modified_gmt":"2025-07-08T17:05:06","slug":"rinokem-10-mg-50-tabletas","status":"publish","type":"product","link":"https:\/\/vitaminaselsalvador.net\/index.php\/product\/rinokem-10-mg-50-tabletas\/","title":{"rendered":"RINOKEM 10 mg 50 Tabletas"},"content":{"rendered":"<p><strong><span style=\"color: #000000;\">USO:<\/span><\/strong><\/p>\n<p><span style=\"color: #000000;\">Tratamiento sintom\u00e1tico de procesos al\u00e9rgicos tales como rinitis al\u00e9rgica estacional y perenne y sus manifestaciones:<\/span><\/p>\n<ul>\n<li><span style=\"color: #000000;\">Secreci\u00f3n nasal<\/span><\/li>\n<li><span style=\"color: #000000;\">Picaz\u00f3n de ojos<\/span><\/li>\n<li><span style=\"color: #000000;\">Nariz y\/o garganta<\/span><\/li>\n<li><span style=\"color: #000000;\">Lagrimeo<\/span><\/li>\n<li><span style=\"color: #000000;\">Estornudos<\/span><\/li>\n<li><span style=\"color: #000000;\">Alergia de la piel<\/span><\/li>\n<li><span style=\"color: #000000;\">Nariz roja<\/span><\/li>\n<li><span style=\"color: #000000;\">Urticaria cr\u00f3nica<\/span><\/li>\n<\/ul>\n","protected":false},"excerpt":{"rendered":"<p><strong><span style=\"color: #000000;\">INDICACIONES:<\/span><\/strong><\/p>\n<p><span style=\"color: #000000;\">Alivio de los s\u00edntomas nasales y oculares de la rinitis al\u00e9rgica estacional y perenne. Alivio de los s\u00edntomas de la urticaria cr\u00f3nica idiop\u00e1tica<\/span><\/p>\n<ul>\n<li><span style=\"color: #000000;\">Cetirizina<\/span><\/li>\n<li><span style=\"color: #000000;\">Venta sin receta m\u00e9dica<\/span><\/li>\n<\/ul>\n","protected":false},"featured_media":3610,"comment_status":"closed","ping_status":"closed","template":"","meta":{"_kad_post_transparent":"","_kad_post_title":"","_kad_post_layout":"","_kad_post_sidebar_id":"","_kad_post_content_style":"","_kad_post_vertical_padding":"","_kad_post_feature":"","_kad_post_feature_position":"","_kad_post_header":false,"_kad_post_footer":false},"product_brand":[],"product_cat":[443],"product_tag":[1259,1194,826,1260,1261,1262,1263,1264,1265],"class_list":{"0":"post-3580","1":"product","2":"type-product","3":"status-publish","4":"has-post-thumbnail","6":"product_cat-laboratorios-medikem","7":"product_tag-alergico","8":"product_tag-alivio","9":"product_tag-estornudo","10":"product_tag-lagrimeo","11":"product_tag-nariz-roja","12":"product_tag-nasales","13":"product_tag-oculares","14":"product_tag-rinitis","15":"product_tag-urticaria","17":"first","18":"instock","19":"shipping-taxable","20":"purchasable","21":"product-type-simple","22":"entry","23":"content-bg","24":"loop-entry"},"_links":{"self":[{"href":"https:\/\/vitaminaselsalvador.net\/index.php\/wp-json\/wp\/v2\/product\/3580","targetHints":{"allow":["GET"]}}],"collection":[{"href":"https:\/\/vitaminaselsalvador.net\/index.php\/wp-json\/wp\/v2\/product"}],"about":[{"href":"https:\/\/vitaminaselsalvador.net\/index.php\/wp-json\/wp\/v2\/types\/product"}],"replies":[{"embeddable":true,"href":"https:\/\/vitaminaselsalvador.net\/index.php\/wp-json\/wp\/v2\/comments?post=3580"}],"wp:featuredmedia":[{"embeddable":true,"href":"https:\/\/vitaminaselsalvador.net\/index.php\/wp-json\/wp\/v2\/media\/3610"}],"wp:attachment":[{"href":"https:\/\/vitaminaselsalvador.net\/index.php\/wp-json\/wp\/v2\/media?parent=3580"}],"wp:term":[{"taxonomy":"product_brand","embeddable":true,"href":"https:\/\/vitaminaselsalvador.net\/index.php\/wp-json\/wp\/v2\/product_brand?post=3580"},{"taxonomy":"product_cat","embeddable":true,"href":"https:\/\/vitaminaselsalvador.net\/index.php\/wp-json\/wp\/v2\/product_cat?post=3580"},{"taxonomy":"product_tag","embeddable":true,"href":"https:\/\/vitaminaselsalvador.net\/index.php\/wp-json\/wp\/v2\/product_tag?post=3580"}],"curies":[{"name":"wp","href":"https:\/\/api.w.org\/{rel}","templated":true}]}}

<p><strong><span style="color: #000000;">USO:</span></strong></p>
<p><span style="color: #000000;">Tratamiento sintomático de procesos alérgicos tales como rinitis alérgica estacional y perenne y sus manifestaciones:</span></p>
<ul>
<li><span style="color: #000000;">Secreción nasal</span></li>
<li><span style="color: #000000;">Picazón de ojos</span></li>
<li><span style="color: #000000;">Nariz y/o garganta</span></li>
<li><span style="color: #000000;">Lagrimeo</span></li>
<li><span style="color: #000000;">Estornudos</span></li>
<li><span style="color: #000000;">Alergia de la piel</span></li>
<li><span style="color: #000000;">Nariz roja</span></li>
<li><span style="color: #000000;">Urticaria crónica</span></li>
</ul>

<p><strong><span style="color: #000000;">INDICACIONES:</span></strong></p>
<p><span style="color: #000000;">Alivio de los síntomas nasales y oculares de la rinitis alérgica estacional y perenne. Alivio de los síntomas de la urticaria crónica idiopática</span></p>
<ul>
<li><span style="color: #000000;">Cetirizina</span></li>
<li><span style="color: #000000;">Venta sin receta médica</span></li>
</ul>
