{"id":3579,"date":"2022-11-02T21:17:13","date_gmt":"2022-11-03T03:17:13","guid":{"rendered":"https:\/\/vitaminaselsalvador.net\/?post_type=product&#038;p=3579"},"modified":"2025-07-08T11:05:05","modified_gmt":"2025-07-08T17:05:05","slug":"acetosil-96-tabletas","status":"publish","type":"product","link":"https:\/\/vitaminaselsalvador.net\/index.php\/product\/acetosil-96-tabletas\/","title":{"rendered":"Acetosil 96 tabletas"},"content":{"rendered":"<p><strong><span style=\"color: #000000;\">DOSIS:<\/span><\/strong><\/p>\n<p><span style=\"color: #000000;\">Adultos: Tomar una o dos tabletas cada 6 u 8 horas dependiendo de la intensidad del dolor.<\/span><br \/>\n<span style=\"color: #000000;\">Dosis m\u00e1xima de 24 horas: 8 tabletas.<\/span><\/p>\n<p><strong><span style=\"color: #000000;\">COMPOSICI\u00d3N:<\/span><\/strong><\/p>\n<p><span style=\"color: #000000;\">Cada tableta contiene: Acetaminof\u00e9n 500 mg.<\/span><\/p>\n<p><strong><span style=\"color: #000000;\">CONTRA-INDICACIONES:<\/span><\/strong><\/p>\n<p><span style=\"color: #000000;\">No tomar junto a otros productos que contenga acetaminof\u00e9n. Hipersensibilidad a la f\u00f3rmula.<\/span><\/p>\n","protected":false},"excerpt":{"rendered":"<p><span style=\"color: #000000;\">Bolsa X 96 tabletas.<\/span><\/p>\n<p><strong><span style=\"color: #000000;\">INDICACIONES Y ACCI\u00d3N TERAP\u00c9UTICA:<\/span><\/strong><\/p>\n<p><span style=\"color: #000000;\">Dolor muscular, neuralgia, bursitis, malestar menstrual, fiebre a consecuencia de procesos gripales y resfriado com\u00fan; dolores debido a extracciones dentales, artr\u00edticos y reum\u00e1ticos.<\/span><\/p>\n","protected":false},"featured_media":3609,"comment_status":"closed","ping_status":"closed","template":"","meta":{"_kad_post_transparent":"","_kad_post_title":"","_kad_post_layout":"","_kad_post_sidebar_id":"","_kad_post_content_style":"","_kad_post_vertical_padding":"","_kad_post_feature":"","_kad_post_feature_position":"","_kad_post_header":false,"_kad_post_footer":false},"product_brand":[],"product_cat":[424],"product_tag":[216,1257,1051,1215,221,1090,1258,652],"class_list":{"0":"post-3579","1":"product","2":"type-product","3":"status-publish","4":"has-post-thumbnail","6":"product_cat-laboratorios-suizos","7":"product_tag-acetaminofen","8":"product_tag-acetosil","9":"product_tag-bursitis","10":"product_tag-dolor","11":"product_tag-fiebre","12":"product_tag-gripe","13":"product_tag-neuralgia","14":"product_tag-resfriado","16":"first","17":"instock","18":"shipping-taxable","19":"purchasable","20":"product-type-simple","21":"entry","22":"content-bg","23":"loop-entry"},"_links":{"self":[{"href":"https:\/\/vitaminaselsalvador.net\/index.php\/wp-json\/wp\/v2\/product\/3579","targetHints":{"allow":["GET"]}}],"collection":[{"href":"https:\/\/vitaminaselsalvador.net\/index.php\/wp-json\/wp\/v2\/product"}],"about":[{"href":"https:\/\/vitaminaselsalvador.net\/index.php\/wp-json\/wp\/v2\/types\/product"}],"replies":[{"embeddable":true,"href":"https:\/\/vitaminaselsalvador.net\/index.php\/wp-json\/wp\/v2\/comments?post=3579"}],"wp:featuredmedia":[{"embeddable":true,"href":"https:\/\/vitaminaselsalvador.net\/index.php\/wp-json\/wp\/v2\/media\/3609"}],"wp:attachment":[{"href":"https:\/\/vitaminaselsalvador.net\/index.php\/wp-json\/wp\/v2\/media?parent=3579"}],"wp:term":[{"taxonomy":"product_brand","embeddable":true,"href":"https:\/\/vitaminaselsalvador.net\/index.php\/wp-json\/wp\/v2\/product_brand?post=3579"},{"taxonomy":"product_cat","embeddable":true,"href":"https:\/\/vitaminaselsalvador.net\/index.php\/wp-json\/wp\/v2\/product_cat?post=3579"},{"taxonomy":"product_tag","embeddable":true,"href":"https:\/\/vitaminaselsalvador.net\/index.php\/wp-json\/wp\/v2\/product_tag?post=3579"}],"curies":[{"name":"wp","href":"https:\/\/api.w.org\/{rel}","templated":true}]}}