{"id":3575,"date":"2022-11-02T21:17:12","date_gmt":"2022-11-03T03:17:12","guid":{"rendered":"https:\/\/vitaminaselsalvador.net\/?post_type=product&#038;p=3575"},"modified":"2025-07-08T11:05:05","modified_gmt":"2025-07-08T17:05:05","slug":"echinasil-x-48-tabletas","status":"publish","type":"product","link":"https:\/\/vitaminaselsalvador.net\/index.php\/product\/echinasil-x-48-tabletas\/","title":{"rendered":"ECHINASIL X 48 TABLETAS"},"content":{"rendered":"<p><strong><span style=\"color: #000000;\">CONTRA-INDICACIONES:<\/span><\/strong><br \/>\n<span style=\"color: #000000;\">Hipersensibilidad al componente<\/span><\/p>\n<p><strong><span style=\"color: #000000;\">COMPOSICI\u00d3N:<\/span><\/strong><br \/>\n<span style=\"color: #000000;\">Cada tableta contienen:<\/span><\/p>\n<p><span style=\"color: #000000;\">Sauco &#8212;&#8212;&#8212;&#8212;&#8212;&#8212;&#8212;&#8212;&#8212;&#8212; 3.00MG<\/span><br \/>\n<span style=\"color: #000000;\">Allium sativam &#8212;&#8212;&#8212;&#8212;&#8212;&#8212;&#8211; 1.00MG<\/span><br \/>\n<span style=\"color: #000000;\">Estracto de Echinacea &#8212;&#8212;&#8212; 100.00MG<\/span><br \/>\n<span style=\"color: #000000;\">Extracto Seco de Bromelina &#8212; 50.00MG<\/span><br \/>\n<span style=\"color: #000000;\">Papaina &#8212;&#8212;&#8212;&#8212;&#8212;&#8212;&#8212;&#8212;&#8212;&#8211; 30.00MG<\/span><br \/>\n<span style=\"color: #000000;\">Ginseng &#8212;&#8212;&#8212;&#8212;&#8212;&#8212;&#8212;&#8212;&#8212;&#8211; 10.00MG<\/span><\/p>\n","protected":false},"excerpt":{"rendered":"<p><strong><span style=\"color: #000000;\">INDICACIONES:<\/span><\/strong><br \/>\n<span style=\"color: #000000;\">Echinasil est\u00e1 formulado a base de Echinacea, sustancia natural que mejora y aumenta la capacidad defensiva del sistema inmunol\u00f3gico, reduce la derivaci\u00f3n de las infecciones y catarros, disminuyendo los s\u00edntomas de los mismos.<\/span><\/p>\n<p><strong><span style=\"color: #000000;\">DOSIS:<\/span><\/strong><br \/>\n<span style=\"color: #000000;\">Tomar una tableta 3 veces al d\u00eda, entre comidas, por ocho semanas, luego interrumpir una semana y repetir si fuese necesario.<\/span><\/p>\n","protected":false},"featured_media":3605,"comment_status":"closed","ping_status":"closed","template":"","meta":{"_kad_post_transparent":"","_kad_post_title":"","_kad_post_layout":"","_kad_post_sidebar_id":"","_kad_post_content_style":"","_kad_post_vertical_padding":"","_kad_post_feature":"","_kad_post_feature_position":"","_kad_post_header":false,"_kad_post_footer":false},"product_brand":[],"product_cat":[424],"product_tag":[1232,1233,1234,1235,1236,1237,1238,1239],"class_list":{"0":"post-3575","1":"product","2":"type-product","3":"status-publish","4":"has-post-thumbnail","6":"product_cat-laboratorios-suizos","7":"product_tag-catarro","8":"product_tag-defensas","9":"product_tag-derivacion","10":"product_tag-echinacea","11":"product_tag-infeccion","12":"product_tag-reducir","13":"product_tag-sintomas","14":"product_tag-sistema-inmunologico","16":"first","17":"instock","18":"shipping-taxable","19":"purchasable","20":"product-type-simple","21":"entry","22":"content-bg","23":"loop-entry"},"_links":{"self":[{"href":"https:\/\/vitaminaselsalvador.net\/index.php\/wp-json\/wp\/v2\/product\/3575","targetHints":{"allow":["GET"]}}],"collection":[{"href":"https:\/\/vitaminaselsalvador.net\/index.php\/wp-json\/wp\/v2\/product"}],"about":[{"href":"https:\/\/vitaminaselsalvador.net\/index.php\/wp-json\/wp\/v2\/types\/product"}],"replies":[{"embeddable":true,"href":"https:\/\/vitaminaselsalvador.net\/index.php\/wp-json\/wp\/v2\/comments?post=3575"}],"wp:featuredmedia":[{"embeddable":true,"href":"https:\/\/vitaminaselsalvador.net\/index.php\/wp-json\/wp\/v2\/media\/3605"}],"wp:attachment":[{"href":"https:\/\/vitaminaselsalvador.net\/index.php\/wp-json\/wp\/v2\/media?parent=3575"}],"wp:term":[{"taxonomy":"product_brand","embeddable":true,"href":"https:\/\/vitaminaselsalvador.net\/index.php\/wp-json\/wp\/v2\/product_brand?post=3575"},{"taxonomy":"product_cat","embeddable":true,"href":"https:\/\/vitaminaselsalvador.net\/index.php\/wp-json\/wp\/v2\/product_cat?post=3575"},{"taxonomy":"product_tag","embeddable":true,"href":"https:\/\/vitaminaselsalvador.net\/index.php\/wp-json\/wp\/v2\/product_tag?post=3575"}],"curies":[{"name":"wp","href":"https:\/\/api.w.org\/{rel}","templated":true}]}}

<p><strong><span style="color: #000000;">CONTRA-INDICACIONES:</span></strong><br />
<span style="color: #000000;">Hipersensibilidad al componente</span></p>
<p><strong><span style="color: #000000;">COMPOSICIÓN:</span></strong><br />
<span style="color: #000000;">Cada tableta contienen:</span></p>
<p><span style="color: #000000;">Sauco &#8212;&#8212;&#8212;&#8212;&#8212;&#8212;&#8212;&#8212;&#8212;&#8212; 3.00MG</span><br />
<span style="color: #000000;">Allium sativam &#8212;&#8212;&#8212;&#8212;&#8212;&#8212;&#8211; 1.00MG</span><br />
<span style="color: #000000;">Estracto de Echinacea &#8212;&#8212;&#8212; 100.00MG</span><br />
<span style="color: #000000;">Extracto Seco de Bromelina &#8212; 50.00MG</span><br />
<span style="color: #000000;">Papaina &#8212;&#8212;&#8212;&#8212;&#8212;&#8212;&#8212;&#8212;&#8212;&#8211; 30.00MG</span><br />
<span style="color: #000000;">Ginseng &#8212;&#8212;&#8212;&#8212;&#8212;&#8212;&#8212;&#8212;&#8212;&#8211; 10.00MG</span></p>

<p><strong><span style="color: #000000;">INDICACIONES:</span></strong><br />
<span style="color: #000000;">Echinasil está formulado a base de Echinacea, sustancia natural que mejora y aumenta la capacidad defensiva del sistema inmunológico, reduce la derivación de las infecciones y catarros, disminuyendo los síntomas de los mismos.</span></p>
<p><strong><span style="color: #000000;">DOSIS:</span></strong><br />
<span style="color: #000000;">Tomar una tableta 3 veces al día, entre comidas, por ocho semanas, luego interrumpir una semana y repetir si fuese necesario.</span></p>
