{"id":3557,"date":"2022-11-02T21:16:47","date_gmt":"2022-11-03T03:16:47","guid":{"rendered":"https:\/\/vitaminaselsalvador.net\/?post_type=product&#038;p=3557"},"modified":"2025-07-08T11:05:03","modified_gmt":"2025-07-08T17:05:03","slug":"zorritone-100-caramelos","status":"publish","type":"product","link":"https:\/\/vitaminaselsalvador.net\/index.php\/product\/zorritone-100-caramelos\/","title":{"rendered":"ZORRITONE 100 Caramelos"},"content":{"rendered":"<p><span style=\"color: #000000;\">CONTRAINDICACIONES<\/span><\/p>\n<ul>\n<li><span style=\"color: #000000;\">Se debe tener cuidado si se tiene hipersensibilidad a cualquiera de los componentes de la f\u00f3rmula.<\/span><\/li>\n<li><span style=\"color: #000000;\">Este contiene Sacarosa por lo que no debe ser administrado en pacientes con intolerancia hereditaria a la fructosa, mala absorci\u00f3n a la glucosa o galactosa o deficiencia de sacarosa isomaltasa.<\/span><\/li>\n<li><span style=\"color: #000000;\">Contiene glucosa, no administrar en pacientes con intolerancia hereditaria a la galactosa o mala absorci\u00f3n a la glucosa o galactosa.<\/span><\/li>\n<li><span style=\"color: #000000;\">Se debe tener un estricto cuidada en pacientes con diabetes mellitus. Debido a la presencia de mentol en la f\u00f3rmula se debe evitar el consumo excesivo, para evitar irritaci\u00f3n g\u00e1strica. No se han reportado efectos secundarios asociados al consumo de Caramelos Zorritone en las dosis sugeridas.<\/span><\/li>\n<li><span style=\"color: #000000;\">La sobredosis accidental puede presentar s\u00edntomas como n\u00e1useas y dolor abdominal, se recomienda en caso de sobredosis lavar la boca con agua, administrar abundante agua, no inducir al v\u00f3mito y buscar atenci\u00f3n m\u00e9dica inmediatamente.<\/span><\/li>\n<\/ul>\n","protected":false},"excerpt":{"rendered":"<p><span style=\"color: #000000;\">Es un medicamento que alivia cuando la garganta est\u00e1 irritada por causa de los malestares comunes de la tos,resfriados y gripes, proporcion\u00e1ndole adem\u00e1s un agradable y fresco aliento.<\/span><\/p>\n","protected":false},"featured_media":3597,"comment_status":"closed","ping_status":"closed","template":"","meta":{"_kad_post_transparent":"","_kad_post_title":"","_kad_post_layout":"","_kad_post_sidebar_id":"","_kad_post_content_style":"","_kad_post_vertical_padding":"","_kad_post_feature":"","_kad_post_feature_position":"","_kad_post_header":false,"_kad_post_footer":false},"product_brand":[],"product_cat":[897],"product_tag":[1194,1195,680,1090,1196,1197,652,619],"class_list":{"0":"post-3557","1":"product","2":"type-product","3":"status-publish","4":"has-post-thumbnail","6":"product_cat-laboratorios-ancalmo","7":"product_tag-alivio","8":"product_tag-caramelo","9":"product_tag-garganta","10":"product_tag-gripe","11":"product_tag-irritacion","12":"product_tag-malestar","13":"product_tag-resfriado","14":"product_tag-tos","16":"first","17":"instock","18":"shipping-taxable","19":"purchasable","20":"product-type-simple","21":"entry","22":"content-bg","23":"loop-entry"},"_links":{"self":[{"href":"https:\/\/vitaminaselsalvador.net\/index.php\/wp-json\/wp\/v2\/product\/3557","targetHints":{"allow":["GET"]}}],"collection":[{"href":"https:\/\/vitaminaselsalvador.net\/index.php\/wp-json\/wp\/v2\/product"}],"about":[{"href":"https:\/\/vitaminaselsalvador.net\/index.php\/wp-json\/wp\/v2\/types\/product"}],"replies":[{"embeddable":true,"href":"https:\/\/vitaminaselsalvador.net\/index.php\/wp-json\/wp\/v2\/comments?post=3557"}],"wp:featuredmedia":[{"embeddable":true,"href":"https:\/\/vitaminaselsalvador.net\/index.php\/wp-json\/wp\/v2\/media\/3597"}],"wp:attachment":[{"href":"https:\/\/vitaminaselsalvador.net\/index.php\/wp-json\/wp\/v2\/media?parent=3557"}],"wp:term":[{"taxonomy":"product_brand","embeddable":true,"href":"https:\/\/vitaminaselsalvador.net\/index.php\/wp-json\/wp\/v2\/product_brand?post=3557"},{"taxonomy":"product_cat","embeddable":true,"href":"https:\/\/vitaminaselsalvador.net\/index.php\/wp-json\/wp\/v2\/product_cat?post=3557"},{"taxonomy":"product_tag","embeddable":true,"href":"https:\/\/vitaminaselsalvador.net\/index.php\/wp-json\/wp\/v2\/product_tag?post=3557"}],"curies":[{"name":"wp","href":"https:\/\/api.w.org\/{rel}","templated":true}]}}