{"id":3552,"date":"2022-11-02T21:16:46","date_gmt":"2022-11-03T03:16:46","guid":{"rendered":"https:\/\/vitaminaselsalvador.net\/?post_type=product&#038;p=3552"},"modified":"2025-07-08T11:05:03","modified_gmt":"2025-07-08T17:05:03","slug":"ambroxol-jarabe-120-ml-duo-pack","status":"publish","type":"product","link":"https:\/\/vitaminaselsalvador.net\/index.php\/product\/ambroxol-jarabe-120-ml-duo-pack\/","title":{"rendered":"AMBROXOL Jarabe 120 ml D\u00daO PACK"},"content":{"rendered":"<p><strong><span style=\"color: #000000;\">Dosis: <\/span><\/strong><br \/>\n<span style=\"color: #000000;\">Salvo prescripci\u00f3n m\u00e9dica se recomienda: <\/span><br \/>\n<span style=\"color: #000000;\">Adultos y ni\u00f1os mayores de 12 a\u00f1os: 2 cucharaditas (10 mL) 3 veces al dia. <\/span><br \/>\n<span style=\"color: #000000;\">Ni\u00f1os de 6 a 12 a\u00f1os: 1 cucharadita (5 mL) 2-3 veces al d\u00eda. <\/span><br \/>\n<span style=\"color: #000000;\">Ni\u00f1os de 2 a 6 a\u00f1os: 1\/2 cucharadita (2.5 mL) 2 &#8211; 3 veces al dia. <\/span><br \/>\n<span style=\"color: #000000;\">Ni\u00f1os menores de 2 a\u00f1os: 1\/2 cucharadita (2.5 mL) 2 veces al d\u00eda.<\/span><\/p>\n<p><span style=\"color: #000000;\">Consulte a su m\u00e9dico antes de utilizar este producto en caso de embarazo, lactancia, pacientes con \u00falceras g\u00e1stricas, gastritis, problemas renales o del h\u00edgado. En raros casos se presentan efectos secundarios como: trastornos gastrointestinales (diarrea, n\u00e1useas, v\u00f3mito). En caso de hipersensibilidad a algunos componentes, suspenda su uso.<\/span><\/p>\n","protected":false},"excerpt":{"rendered":"<p><strong><span style=\"color: #000000;\">INDICACIONES. <\/span><\/strong><br \/>\n<span style=\"color: #000000;\">(Via de Administraci\u00f3n: ORAL) <\/span><br \/>\n<span style=\"color: #000000;\">Enfermedades de las v\u00edas respiratorias.Fluidifica y disuelve el moco y flema, facilitando su expulsi\u00f3n. Alivio de tos y pecho congestionado, debido a irritaci\u00f3n bronquial y de garganta asociados con catarro com\u00fan. <\/span><br \/>\n<span style=\"color: #000000;\">No contiene alcohol, az\u00facar ni colorantes.<\/span><\/p>\n","protected":false},"featured_media":3568,"comment_status":"closed","ping_status":"closed","template":"","meta":{"_kad_post_transparent":"","_kad_post_title":"","_kad_post_layout":"","_kad_post_sidebar_id":"","_kad_post_content_style":"","_kad_post_vertical_padding":"","_kad_post_feature":"","_kad_post_feature_position":"","_kad_post_header":false,"_kad_post_footer":false},"product_brand":[],"product_cat":[1166],"product_tag":[1167,1168,1169,1170,1171,619,1172],"class_list":{"0":"post-3552","1":"product","2":"type-product","3":"status-publish","4":"has-post-thumbnail","6":"product_cat-laboratorios-nordic","7":"product_tag-catarro-comun","8":"product_tag-flema","9":"product_tag-irritacion-bronquial","10":"product_tag-irritacion-de-garganta","11":"product_tag-pecho-congestionado","12":"product_tag-tos","13":"product_tag-vias-respiratorias","15":"first","16":"instock","17":"shipping-taxable","18":"purchasable","19":"product-type-simple","20":"entry","21":"content-bg","22":"loop-entry"},"_links":{"self":[{"href":"https:\/\/vitaminaselsalvador.net\/index.php\/wp-json\/wp\/v2\/product\/3552","targetHints":{"allow":["GET"]}}],"collection":[{"href":"https:\/\/vitaminaselsalvador.net\/index.php\/wp-json\/wp\/v2\/product"}],"about":[{"href":"https:\/\/vitaminaselsalvador.net\/index.php\/wp-json\/wp\/v2\/types\/product"}],"replies":[{"embeddable":true,"href":"https:\/\/vitaminaselsalvador.net\/index.php\/wp-json\/wp\/v2\/comments?post=3552"}],"wp:featuredmedia":[{"embeddable":true,"href":"https:\/\/vitaminaselsalvador.net\/index.php\/wp-json\/wp\/v2\/media\/3568"}],"wp:attachment":[{"href":"https:\/\/vitaminaselsalvador.net\/index.php\/wp-json\/wp\/v2\/media?parent=3552"}],"wp:term":[{"taxonomy":"product_brand","embeddable":true,"href":"https:\/\/vitaminaselsalvador.net\/index.php\/wp-json\/wp\/v2\/product_brand?post=3552"},{"taxonomy":"product_cat","embeddable":true,"href":"https:\/\/vitaminaselsalvador.net\/index.php\/wp-json\/wp\/v2\/product_cat?post=3552"},{"taxonomy":"product_tag","embeddable":true,"href":"https:\/\/vitaminaselsalvador.net\/index.php\/wp-json\/wp\/v2\/product_tag?post=3552"}],"curies":[{"name":"wp","href":"https:\/\/api.w.org\/{rel}","templated":true}]}}

AMBROXOL Jarabe 120 ml DÚO PACK

<p><strong><span style="color: #000000;">Dosis: </span></strong><br />
<span style="color: #000000;">Salvo prescripción médica se recomienda: </span><br />
<span style="color: #000000;">Adultos y niños mayores de 12 años: 2 cucharaditas (10 mL) 3 veces al dia. </span><br />
<span style="color: #000000;">Niños de 6 a 12 años: 1 cucharadita (5 mL) 2-3 veces al día. </span><br />
<span style="color: #000000;">Niños de 2 a 6 años: 1/2 cucharadita (2.5 mL) 2 &#8211; 3 veces al dia. </span><br />
<span style="color: #000000;">Niños menores de 2 años: 1/2 cucharadita (2.5 mL) 2 veces al día.</span></p>
<p><span style="color: #000000;">Consulte a su médico antes de utilizar este producto en caso de embarazo, lactancia, pacientes con úlceras gástricas, gastritis, problemas renales o del hígado. En raros casos se presentan efectos secundarios como: trastornos gastrointestinales (diarrea, náuseas, vómito). En caso de hipersensibilidad a algunos componentes, suspenda su uso.</span></p>

<p><strong><span style="color: #000000;">INDICACIONES. </span></strong><br />
<span style="color: #000000;">(Via de Administración: ORAL) </span><br />
<span style="color: #000000;">Enfermedades de las vías respiratorias.Fluidifica y disuelve el moco y flema, facilitando su expulsión. Alivio de tos y pecho congestionado, debido a irritación bronquial y de garganta asociados con catarro común. </span><br />
<span style="color: #000000;">No contiene alcohol, azúcar ni colorantes.</span></p>
