{"id":3548,"date":"2022-11-02T21:16:46","date_gmt":"2022-11-03T03:16:46","guid":{"rendered":"https:\/\/vitaminaselsalvador.net\/?post_type=product&#038;p=3548"},"modified":"2025-07-08T11:05:02","modified_gmt":"2025-07-08T17:05:02","slug":"ventolin-inhalador-100mcg-x-200-dosis","status":"publish","type":"product","link":"https:\/\/vitaminaselsalvador.net\/index.php\/product\/ventolin-inhalador-100mcg-x-200-dosis\/","title":{"rendered":"VENTOLIN INHALADOR 100MCG X 200 DOSIS"},"content":{"rendered":"<p>INDICACIONES<br \/>\nVentolin se utiliza en el tratamiento del espasmo bronquial grave (cierre de conductos de aire en los pulmones) asociado a las crisis asm\u00e1ticas y en otros procesos asociados a la obstrucci\u00f3n reversible de las v\u00edas respiratorias.<br \/>\n\u00c9stas son un grupo de enfermedades pulmonares que causan inflamaci\u00f3n de las v\u00edas respiratorias ocasionando un bloqueo en el flujo de aire en los pulmones.<\/p>\n","protected":false},"excerpt":{"rendered":"<p>FORMULA<br \/>\nSalbutamol&#8212;&#8212;&#8212;&#8211;100.00MCG<\/p>\n","protected":false},"featured_media":3565,"comment_status":"closed","ping_status":"closed","template":"","meta":{"_kad_post_transparent":"","_kad_post_title":"","_kad_post_layout":"","_kad_post_sidebar_id":"","_kad_post_content_style":"","_kad_post_vertical_padding":"","_kad_post_feature":"","_kad_post_feature_position":"","_kad_post_header":false,"_kad_post_footer":false},"product_brand":[],"product_cat":[1160],"product_tag":[],"class_list":{"0":"post-3548","1":"product","2":"type-product","3":"status-publish","4":"has-post-thumbnail","6":"product_cat-sin-categorizar","8":"first","9":"instock","10":"shipping-taxable","11":"purchasable","12":"product-type-simple","13":"entry","14":"content-bg","15":"loop-entry"},"_links":{"self":[{"href":"https:\/\/vitaminaselsalvador.net\/index.php\/wp-json\/wp\/v2\/product\/3548","targetHints":{"allow":["GET"]}}],"collection":[{"href":"https:\/\/vitaminaselsalvador.net\/index.php\/wp-json\/wp\/v2\/product"}],"about":[{"href":"https:\/\/vitaminaselsalvador.net\/index.php\/wp-json\/wp\/v2\/types\/product"}],"replies":[{"embeddable":true,"href":"https:\/\/vitaminaselsalvador.net\/index.php\/wp-json\/wp\/v2\/comments?post=3548"}],"wp:featuredmedia":[{"embeddable":true,"href":"https:\/\/vitaminaselsalvador.net\/index.php\/wp-json\/wp\/v2\/media\/3565"}],"wp:attachment":[{"href":"https:\/\/vitaminaselsalvador.net\/index.php\/wp-json\/wp\/v2\/media?parent=3548"}],"wp:term":[{"taxonomy":"product_brand","embeddable":true,"href":"https:\/\/vitaminaselsalvador.net\/index.php\/wp-json\/wp\/v2\/product_brand?post=3548"},{"taxonomy":"product_cat","embeddable":true,"href":"https:\/\/vitaminaselsalvador.net\/index.php\/wp-json\/wp\/v2\/product_cat?post=3548"},{"taxonomy":"product_tag","embeddable":true,"href":"https:\/\/vitaminaselsalvador.net\/index.php\/wp-json\/wp\/v2\/product_tag?post=3548"}],"curies":[{"name":"wp","href":"https:\/\/api.w.org\/{rel}","templated":true}]}}