{"id":3457,"date":"2022-11-02T21:15:52","date_gmt":"2022-11-03T03:15:52","guid":{"rendered":"https:\/\/vitaminaselsalvador.net\/?post_type=product&#038;p=3457"},"modified":"2025-07-08T11:04:59","modified_gmt":"2025-07-08T17:04:59","slug":"oidol-gotas-para-el-oido-tripack","status":"publish","type":"product","link":"https:\/\/vitaminaselsalvador.net\/index.php\/product\/oidol-gotas-para-el-oido-tripack\/","title":{"rendered":"OIDOL GOTAS PARA EL OIDO TRIPACK"},"content":{"rendered":"<p>&nbsp;<\/p>\n<p style=\"text-align: center;\"><span style=\"color: #ff0000;\"><strong><em>DOSIS:<\/em><\/strong><\/span><\/p>\n<p style=\"text-align: center;\"><span style=\"color: #000000;\"><strong><em>Instilar en el canal auditivo de 2 a 3 gotas cada 4 horas o seg\u00fan el caso<\/em><\/strong><\/span><\/p>\n<p style=\"text-align: center;\"><span style=\"color: #008000;\"><strong><em>CONTRAINDICACIONES<\/em><\/strong><\/span><br \/>\n<span style=\"color: #000000;\"><strong><em>No utilizar en caso de ruptura de la membrana timp\u00e1nica.<\/em><\/strong><\/span><\/p>\n<p style=\"text-align: center;\"><span style=\"color: #000000;\"><strong><em>Hipersensibilidad a cualquiera de los componentes de la f\u00f3rmula.<\/em><\/strong><\/span><\/p>\n","protected":false},"excerpt":{"rendered":"<address style=\"text-align: center;\"><code><\/code><span style=\"color: #0000ff;\"><em><strong>PRECIO TRIPACK (3 BOTES\u00a0 DE 15 ml)<\/strong><\/em><\/span><\/address>\n<address style=\"text-align: center;\"><span style=\"color: #ff0000;\"><strong>INDICACIONES<\/strong><\/span><\/address>\n<p style=\"text-align: center;\"><span style=\"color: #000000;\"><strong><em><span style=\"color: #ff0000;\">Oidol N.F. Gotas \u00d3ticas<\/span>, por su acci\u00f3n analg\u00e9sica y antiinflamatoria, est\u00e1 indicado en otitis externa y media, ayudando a su vez a expulsar el cerumen compactado.<\/em><\/strong><\/span><\/p>\n","protected":false},"featured_media":3485,"comment_status":"closed","ping_status":"closed","template":"","meta":{"_kad_post_transparent":"","_kad_post_title":"","_kad_post_layout":"","_kad_post_sidebar_id":"","_kad_post_content_style":"","_kad_post_vertical_padding":"","_kad_post_feature":"","_kad_post_feature_position":"","_kad_post_header":false,"_kad_post_footer":false},"product_brand":[],"product_cat":[211,1072,897,593],"product_tag":[1073,1074,1075,1076,1077,1078,1079,1080,1081,1082],"class_list":{"0":"post-3457","1":"product","2":"type-product","3":"status-publish","4":"has-post-thumbnail","6":"product_cat-dolor","7":"product_cat-gotas","8":"product_cat-laboratorios-ancalmo","9":"product_cat-oidos","10":"product_tag-accion-analgesica","11":"product_tag-accion-antiinflamatoria","12":"product_tag-como-expulsar-cera-de-los-oidos","13":"product_tag-expulsa-el-cerumen","14":"product_tag-expulsa-la-cera-del-oido","15":"product_tag-gotas-oticas","16":"product_tag-oidol","17":"product_tag-oidol-gotas","18":"product_tag-otitis-externa","19":"product_tag-otitis-media","21":"first","22":"instock","23":"purchasable","24":"product-type-simple","25":"entry","26":"content-bg","27":"loop-entry"},"_links":{"self":[{"href":"https:\/\/vitaminaselsalvador.net\/index.php\/wp-json\/wp\/v2\/product\/3457","targetHints":{"allow":["GET"]}}],"collection":[{"href":"https:\/\/vitaminaselsalvador.net\/index.php\/wp-json\/wp\/v2\/product"}],"about":[{"href":"https:\/\/vitaminaselsalvador.net\/index.php\/wp-json\/wp\/v2\/types\/product"}],"replies":[{"embeddable":true,"href":"https:\/\/vitaminaselsalvador.net\/index.php\/wp-json\/wp\/v2\/comments?post=3457"}],"wp:featuredmedia":[{"embeddable":true,"href":"https:\/\/vitaminaselsalvador.net\/index.php\/wp-json\/wp\/v2\/media\/3485"}],"wp:attachment":[{"href":"https:\/\/vitaminaselsalvador.net\/index.php\/wp-json\/wp\/v2\/media?parent=3457"}],"wp:term":[{"taxonomy":"product_brand","embeddable":true,"href":"https:\/\/vitaminaselsalvador.net\/index.php\/wp-json\/wp\/v2\/product_brand?post=3457"},{"taxonomy":"product_cat","embeddable":true,"href":"https:\/\/vitaminaselsalvador.net\/index.php\/wp-json\/wp\/v2\/product_cat?post=3457"},{"taxonomy":"product_tag","embeddable":true,"href":"https:\/\/vitaminaselsalvador.net\/index.php\/wp-json\/wp\/v2\/product_tag?post=3457"}],"curies":[{"name":"wp","href":"https:\/\/api.w.org\/{rel}","templated":true}]}}