{"id":3422,"date":"2022-11-02T21:15:26","date_gmt":"2022-11-03T03:15:26","guid":{"rendered":"https:\/\/vitaminaselsalvador.net\/?post_type=product&#038;p=3422"},"modified":"2025-07-08T11:04:57","modified_gmt":"2025-07-08T17:04:57","slug":"geriatrico-con-ginseng-f-q-2pack","status":"publish","type":"product","link":"https:\/\/vitaminaselsalvador.net\/index.php\/product\/geriatrico-con-ginseng-f-q-2pack\/","title":{"rendered":"GERIATRICO CON GINSENG F.Q. 2PACK"},"content":{"rendered":"<h4 style=\"text-align: center;\"><em><span style=\"color: #000000;\"><strong>\u00a0<\/strong><\/span><\/em><\/h4>\n<h4 style=\"text-align: center;\"><em><span style=\"color: #000000;\"><strong>Caja de 30 C\u00e1psulas blandas<\/strong><\/span><\/em><\/h4>\n<h4 style=\"text-align: center;\"><em><span style=\"color: #ff0000;\"><strong>DOSIS:<\/strong><\/span><\/em><br \/>\n<em><span style=\"color: #0000ff;\"><strong>Tratamiento preventivo y deficiencias:<\/strong><\/span><\/em><\/h4>\n<h4 style=\"text-align: center;\"><em><span style=\"color: #000000;\"><strong>Tomas dos c\u00e1psulas al d\u00eda, una con el desayuno y otra con el almuerzo.<\/strong><\/span><\/em><\/h4>\n<h4 style=\"text-align: center;\"><em><strong><span style=\"color: #000000;\">Si se dificulta la degluci\u00f3n deber\u00e1 cortar la c\u00e1psula, vaciar el contenido de la c\u00e1psula en una cuchara y mezclar con miel o jalea.<\/span><\/strong><\/em><br \/>\n<em><span style=\"color: #000000;\"><strong>VIA DE ADMINISTRACI\u00d3N: <span style=\"color: #ff0000;\">Oral.<\/span><\/strong><\/span><\/em><br \/>\n<em><span style=\"color: #000000;\"><strong>Pueden consumirlo los diab\u00e9ticos y tambi\u00e9n se recomienda para los vegetarianos.<\/strong><\/span><\/em><br \/>\n<em><span style=\"color: #000000;\"><strong>CONTRAINDICACIONES Y ADVERTENCIAS:<\/strong><\/span><\/em><br \/>\n<em><span style=\"color: #000000;\"><strong>Hipersensibilidad a alg\u00fan componenete de la f\u00f3rmula.<\/strong><\/span><\/em><\/h4>\n<h4 style=\"text-align: center;\"><\/h4>\n<h4 style=\"text-align: center;\"><\/h4>\n<h4 style=\"text-align: center;\"><\/h4>\n","protected":false},"excerpt":{"rendered":"<h4 style=\"text-align: center;\"><strong><em><span style=\"color: #ff0000;\">Precio 2Pack (Dos cajas de 30 c\u00e1psulas cada una)<br \/>\n<\/span><\/em><\/strong><\/h4>\n<h4 style=\"text-align: center;\"><span style=\"color: #000000;\"><strong><em>GERIATRICO H3 FARQUISAL<\/em><\/strong><\/span><br \/>\n<strong><em><span style=\"color: #ff0000;\">con Ginseng<\/span><\/em><\/strong><\/h4>\n<h4 style=\"text-align: center;\"><span style=\"color: #ff0000;\"><strong><em>VITAMINAS Y MINERALES NECESARIO PARA COMBATIR EL ESTRES, AGOTAMIENTO FISICO E INTELECTUAL.<\/em><\/strong><\/span><\/h4>\n<h4 style=\"text-align: center;\"><span style=\"color: #ff0000;\"><strong><em>COMPLEMENTO IDEAL A BASE DE GINSENG<\/em><\/strong><\/span><\/h4>\n<h4 style=\"text-align: center;\"><span style=\"color: #003300;\"><strong><em>INDICACION TERAPEUTICA:<\/em><\/strong><\/span><br \/>\n<strong><em>Prevenci\u00f3n y tratamiento de las manifestaciones patol\u00f3gicas de origen general (como capacidad corporal e intelectual reducida, estados de extenuaci\u00f3n y cansancio, desgano, falta de concentraci\u00f3n)<\/em><\/strong><\/h4>\n<h4 style=\"text-align: center;\"><strong><em>Procesos involutivos espec\u00edficos (Climaterio en hombres y mujeres, estados depresivos, distrofia de la piel, de las u\u00f1as y del pelo) Estados carenciales de Vitaminas y Minerales propios de la vejez procedentes del estr\u00e9s: Auxiliar en la hiperlipidemia, tolerancia reducida a los Hidratos de Carbono, molestias del orden Artr\u00f3sico-osteopor\u00f3tico, nutrici\u00f3n subcal\u00f3rica, disminuci\u00f3n del rendimiento sexual, convalescencia prolongada, as\u00ed como un aumento de la resistencia en general. Pacientes J\u00f3venes con estr\u00e9s Psiquico, capacidad de concentraci\u00f3n deficiente, descenso del rendimiento.<\/em><\/strong><\/h4>\n<h4 style=\"text-align: center;\"><strong><em><span style=\"color: #ff0000;\">Contiene Vitamina A, Vitamina D3, Vitamina E, Vitamina B1, Vitamina B2,\u00a0Vitamina B6,\u00a0Vitamina B12,\u00a0Vitamina C, Ginseng y muchas m\u00e1s, favor consultar empaque para detalles.<\/span><\/em><\/strong><\/h4>\n","protected":false},"featured_media":3473,"comment_status":"closed","ping_status":"closed","template":"","meta":{"_kad_post_transparent":"","_kad_post_title":"","_kad_post_layout":"","_kad_post_sidebar_id":"","_kad_post_content_style":"","_kad_post_vertical_padding":"","_kad_post_feature":"","_kad_post_feature_position":"","_kad_post_header":false,"_kad_post_footer":false},"product_brand":[],"product_cat":[105,978,95,97,98],"product_tag":[979,961,980,981,982,983,172,984,985,986,987,149,988,989,990,991,992],"class_list":{"0":"post-3422","1":"product","2":"type-product","3":"status-publish","4":"has-post-thumbnail","6":"product_cat-capsulas-de-gelatina-blanda","7":"product_cat-laboratorios-farquisal","8":"product_cat-multivitaminas","9":"product_cat-vitaminas-neurotropas","10":"product_cat-vitaminas-y-suplementos","11":"product_tag-agotamiento-fisico-e-intelectual","12":"product_tag-capacidad-corporal-e-intelectual-reducida","13":"product_tag-climaterio-en-hombres-y-mujeres","14":"product_tag-combate-el-estres","15":"product_tag-convalescencia-prolongada","16":"product_tag-de-las-unas-y-del-pelo","17":"product_tag-desgano","18":"product_tag-disminucion-del-rendimiento-sexual","19":"product_tag-distrofia-de-la-piel","20":"product_tag-estados-de-extenuacion-y-cansancio","21":"product_tag-estados-depresivos","22":"product_tag-falta-de-concentracion","23":"product_tag-geriatrico-h3-farquisal-con-ginseng","24":"product_tag-hiperlipidemia","25":"product_tag-molestias-del-orden-artrosico-osteoporotico","26":"product_tag-nutricion-subcalorica","27":"product_tag-tolerancia-reducida-a-los-hidratos-de-carbono","29":"first","30":"outofstock","31":"shipping-taxable","32":"purchasable","33":"product-type-simple","34":"entry","35":"content-bg","36":"loop-entry"},"_links":{"self":[{"href":"https:\/\/vitaminaselsalvador.net\/index.php\/wp-json\/wp\/v2\/product\/3422","targetHints":{"allow":["GET"]}}],"collection":[{"href":"https:\/\/vitaminaselsalvador.net\/index.php\/wp-json\/wp\/v2\/product"}],"about":[{"href":"https:\/\/vitaminaselsalvador.net\/index.php\/wp-json\/wp\/v2\/types\/product"}],"replies":[{"embeddable":true,"href":"https:\/\/vitaminaselsalvador.net\/index.php\/wp-json\/wp\/v2\/comments?post=3422"}],"wp:featuredmedia":[{"embeddable":true,"href":"https:\/\/vitaminaselsalvador.net\/index.php\/wp-json\/wp\/v2\/media\/3473"}],"wp:attachment":[{"href":"https:\/\/vitaminaselsalvador.net\/index.php\/wp-json\/wp\/v2\/media?parent=3422"}],"wp:term":[{"taxonomy":"product_brand","embeddable":true,"href":"https:\/\/vitaminaselsalvador.net\/index.php\/wp-json\/wp\/v2\/product_brand?post=3422"},{"taxonomy":"product_cat","embeddable":true,"href":"https:\/\/vitaminaselsalvador.net\/index.php\/wp-json\/wp\/v2\/product_cat?post=3422"},{"taxonomy":"product_tag","embeddable":true,"href":"https:\/\/vitaminaselsalvador.net\/index.php\/wp-json\/wp\/v2\/product_tag?post=3422"}],"curies":[{"name":"wp","href":"https:\/\/api.w.org\/{rel}","templated":true}]}}

<h4 style="text-align: center;"><em><span style="color: #000000;"><strong> </strong></span></em></h4>
<h4 style="text-align: center;"><em><span style="color: #000000;"><strong>Caja de 30 Cápsulas blandas</strong></span></em></h4>
<h4 style="text-align: center;"><em><span style="color: #ff0000;"><strong>DOSIS:</strong></span></em><br />
<em><span style="color: #0000ff;"><strong>Tratamiento preventivo y deficiencias:</strong></span></em></h4>
<h4 style="text-align: center;"><em><span style="color: #000000;"><strong>Tomas dos cápsulas al día, una con el desayuno y otra con el almuerzo.</strong></span></em></h4>
<h4 style="text-align: center;"><em><strong><span style="color: #000000;">Si se dificulta la deglución deberá cortar la cápsula, vaciar el contenido de la cápsula en una cuchara y mezclar con miel o jalea.</span></strong></em><br />
<em><span style="color: #000000;"><strong>VIA DE ADMINISTRACIÓN: <span style="color: #ff0000;">Oral.</span></strong></span></em><br />
<em><span style="color: #000000;"><strong>Pueden consumirlo los diabéticos y también se recomienda para los vegetarianos.</strong></span></em><br />
<em><span style="color: #000000;"><strong>CONTRAINDICACIONES Y ADVERTENCIAS:</strong></span></em><br />
<em><span style="color: #000000;"><strong>Hipersensibilidad a algún componenete de la fórmula.</strong></span></em></h4>
<h4 style="text-align: center;"></h4>
<h4 style="text-align: center;"></h4>
<h4 style="text-align: center;"></h4>

<h4 style="text-align: center;"><strong><em><span style="color: #ff0000;">Precio 2Pack (Dos cajas de 30 cápsulas cada una)<br />
</span></em></strong></h4>
<h4 style="text-align: center;"><span style="color: #000000;"><strong><em>GERIATRICO H3 FARQUISAL</em></strong></span><br />
<strong><em><span style="color: #ff0000;">con Ginseng</span></em></strong></h4>
<h4 style="text-align: center;"><span style="color: #ff0000;"><strong><em>VITAMINAS Y MINERALES NECESARIO PARA COMBATIR EL ESTRES, AGOTAMIENTO FISICO E INTELECTUAL.</em></strong></span></h4>
<h4 style="text-align: center;"><span style="color: #ff0000;"><strong><em>COMPLEMENTO IDEAL A BASE DE GINSENG</em></strong></span></h4>
<h4 style="text-align: center;"><span style="color: #003300;"><strong><em>INDICACION TERAPEUTICA:</em></strong></span><br />
<strong><em>Prevención y tratamiento de las manifestaciones patológicas de origen general (como capacidad corporal e intelectual reducida, estados de extenuación y cansancio, desgano, falta de concentración)</em></strong></h4>
<h4 style="text-align: center;"><strong><em>Procesos involutivos específicos (Climaterio en hombres y mujeres, estados depresivos, distrofia de la piel, de las uñas y del pelo) Estados carenciales de Vitaminas y Minerales propios de la vejez procedentes del estrés: Auxiliar en la hiperlipidemia, tolerancia reducida a los Hidratos de Carbono, molestias del orden Artrósico-osteoporótico, nutrición subcalórica, disminución del rendimiento sexual, convalescencia prolongada, así como un aumento de la resistencia en general. Pacientes Jóvenes con estrés Psiquico, capacidad de concentración deficiente, descenso del rendimiento.</em></strong></h4>
<h4 style="text-align: center;"><strong><em><span style="color: #ff0000;">Contiene Vitamina A, Vitamina D3, Vitamina E, Vitamina B1, Vitamina B2, Vitamina B6, Vitamina B12, Vitamina C, Ginseng y muchas más, favor consultar empaque para detalles.</span></em></strong></h4>
