{"id":3419,"date":"2022-11-02T21:15:26","date_gmt":"2022-11-03T03:15:26","guid":{"rendered":"https:\/\/vitaminaselsalvador.net\/?post_type=product&#038;p=3419"},"modified":"2025-07-08T11:04:55","modified_gmt":"2025-07-08T17:04:55","slug":"heavy-duty-geriatrico","status":"publish","type":"product","link":"https:\/\/vitaminaselsalvador.net\/index.php\/product\/heavy-duty-geriatrico\/","title":{"rendered":"HEAVY DUTY GERIATRICO"},"content":{"rendered":"<h4 style=\"text-align: center;\"><span style=\"color: #000000;\">Prevenci\u00f3n y tratamiento de las manifestaciones seniles de orden general tales como: capacidad corporal e intelectual reducida, cansancio, desgano, falta de concentrci\u00f3n, trastornos de sue\u00f1o, rigidez senil, prurito senil, climaterio femenino y viril, depresi\u00f3n, irritabilidad, estados carenciales de vitaminas y minerales propios de la vejez o causados por stress, alimentaci\u00f3n deficiente o incompleta, reconvalescencia retrasada.<\/span><\/h4>\n<h4 style=\"text-align: center;\"><span style=\"color: #ff0000;\"><em><strong>DOSIS:<\/strong><\/em><\/span><br \/>\n<span style=\"color: #000000;\"><em><strong>1 C\u00e1psula al d\u00eda o al criterio del m\u00e9dico.<\/strong><\/em><\/span><\/h4>\n<address style=\"text-align: center;\">\u00a0<\/address>\n<address style=\"text-align: center;\">\u00a0<\/address>\n","protected":false},"excerpt":{"rendered":"<h4 style=\"text-align: center;\"><em><strong><span style=\"color: #ff0000;\">Caja de 30 c\u00e1psulas<br \/>\n<\/span><\/strong><\/em><\/h4>\n<address style=\"text-align: center;\">\n<h4><span style=\"color: #0000ff;\"><em><strong>HEAVY DUTY GERIATRICO<\/strong><\/em><\/span><\/h4>\n<h4><span style=\"color: #000000;\"><em><strong>Prevenci\u00f3n y tratamiento de las manifestaciones seniles de orden general tales como: capacidad corporal e intelectual reducida, cansancio, desgano, falta de concentrci\u00f3n, trastornos de sue\u00f1o, rigidez senil, prurito senil, climaterio femenino y viril, depresi\u00f3n, irritabilidad, estados carenciales de vitaminas y minerales propios de la vejez o causados por stress, alimentaci\u00f3n deficiente o incompleta, reconvalescencia retrasada. <\/strong><\/em><\/span><\/h4>\n<h4><span style=\"color: #000000;\"><em><strong><span style=\"color: #ff0000;\">En personas jovenes:<\/span> stress psiquico, capacidad de concentraci\u00f3n deficiente, fatiga, descenso en el rendimiento f\u00edsico o mental.<\/strong><\/em><\/span><\/h4>\n<\/address>\n","protected":false},"featured_media":3470,"comment_status":"closed","ping_status":"closed","template":"","meta":{"_kad_post_transparent":"","_kad_post_title":"","_kad_post_layout":"","_kad_post_sidebar_id":"","_kad_post_content_style":"","_kad_post_vertical_padding":"","_kad_post_feature":"","_kad_post_feature_position":"","_kad_post_header":false,"_kad_post_footer":false},"product_brand":[],"product_cat":[250,958,95,379,97,98],"product_tag":[959,960,961,962,143,172,963,964,965,257,966,967,968,969,970,971],"class_list":{"0":"post-3419","1":"product","2":"type-product","3":"status-publish","4":"has-post-thumbnail","6":"product_cat-capsulas","7":"product_cat-laboratorios-piersan","8":"product_cat-multivitaminas","9":"product_cat-vitaminas","10":"product_cat-vitaminas-neurotropas","11":"product_cat-vitaminas-y-suplementos","12":"product_tag-alimentacion-deficiente-o-incompleta","13":"product_tag-cansancio","14":"product_tag-capacidad-corporal-e-intelectual-reducida","15":"product_tag-climaterio-femenino-y-viril","16":"product_tag-depresion","17":"product_tag-desgano","18":"product_tag-estados-carenciales-de-vitaminas-y-minerales-propios-de-la-vejez-o-causados-por-stress","19":"product_tag-falta-de-concentrcion","20":"product_tag-heavy-duty-geriatrico","21":"product_tag-irritabilidad","22":"product_tag-laboratorios-piersan","23":"product_tag-prevencion-y-tratamiento-de-las-manifestaciones-seniles-de-orden-general","24":"product_tag-prurito-senil","25":"product_tag-reconvalescencia-retrasada","26":"product_tag-rigidez-senil","27":"product_tag-trastornos-de-sueno","29":"first","30":"instock","31":"shipping-taxable","32":"purchasable","33":"product-type-simple","34":"entry","35":"content-bg","36":"loop-entry"},"_links":{"self":[{"href":"https:\/\/vitaminaselsalvador.net\/index.php\/wp-json\/wp\/v2\/product\/3419","targetHints":{"allow":["GET"]}}],"collection":[{"href":"https:\/\/vitaminaselsalvador.net\/index.php\/wp-json\/wp\/v2\/product"}],"about":[{"href":"https:\/\/vitaminaselsalvador.net\/index.php\/wp-json\/wp\/v2\/types\/product"}],"replies":[{"embeddable":true,"href":"https:\/\/vitaminaselsalvador.net\/index.php\/wp-json\/wp\/v2\/comments?post=3419"}],"wp:featuredmedia":[{"embeddable":true,"href":"https:\/\/vitaminaselsalvador.net\/index.php\/wp-json\/wp\/v2\/media\/3470"}],"wp:attachment":[{"href":"https:\/\/vitaminaselsalvador.net\/index.php\/wp-json\/wp\/v2\/media?parent=3419"}],"wp:term":[{"taxonomy":"product_brand","embeddable":true,"href":"https:\/\/vitaminaselsalvador.net\/index.php\/wp-json\/wp\/v2\/product_brand?post=3419"},{"taxonomy":"product_cat","embeddable":true,"href":"https:\/\/vitaminaselsalvador.net\/index.php\/wp-json\/wp\/v2\/product_cat?post=3419"},{"taxonomy":"product_tag","embeddable":true,"href":"https:\/\/vitaminaselsalvador.net\/index.php\/wp-json\/wp\/v2\/product_tag?post=3419"}],"curies":[{"name":"wp","href":"https:\/\/api.w.org\/{rel}","templated":true}]}}

<h4 style="text-align: center;"><span style="color: #000000;">Prevención y tratamiento de las manifestaciones seniles de orden general tales como: capacidad corporal e intelectual reducida, cansancio, desgano, falta de concentrción, trastornos de sueño, rigidez senil, prurito senil, climaterio femenino y viril, depresión, irritabilidad, estados carenciales de vitaminas y minerales propios de la vejez o causados por stress, alimentación deficiente o incompleta, reconvalescencia retrasada.</span></h4>
<h4 style="text-align: center;"><span style="color: #ff0000;"><em><strong>DOSIS:</strong></em></span><br />
<span style="color: #000000;"><em><strong>1 Cápsula al día o al criterio del médico.</strong></em></span></h4>
<address style="text-align: center;"> </address>
<address style="text-align: center;"> </address>

<h4 style="text-align: center;"><em><strong><span style="color: #ff0000;">Caja de 30 cápsulas<br />
</span></strong></em></h4>
<address style="text-align: center;">
<h4><span style="color: #0000ff;"><em><strong>HEAVY DUTY GERIATRICO</strong></em></span></h4>
<h4><span style="color: #000000;"><em><strong>Prevención y tratamiento de las manifestaciones seniles de orden general tales como: capacidad corporal e intelectual reducida, cansancio, desgano, falta de concentrción, trastornos de sueño, rigidez senil, prurito senil, climaterio femenino y viril, depresión, irritabilidad, estados carenciales de vitaminas y minerales propios de la vejez o causados por stress, alimentación deficiente o incompleta, reconvalescencia retrasada. </strong></em></span></h4>
<h4><span style="color: #000000;"><em><strong><span style="color: #ff0000;">En personas jovenes:</span> stress psiquico, capacidad de concentración deficiente, fatiga, descenso en el rendimiento físico o mental.</strong></em></span></h4>
</address>
