{"id":3417,"date":"2022-11-02T21:15:25","date_gmt":"2022-11-03T03:15:25","guid":{"rendered":"https:\/\/vitaminaselsalvador.net\/?post_type=product&#038;p=3417"},"modified":"2025-07-08T11:04:55","modified_gmt":"2025-07-08T17:04:55","slug":"saw-palmetto-cuida-tu-prostata-2pack","status":"publish","type":"product","link":"https:\/\/vitaminaselsalvador.net\/index.php\/product\/saw-palmetto-cuida-tu-prostata-2pack\/","title":{"rendered":"SAW PALMETTO CUIDA TU PROSTATA 2PACK"},"content":{"rendered":"<address style=\"text-align: center;\">\n<h5 class=\"margin\"><span style=\"color: #000000;\"><strong><em>DOSIS:<\/em> <\/strong><\/span><\/h5>\n<h5><span style=\"color: #000000;\"><strong><em>Tomar 2 c\u00e1psulas al dia. <\/em><\/strong><\/span><\/h5>\n<h5><span style=\"color: #000000;\"><strong><em>1 en la ma\u00f1ana y 1 en la noche durante las comidas.<\/em><\/strong><\/span><\/h5>\n<p>Antes de comenzar la suplementaci\u00f3n con Saw Palmetto es recomendable contactar con el m\u00e9dico si se est\u00e1n utilizando ciertos f\u00e1rmacos.<\/p>\n<p><strong>PRECAUCIONES: <\/strong>Por ser un medicamento indicado en la hipertrofia prost\u00e1tica benigna no\u00a0debe administrarse en mujeres.<\/p>\n<\/address>\n","protected":false},"excerpt":{"rendered":"<h5 style=\"text-align: center;\"><span style=\"color: #ff0000;\"><em><strong style=\"font-size: 13px;\">Precio 2Pack incluye dos paquetes de 30 c\u00e1psulas 160mg. cada uno, total 60 c\u00e1psulas<\/strong><\/em><\/span><\/h5>\n<h5 style=\"text-align: center;\"><span style=\"color: #000000;\">SAW PALMETTO (Serenoa Repens), est\u00e1 recomendado para el tratamiento de los s\u00edntomas asociados a las siguientes patolog\u00edas: prostatitis (Inflamaci\u00f3n de la pr\u00f3stata), adenoma benigno de pr\u00f3stata en estado I y II, manifestaciones urinaria asociadas como nocturia (Necesidad de orinar por las noches) y reducci\u00f3n de la urgencia miccional (Alta frecuencia de deseos de orinar), mejor\u00eda del flujo urinario. <\/span><br \/>\n<span style=\"color: #000000;\">Tratamiento de los s\u00edntomas funcionales de la hiperplasia prost\u00e1tica benigna (HPB).<\/span><\/h5>\n<h5 style=\"text-align: center;\"><span style=\"color: #ff0000;\"><em><strong>Qu\u00e9 es el Saw Palmetto?<\/strong><\/em><\/span><\/h5>\n<h5 style=\"text-align: center;\"><em><strong>Saw Palmetto se trata de un tipo de planta, denominada tambi\u00e9n como \u201cplanta enana americana\u201d, caracter\u00edstico de la zona sudeste de Am\u00e9rica. Sus bayas o frutos han sido utilizados debido a la variedad de prop\u00f3sitos medicinales que aporta. La palma enana americana recibe sus propiedades medicinales de los \u00e1cidos grasos que contiene. Entre los usos que tradicionalmente, los nativos americanos han obtenido a partir de sus bayas, las cuales las preparaban y las com\u00edan directamente, se encuentran tratar problemas urinarios y reproductivos, tratar la tos, indigesti\u00f3n g\u00e1strica, problemas para dormir y problemas de infertilidad.<\/strong><\/em><\/h5>\n<h5 style=\"text-align: center;\"><span style=\"color: #ff0000;\"><em><strong>Para qu\u00e9 sirve Saw Palmetto?<\/strong><\/em><\/span><\/h5>\n<h5 style=\"text-align: center;\"><em><strong>Saw Palmetto es empleado para el tratamiento de las siguientes afecciones:<\/strong><\/em><\/h5>\n<h5 style=\"text-align: center;\"><em><strong>Aumentar la cantidad y calidad del esperma<\/strong><\/em><br \/>\n<em><strong> Incremento del deseo sexual<\/strong><\/em><br \/>\n<em><strong> Fortalecimiento y evitar la p\u00e9rdida del cabello<\/strong><\/em><br \/>\n<em><strong> Bronquitis<\/strong><\/em><br \/>\n<em><strong> Diabetes<\/strong><\/em><br \/>\n<em><strong> Procesos inflamatorios<\/strong><\/em><br \/>\n<em><strong> Casos de migra\u00f1a<\/strong><\/em><br \/>\n<em><strong> C\u00e1ncer de pr\u00f3stata<\/strong><\/em><br \/>\n<em><strong> Dolor de garganta,<\/strong><\/em><br \/>\n<em><strong> Tos y s\u00edntomas de resfriado<\/strong><\/em><br \/>\n<em><strong> Asma,<\/strong><\/em><br \/>\n<em><strong> Dolor p\u00e9lvico cr\u00f3nico<\/strong><\/em><\/h5>\n<h5 style=\"text-align: center;\"><span style=\"color: #ff0000;\"><em><strong>Cu\u00e1les son los beneficios del Saw Palmetto?<\/strong><\/em><\/span><\/h5>\n<h5 style=\"text-align: center;\"><em><strong>Salud de la pr\u00f3stata<\/strong><\/em><br \/>\n<em><strong>Reducci\u00f3n del Riesgo de C\u00e1ncer de Pr\u00f3stata<\/strong><\/em><br \/>\n<em><strong>Impotencia<\/strong><\/em><br \/>\n<em><strong>Afrodis\u00edaco<\/strong><\/em><br \/>\n<em><strong>Problemas de ri\u00f1\u00f3n<\/strong><\/em><br \/>\n<em><strong>Fortalecimiento del cabello<\/strong><\/em><br \/>\n<em><strong>Sistema inmune<\/strong><\/em><\/h5>\n<h5 style=\"text-align: center;\"><span style=\"color: #ff0000;\"><em><strong>C\u00f3mo tomar Saw Palmetto?<\/strong><\/em><\/span><\/h5>\n<h5 style=\"text-align: center;\"><em><strong>Como tratamiento natural en la reducci\u00f3n de la hiperplasia de pr\u00f3stata, y adem\u00e1s para obtener los anteriores beneficios, se recomienda ingerir diariamente una dosis comprendida entre 160-320mg.<\/strong><\/em><\/h5>\n<h5 style=\"text-align: center;\"><span style=\"color: #ff0000;\"><em><strong>Ha sido empleada durante siglos como un estimulador de la testosterona y un t\u00f3nico sexual, aumentando la fuerza, la vitalidad y el deseo sexual hasta niveles antes inimaginables.<\/strong><\/em><\/span><\/h5>\n","protected":false},"featured_media":3446,"comment_status":"closed","ping_status":"closed","template":"","meta":{"_kad_post_transparent":"","_kad_post_title":"","_kad_post_layout":"","_kad_post_sidebar_id":"","_kad_post_content_style":"","_kad_post_vertical_padding":"","_kad_post_feature":"","_kad_post_feature_position":"","_kad_post_header":false,"_kad_post_footer":false},"product_brand":[],"product_cat":[250,443,504],"product_tag":[932,933,934,935,936,937,938,939,940,941,942,943,944,945],"class_list":{"0":"post-3417","1":"product","2":"type-product","3":"status-publish","4":"has-post-thumbnail","6":"product_cat-capsulas","7":"product_cat-laboratorios-medikem","8":"product_cat-potenciador-sexual","9":"product_tag-adenoma-benigno-de-prostata","10":"product_tag-hiperplasia-prostatica-benigna-hpb","11":"product_tag-indigestion-gastrica","12":"product_tag-manifestaciones-urinaria-asociadas-como-nocturia","13":"product_tag-mejoria-del-flujo-urinario","14":"product_tag-palma-enana-americana","15":"product_tag-planta-enana-americana","16":"product_tag-problemas-de-infertilidad","17":"product_tag-problemas-para-dormir","18":"product_tag-problemas-urinarios-y-reproductivos","19":"product_tag-prostatitis","20":"product_tag-reduccion-de-la-urgencia-miccional","21":"product_tag-saw-palmetto","22":"product_tag-tratar-la-tos","24":"first","25":"instock","26":"purchasable","27":"product-type-simple","28":"entry","29":"content-bg","30":"loop-entry"},"_links":{"self":[{"href":"https:\/\/vitaminaselsalvador.net\/index.php\/wp-json\/wp\/v2\/product\/3417","targetHints":{"allow":["GET"]}}],"collection":[{"href":"https:\/\/vitaminaselsalvador.net\/index.php\/wp-json\/wp\/v2\/product"}],"about":[{"href":"https:\/\/vitaminaselsalvador.net\/index.php\/wp-json\/wp\/v2\/types\/product"}],"replies":[{"embeddable":true,"href":"https:\/\/vitaminaselsalvador.net\/index.php\/wp-json\/wp\/v2\/comments?post=3417"}],"wp:featuredmedia":[{"embeddable":true,"href":"https:\/\/vitaminaselsalvador.net\/index.php\/wp-json\/wp\/v2\/media\/3446"}],"wp:attachment":[{"href":"https:\/\/vitaminaselsalvador.net\/index.php\/wp-json\/wp\/v2\/media?parent=3417"}],"wp:term":[{"taxonomy":"product_brand","embeddable":true,"href":"https:\/\/vitaminaselsalvador.net\/index.php\/wp-json\/wp\/v2\/product_brand?post=3417"},{"taxonomy":"product_cat","embeddable":true,"href":"https:\/\/vitaminaselsalvador.net\/index.php\/wp-json\/wp\/v2\/product_cat?post=3417"},{"taxonomy":"product_tag","embeddable":true,"href":"https:\/\/vitaminaselsalvador.net\/index.php\/wp-json\/wp\/v2\/product_tag?post=3417"}],"curies":[{"name":"wp","href":"https:\/\/api.w.org\/{rel}","templated":true}]}}