{"id":3389,"date":"2022-11-02T21:14:59","date_gmt":"2022-11-03T03:14:59","guid":{"rendered":"https:\/\/vitaminaselsalvador.net\/?post_type=product&#038;p=3389"},"modified":"2025-07-08T11:06:31","modified_gmt":"2025-07-08T17:06:31","slug":"gludethon-vitaminas-para-el-cerebro-capsulas-2-pack","status":"publish","type":"product","link":"https:\/\/vitaminaselsalvador.net\/index.php\/product\/gludethon-vitaminas-para-el-cerebro-capsulas-2-pack\/","title":{"rendered":"Gludethon Vitaminas Para el Cerebro C\u00e1psulas 2 Pack"},"content":{"rendered":"<p style=\"text-align: center;\"><span style=\"color: #000000;\"><em><strong>INDICACIONES:<\/strong><\/em><\/span><br \/>\n<span style=\"color: #000000;\"><em><strong>GLUDETHON\u00ae c\u00e1psula est\u00e1 indicado en estados de debilidad f\u00edsica y ps\u00edquica.<\/strong><\/em><\/span><br \/>\n<span style=\"color: #000000;\"><em><strong>Trastornos de la memoria, depresiones nerviosas y seniles, agotamiento intelectual, dificultad de concentraci\u00f3n, fatiga, inapetencia, desmotivaci\u00f3n, debilidad general, exceso de trabajo, apat\u00eda y otras condiciones donde sea necesario un mejor rendimiento intelectual.<\/strong><\/em><\/span><\/p>\n","protected":false},"excerpt":{"rendered":"<div class=\"margin\" style=\"text-align: center;\"><img loading=\"lazy\" decoding=\"async\" class=\"aligncenter size-full wp-image-6179\" src=\"http:\/\/vitaminas.comprarenelsalvador.com\/wp-content\/uploads\/2017\/11\/Gludethon-Capsulas.png\" alt=\"\" width=\"260\" height=\"118\" \/><\/div>\n<div class=\"margin\" style=\"text-align: center;\">\n<h3><\/h3>\n<h3><span style=\"color: #ff0000;\">Precio 2 Pack Incluye 2 cajas<\/span><\/h3>\n<\/div>\n<div class=\"margin\" style=\"text-align: center;\"><span style=\"color: #0000ff;\">Cada caja x 30 c\u00e1psulas<\/span><\/div>\n<h3 style=\"text-align: center;\"><span style=\"color: #000000;\"><strong><em>INDICACIONES:<\/em><\/strong><\/span><br \/>\n<span style=\"color: #000000;\"><strong><em><span style=\"color: #800080;\">GLUDETHON<\/span>\u00ae c\u00e1psula est\u00e1 indicado en estados de debilidad f\u00edsica\u00a0y ps\u00edquica. <\/em><\/strong><\/span><\/h3>\n<h3 style=\"text-align: center;\"><span style=\"color: #000000;\"><strong><em>Trastornos de la memoria, depresiones nerviosas y seniles, agotamiento\u00a0intelectual, dificultad de concentraci\u00f3n, fatiga, inapetencia, desmotivaci\u00f3n, debilidad\u00a0general, exceso de trabajo, apat\u00eda y otras condiciones donde sea necesario un mejor\u00a0rendimiento intelectual.<\/em><\/strong><\/span><\/h3>\n","protected":false},"featured_media":3434,"comment_status":"closed","ping_status":"closed","template":"","meta":{"_kad_post_transparent":"","_kad_post_title":"","_kad_post_layout":"","_kad_post_sidebar_id":"","_kad_post_content_style":"","_kad_post_vertical_padding":"","_kad_post_feature":"","_kad_post_feature_position":"","_kad_post_header":false,"_kad_post_footer":false},"product_brand":[],"product_cat":[250,443,95,379,98],"product_tag":[851,852,853,854,855,856,857,858,859,860,861,862,863,864],"class_list":{"0":"post-3389","1":"product","2":"type-product","3":"status-publish","4":"has-post-thumbnail","6":"product_cat-capsulas","7":"product_cat-laboratorios-medikem","8":"product_cat-multivitaminas","9":"product_cat-vitaminas","10":"product_cat-vitaminas-y-suplementos","11":"product_tag-agotamiento-intelectual","12":"product_tag-apatia","13":"product_tag-debilidad-general","14":"product_tag-depresiones-nerviosas-y-seniles","15":"product_tag-desmotivacion","16":"product_tag-dificultad-de-concentracion","17":"product_tag-estados-de-debilidad-fisica","18":"product_tag-estados-de-debilidad-psiquica","19":"product_tag-exceso-de-trabajo","20":"product_tag-fatiga","21":"product_tag-gludethon","22":"product_tag-inapetencia","23":"product_tag-rendimiento-intelectual","24":"product_tag-trastornos-de-la-memoria","26":"first","27":"instock","28":"shipping-taxable","29":"purchasable","30":"product-type-simple","31":"entry","32":"content-bg","33":"loop-entry"},"_links":{"self":[{"href":"https:\/\/vitaminaselsalvador.net\/index.php\/wp-json\/wp\/v2\/product\/3389","targetHints":{"allow":["GET"]}}],"collection":[{"href":"https:\/\/vitaminaselsalvador.net\/index.php\/wp-json\/wp\/v2\/product"}],"about":[{"href":"https:\/\/vitaminaselsalvador.net\/index.php\/wp-json\/wp\/v2\/types\/product"}],"replies":[{"embeddable":true,"href":"https:\/\/vitaminaselsalvador.net\/index.php\/wp-json\/wp\/v2\/comments?post=3389"}],"wp:featuredmedia":[{"embeddable":true,"href":"https:\/\/vitaminaselsalvador.net\/index.php\/wp-json\/wp\/v2\/media\/3434"}],"wp:attachment":[{"href":"https:\/\/vitaminaselsalvador.net\/index.php\/wp-json\/wp\/v2\/media?parent=3389"}],"wp:term":[{"taxonomy":"product_brand","embeddable":true,"href":"https:\/\/vitaminaselsalvador.net\/index.php\/wp-json\/wp\/v2\/product_brand?post=3389"},{"taxonomy":"product_cat","embeddable":true,"href":"https:\/\/vitaminaselsalvador.net\/index.php\/wp-json\/wp\/v2\/product_cat?post=3389"},{"taxonomy":"product_tag","embeddable":true,"href":"https:\/\/vitaminaselsalvador.net\/index.php\/wp-json\/wp\/v2\/product_tag?post=3389"}],"curies":[{"name":"wp","href":"https:\/\/api.w.org\/{rel}","templated":true}]}}