{"id":3386,"date":"2022-11-02T21:14:59","date_gmt":"2022-11-03T03:14:59","guid":{"rendered":"https:\/\/vitaminaselsalvador.net\/?post_type=product&#038;p=3386"},"modified":"2025-07-08T11:06:31","modified_gmt":"2025-07-08T17:06:31","slug":"pulmo-grip-balsamico-inyectable-tripack","status":"publish","type":"product","link":"https:\/\/vitaminaselsalvador.net\/index.php\/product\/pulmo-grip-balsamico-inyectable-tripack\/","title":{"rendered":"Pulmo Grip Bals\u00e1mico Inyectable TRIPACK"},"content":{"rendered":"<address>\u00a0<\/address>\n<address style=\"text-align: center;\">\u00a0<span style=\"color: #000000;\">Caja con estuche de seguridad, que contiene: ampolla \u00e1mbar por 1 ml, ampolla por 2ml,\u00a0 jeringa descartable y algod\u00f3n con alcohol.<\/span><\/address>\n<address style=\"text-align: center;\">\u00a0<\/address>\n<address style=\"text-align: center;\">\u00a0<\/address>\n<address style=\"text-align: center;\"><span style=\"color: #ff0000;\"><strong>DOSIS Y VIA DE ADMINISTRACION: <\/strong><\/span><\/address>\n<address style=\"text-align: center;\"><strong><span style=\"color: #000000;\">\u00a0<\/span><\/strong><\/address>\n<address style=\"text-align: center;\"><span style=\"color: #000000;\"><strong>Combinar el contenido de ambas ampollas antes de su uso en una sola jeringa. <\/strong><\/span><\/address>\n<address style=\"text-align: center;\"><span style=\"color: #000000;\"><strong>Salvo prescripci\u00f3n\u00a0 m\u00e9dica, se recomienda:<\/strong><\/span><\/address>\n<address style=\"text-align: center;\"><span style=\"color: #000000;\"><strong>Adultos y ni\u00f1os mayores de 12 a\u00f1os:<\/strong><\/span><\/address>\n<address style=\"text-align: center;\"><span style=\"color: #000000;\"><strong>Una administraci\u00f3n diaria por <\/strong><strong>v\u00eda intramuscular cada 24 horas por un periodo de 3 \u00f3 4 d\u00edas consecutivos. En casos severos, una adminitraci\u00f3n cada 12 horas por 3 \u00f3 d d\u00edas.<br \/>\n<\/strong><\/span><\/address>\n<address>\u00a0<\/address>\n<address style=\"text-align: center;\">\u00a0<\/address>\n<address style=\"text-align: center;\">\u00a0<\/address>\n","protected":false},"excerpt":{"rendered":"<address style=\"text-align: center;\"><strong style=\"font-size: 1.5em;\"><span style=\"color: #000000;\"><span style=\"color: #ff0000;\">PRECIO TRIPACK (3 Inyecciones)<\/span><\/span><\/strong><\/address>\n<address style=\"text-align: center;\"><strong><span style=\"color: #000000;\">Pulmo <span style=\"color: #008000;\">Grip <span style=\"color: #000000;\">Bals\u00e1mico <span style=\"color: #008000;\">Inyectable <\/span><\/span><\/span><\/span><\/strong><\/address>\n<h4 style=\"text-align: center;\"><em><strong><span style=\"color: #0000ff;\">Dolor de Cabeza y Fiebre<\/span> &#8211; <span style=\"color: #ff0000;\">Congesti\u00f3n y Flujo Nasal &#8211; Estornudo<\/span> &#8211; <span style=\"color: #0000ff;\">Flema e Irritaci\u00f3n de Garganta<\/span><\/strong><\/em><\/h4>\n<address style=\"text-align: center;\"><strong><span style=\"color: #000000;\"><span style=\"color: #008000;\"><span style=\"color: #000000;\"><span style=\"color: #008000;\">Contra estados gripales y catarrales, Infecciones virales del tractro respiratorio superior, Faringitis, Laringitis, Traqueobronquitis, Parotiditis. <\/span><\/span><\/span><\/span><\/strong><\/address>\n<address style=\"text-align: center;\"><strong><span style=\"color: #000000;\"><span style=\"color: #008000;\"><span style=\"color: #000000;\"><span style=\"color: #008000;\">Administrado en etapa de proceso infeccioso tiene efecto curativo. <\/span><\/span><\/span><\/span><\/strong><\/address>\n<address style=\"text-align: center;\"><strong><span style=\"color: #000000;\"><span style=\"color: #008000;\"><span style=\"color: #000000;\"><span style=\"color: #008000;\">Aplicado cuando el proceso infeccioso est\u00e1 ya declarado reduce la duraci\u00f3n e intensidad de la sintomatolog\u00eda.<\/span><\/span><\/span><br \/>\n<\/span><\/strong><\/address>\n<address>\u00a0\u00a0<\/address>\n<h4 style=\"text-align: center;\"><span style=\"color: #ff0000;\"><em><strong>Cada ampolla de 2ml contiene:<\/strong><\/em><\/span><\/h4>\n<address style=\"text-align: center;\"><strong><span style=\"color: #000000;\"><span style=\"color: #008000;\">Antiv\u00edrico<\/span>: Impide la penetraci\u00f3n de los virus del resfriado y gripe a las c\u00e9lulas sanas de las mucosas<\/span><\/strong><\/address>\n<address style=\"text-align: center;\"><strong><span style=\"color: #000000;\"><span style=\"color: #008000;\">Antihistam\u00ednico<\/span>:\u00a0Disminuye el flujo y secreci\u00f3n nasal-prurito (picaz\u00f3n), eritema facial (enrojecimiento), <\/span><\/strong><\/address>\n<address style=\"text-align: center;\">\n<address><strong><span style=\"color: #008000;\">Expectorante<\/span>:<span style=\"color: #000000;\"> Reduce la viscosidad y adherencia de la flema en las vias respiratorias facilitando su evacuaci\u00f3n<\/span><\/strong><span style=\"color: #000000;\"><strong><strong>estornudos y ojos llorosos<\/strong><\/strong><\/span><\/address>\n<p><strong><span style=\"color: #000000;\"><span style=\"color: #008000;\">Descongestionante nasal<\/span>:\u00a0Elimina la dificultad respiratoria a nivel de fosas nasales<\/span><\/strong><\/p>\n<h4><span style=\"color: #ff0000;\"><em><strong>Cada ampolla de 1ml contiene:<\/strong><\/em><\/span><\/h4>\n<p><strong><span style=\"color: #008000;\">Analg\u00e9sico-Antipiretico<\/span>: <span style=\"color: #000000;\">Reduce el dolor de cabeza el dolor de cuerpo y baja la fiebre<\/span><\/strong><\/p>\n<\/address>\n","protected":false},"featured_media":3431,"comment_status":"closed","ping_status":"closed","template":"","meta":{"_kad_post_transparent":"","_kad_post_title":"","_kad_post_layout":"","_kad_post_sidebar_id":"","_kad_post_content_style":"","_kad_post_vertical_padding":"","_kad_post_feature":"","_kad_post_feature_position":"","_kad_post_header":false,"_kad_post_footer":false},"product_brand":[],"product_cat":[549,382,516,94,214],"product_tag":[823,824,825,826,827,828,829,830,831,832,833],"class_list":{"0":"post-3386","1":"product","2":"type-product","3":"status-publish","4":"has-post-thumbnail","6":"product_cat-ampolla-intramuscular","7":"product_cat-gripe","8":"product_cat-inyectables","9":"product_cat-laboratorios-vijosa","10":"product_cat-para-el-dolor-y-fiebre","11":"product_tag-congestion-y-flujo-nasal","12":"product_tag-dolor-de-cabeza-y-fiebre","13":"product_tag-estados-gripales-y-catarrales","14":"product_tag-estornudo","15":"product_tag-faringitis","16":"product_tag-flema-e-irritacion-de-garganta","17":"product_tag-infecciones-virales-del-tractro-respiratorio-superior","18":"product_tag-laringitis","19":"product_tag-parotiditis","20":"product_tag-pulmo-grip-balsamico-inyectable","21":"product_tag-traqueobronquitis","23":"first","24":"instock","25":"purchasable","26":"product-type-simple","27":"entry","28":"content-bg","29":"loop-entry"},"_links":{"self":[{"href":"https:\/\/vitaminaselsalvador.net\/index.php\/wp-json\/wp\/v2\/product\/3386","targetHints":{"allow":["GET"]}}],"collection":[{"href":"https:\/\/vitaminaselsalvador.net\/index.php\/wp-json\/wp\/v2\/product"}],"about":[{"href":"https:\/\/vitaminaselsalvador.net\/index.php\/wp-json\/wp\/v2\/types\/product"}],"replies":[{"embeddable":true,"href":"https:\/\/vitaminaselsalvador.net\/index.php\/wp-json\/wp\/v2\/comments?post=3386"}],"wp:featuredmedia":[{"embeddable":true,"href":"https:\/\/vitaminaselsalvador.net\/index.php\/wp-json\/wp\/v2\/media\/3431"}],"wp:attachment":[{"href":"https:\/\/vitaminaselsalvador.net\/index.php\/wp-json\/wp\/v2\/media?parent=3386"}],"wp:term":[{"taxonomy":"product_brand","embeddable":true,"href":"https:\/\/vitaminaselsalvador.net\/index.php\/wp-json\/wp\/v2\/product_brand?post=3386"},{"taxonomy":"product_cat","embeddable":true,"href":"https:\/\/vitaminaselsalvador.net\/index.php\/wp-json\/wp\/v2\/product_cat?post=3386"},{"taxonomy":"product_tag","embeddable":true,"href":"https:\/\/vitaminaselsalvador.net\/index.php\/wp-json\/wp\/v2\/product_tag?post=3386"}],"curies":[{"name":"wp","href":"https:\/\/api.w.org\/{rel}","templated":true}]}}