{"id":3381,"date":"2022-11-02T21:14:58","date_gmt":"2022-11-03T03:14:58","guid":{"rendered":"https:\/\/vitaminaselsalvador.net\/?post_type=product&#038;p=3381"},"modified":"2025-11-20T10:06:17","modified_gmt":"2025-11-20T16:06:17","slug":"fortiplex-vial-10ml-3-pack-inyecciones-potencia-tu-bienestar-integral-y-apoya-tu-energia-diaria","status":"publish","type":"product","link":"https:\/\/vitaminaselsalvador.net\/index.php\/product\/fortiplex-vial-10ml-3-pack-inyecciones-potencia-tu-bienestar-integral-y-apoya-tu-energia-diaria\/","title":{"rendered":"Fortiplex Vial 10ml 3 pack Inyecciones potencia tu bienestar integral y apoya tu energ\u00eda diaria"},"content":{"rendered":"<div style=\"color:black;font-family: Arial, sans-serif\">\n<p><strong>Fortiplex Vial 10ml 3 pack (Inyecciones)<\/strong> es una excelente opci\u00f3n para quienes buscan <strong>potenciar su bienestar integral<\/strong> y <strong>mantener su energ\u00eda y vitalidad cada d\u00eda<\/strong>. Disponible en <strong>VitaGlobe<\/strong> \u2013 Tu salud, sin fronteras, este producto se presenta en un conveniente <strong>pack de 3 viales de 10ml<\/strong> cada uno, ideal para cuidar tu rutina diaria.<\/p>\n<p>Gracias a su formato en inyecci\u00f3n, Fortiplex ofrece una alternativa pr\u00e1ctica y sencilla para quienes desean incluir en su vida diaria un apoyo para su energ\u00eda. Su presentaci\u00f3n facilita el uso y almacenamiento, asegurando que disfrutes siempre de su frescura.<\/p>\n<p>En <strong>VitaGlobe<\/strong> nos comprometemos a acercarte soluciones confiables y efectivas, porque nuestro lema es: <em>\u201cConectando salud con el mundo.\u201d<\/em> \ud83c\udf0e\ud83d\udc99<\/p>\n<p><strong>\u00a1Escoge Fortiplex y dale a tu d\u00eda el impulso que necesitas!<\/strong><\/p>\n<\/div>\n","protected":false},"excerpt":{"rendered":"<div style=\"color:black;font-family: Arial, sans-serif\">\nDescubre <strong>Fortiplex Vial 10ml 3 pack<\/strong>: inyecciones que <strong>potencian tu bienestar integral<\/strong> y te ayudan a mantener <strong>energ\u00eda y vitalidad cada d\u00eda<\/strong> \u2728\ud83d\udcaa. Lleva tu salud al siguiente nivel con VitaGlobe \u2013 Tu salud, sin fronteras. Perfecto para quienes buscan sentirse mejor cada d\u00eda. Disfruta de una vida m\u00e1s activa y llena de energ\u00eda.<\/p>\n<p style=\"color:red;font-weight:bold;font-style:italic;font-size:1.1em\">\u00a1Haz tu pedido ahora y revitaliza tu bienestar!<\/p>\n<\/div>\n","protected":false},"featured_media":3426,"comment_status":"closed","ping_status":"closed","template":"","meta":{"_kad_post_transparent":"","_kad_post_title":"","_kad_post_layout":"","_kad_post_sidebar_id":"","_kad_post_content_style":"","_kad_post_vertical_padding":"","_kad_post_feature":"","_kad_post_feature_position":"","_kad_post_header":false,"_kad_post_footer":false},"product_brand":[],"product_cat":[93,516,94,166,379],"product_tag":[99,798,799,800],"class_list":{"0":"post-3381","1":"product","2":"type-product","3":"status-publish","4":"has-post-thumbnail","6":"product_cat-control-de-estres","7":"product_cat-inyectables","8":"product_cat-laboratorios-vijosa","9":"product_cat-todo-dolor-y-vitaminas","10":"product_cat-vitaminas","11":"product_tag-complejo-b","12":"product_tag-fortiplex-inyeccion","13":"product_tag-fortiplex-vial","14":"product_tag-vitaminas-b12","16":"first","17":"instock","18":"shipping-taxable","19":"purchasable","20":"product-type-simple","21":"entry","22":"content-bg","23":"loop-entry"},"_links":{"self":[{"href":"https:\/\/vitaminaselsalvador.net\/index.php\/wp-json\/wp\/v2\/product\/3381","targetHints":{"allow":["GET"]}}],"collection":[{"href":"https:\/\/vitaminaselsalvador.net\/index.php\/wp-json\/wp\/v2\/product"}],"about":[{"href":"https:\/\/vitaminaselsalvador.net\/index.php\/wp-json\/wp\/v2\/types\/product"}],"replies":[{"embeddable":true,"href":"https:\/\/vitaminaselsalvador.net\/index.php\/wp-json\/wp\/v2\/comments?post=3381"}],"wp:featuredmedia":[{"embeddable":true,"href":"https:\/\/vitaminaselsalvador.net\/index.php\/wp-json\/wp\/v2\/media\/3426"}],"wp:attachment":[{"href":"https:\/\/vitaminaselsalvador.net\/index.php\/wp-json\/wp\/v2\/media?parent=3381"}],"wp:term":[{"taxonomy":"product_brand","embeddable":true,"href":"https:\/\/vitaminaselsalvador.net\/index.php\/wp-json\/wp\/v2\/product_brand?post=3381"},{"taxonomy":"product_cat","embeddable":true,"href":"https:\/\/vitaminaselsalvador.net\/index.php\/wp-json\/wp\/v2\/product_cat?post=3381"},{"taxonomy":"product_tag","embeddable":true,"href":"https:\/\/vitaminaselsalvador.net\/index.php\/wp-json\/wp\/v2\/product_tag?post=3381"}],"curies":[{"name":"wp","href":"https:\/\/api.w.org\/{rel}","templated":true}]}}