{"id":3355,"date":"2022-11-02T21:14:34","date_gmt":"2022-11-03T03:14:34","guid":{"rendered":"https:\/\/vitaminaselsalvador.net\/?post_type=product&#038;p=3355"},"modified":"2025-11-06T10:06:21","modified_gmt":"2025-11-06T16:06:21","slug":"vitasil-soya-con-algas-marinas-duo-pack-nutre-tu-bienestar-cada-dia","status":"publish","type":"product","link":"https:\/\/vitaminaselsalvador.net\/index.php\/product\/vitasil-soya-con-algas-marinas-duo-pack-nutre-tu-bienestar-cada-dia\/","title":{"rendered":"Vitasil soya con algas marinas Duo Pack nutre tu bienestar cada d\u00eda"},"content":{"rendered":"<div style=\"color:black;font-family: Arial, sans-serif\">\nDescubre el <strong>Vitasil Soya con Algas Marinas Duo Pack<\/strong> en <strong>VitaGlobe &#8211; Tu salud, sin fronteras<\/strong>, tu aliado ideal para apoyar tus necesidades nutricionales diarias. Con el lema <em>\u201cConectando salud con el mundo\u201d<\/em>, te acercamos productos de calidad para tu bienestar.<\/p>\n<p>Este <strong>Duo Pack<\/strong> incluye dos frascos de <strong>Vitasil Soya con Algas Marinas<\/strong>, una f\u00f3rmula a base de soya con el complemento de algas marinas, pensada para quienes buscan aportar a su dieta componentes naturales provenientes de fuentes vegetales \ud83c\udf31 y marinas \ud83c\udf0a.<\/p>\n<p>Entre sus principales caracter\u00edsticas, destaca:<\/p>\n<ul>\n<li><strong>Contenido: <\/strong>2 frascos de Vitasil Soya con Algas Marinas en presentaci\u00f3n original.<\/li>\n<li><strong>F\u00f3rmula: <\/strong>soya combinada con algas marinas.<\/li>\n<li><strong>Presentaci\u00f3n pr\u00e1ctica<\/strong> para tu rutina diaria.<\/li>\n<\/ul>\n<p>Elige <strong>VitaGlobe<\/strong> y lleva productos seleccionados hasta tu hogar, porque creemos en la importancia de la salud sin fronteras. Aprovecha este paquete especial y con\u00e9ctate con una nutrici\u00f3n de calidad. \ud83c\udf0d<\/p>\n<p><strong>\u00a1Haz tu pedido hoy y da un paso m\u00e1s hacia tu bienestar!<\/strong>\n<\/div>\n","protected":false},"excerpt":{"rendered":"<div style=\"color:black;font-family: Arial, sans-serif\">\nDescubre el <strong>Duo Pack Vitasil soya con algas marinas<\/strong>, dise\u00f1ado para tu bienestar diario. \ud83c\udf31\ud83c\udf0a Su f\u00f3rmula \u00fanica re\u00fane <strong>soya<\/strong> y <strong>algas marinas<\/strong> en un pr\u00e1ctico pack doble. Ideal para quienes buscan sumar saludables alternativas a su rutina con la confianza de <strong>VitaGlobe<\/strong>.<\/p>\n<p style=\"color:red;font-weight:bold;font-style:italic;font-size:1.1em\">\u00a1No esperes m\u00e1s, a\u00f1ade el Duo Pack Vitasil a tu carrito y disfruta salud sin fronteras!<\/p>\n<\/div>\n","protected":false},"featured_media":3401,"comment_status":"closed","ping_status":"closed","template":"","meta":{"_kad_post_transparent":"","_kad_post_title":"","_kad_post_layout":"","_kad_post_sidebar_id":"","_kad_post_content_style":"","_kad_post_vertical_padding":"","_kad_post_feature":"","_kad_post_feature_position":"","_kad_post_header":false,"_kad_post_footer":false},"product_brand":[],"product_cat":[250,735,424],"product_tag":[736,737,738,739,740,741,742,743,744,745],"class_list":{"0":"post-3355","1":"product","2":"type-product","3":"status-publish","4":"has-post-thumbnail","6":"product_cat-capsulas","7":"product_cat-contro-de-peso","8":"product_cat-laboratorios-suizos","9":"product_tag-acciona-el-adelgazamiento","10":"product_tag-activa-el-metabolismo-celular","11":"product_tag-algas-marinas-kelp","12":"product_tag-control-del-peso","13":"product_tag-mejora-la-digestion-de-las-grasas","14":"product_tag-moviliza-y-reduce-las-grasas","15":"product_tag-regenera-los-tejidos","16":"product_tag-vinagre-de-manzana","17":"product_tag-vitasil-soya","18":"product_tag-vitasil-soya-con-algas-marinas","20":"first","21":"instock","22":"shipping-taxable","23":"purchasable","24":"product-type-simple","25":"entry","26":"content-bg","27":"loop-entry"},"_links":{"self":[{"href":"https:\/\/vitaminaselsalvador.net\/index.php\/wp-json\/wp\/v2\/product\/3355","targetHints":{"allow":["GET"]}}],"collection":[{"href":"https:\/\/vitaminaselsalvador.net\/index.php\/wp-json\/wp\/v2\/product"}],"about":[{"href":"https:\/\/vitaminaselsalvador.net\/index.php\/wp-json\/wp\/v2\/types\/product"}],"replies":[{"embeddable":true,"href":"https:\/\/vitaminaselsalvador.net\/index.php\/wp-json\/wp\/v2\/comments?post=3355"}],"wp:featuredmedia":[{"embeddable":true,"href":"https:\/\/vitaminaselsalvador.net\/index.php\/wp-json\/wp\/v2\/media\/3401"}],"wp:attachment":[{"href":"https:\/\/vitaminaselsalvador.net\/index.php\/wp-json\/wp\/v2\/media?parent=3355"}],"wp:term":[{"taxonomy":"product_brand","embeddable":true,"href":"https:\/\/vitaminaselsalvador.net\/index.php\/wp-json\/wp\/v2\/product_brand?post=3355"},{"taxonomy":"product_cat","embeddable":true,"href":"https:\/\/vitaminaselsalvador.net\/index.php\/wp-json\/wp\/v2\/product_cat?post=3355"},{"taxonomy":"product_tag","embeddable":true,"href":"https:\/\/vitaminaselsalvador.net\/index.php\/wp-json\/wp\/v2\/product_tag?post=3355"}],"curies":[{"name":"wp","href":"https:\/\/api.w.org\/{rel}","templated":true}]}}