{"id":3344,"date":"2022-11-02T21:14:33","date_gmt":"2022-11-03T03:14:33","guid":{"rendered":"https:\/\/vitaminaselsalvador.net\/?post_type=product&#038;p=3344"},"modified":"2025-10-24T10:06:20","modified_gmt":"2025-10-24T16:06:20","slug":"elimine-esa-infeccion-con-amoxicilina-500mg-saimed-alivio-rapido-y-efectivo-para-tu-bienestar-recupera-tu-salud-en-menos-tiempo","status":"publish","type":"product","link":"https:\/\/vitaminaselsalvador.net\/index.php\/product\/elimine-esa-infeccion-con-amoxicilina-500mg-saimed-alivio-rapido-y-efectivo-para-tu-bienestar-recupera-tu-salud-en-menos-tiempo\/","title":{"rendered":"Elimine esa infeccion con Amoxicilina 500mg Saimed Alivio r\u00e1pido y efectivo para tu bienestar, recupera tu salud en menos tiempo"},"content":{"rendered":"<div style=\"color:black;font-family: Arial, sans-serif\">\n<strong>Elimina esa infecci\u00f3n con Amoxicilina 500mg Saimed<\/strong> y recupera tu bienestar con la confianza de quienes cuidan tu salud. En <strong>VitaGlobe &#8211; Tu salud, sin fronteras<\/strong>, trabajamos para que soluciones efectivas est\u00e9n siempre a tu alcance.<\/p>\n<p>Disfruta de <strong>alivio r\u00e1pido y efectivo<\/strong> con Amoxicilina 500mg Saimed, una opci\u00f3n confiable para tratar infecciones bajo supervisi\u00f3n m\u00e9dica. \u2705<\/p>\n<p><strong>Ventajas de elegirnos:<\/strong> <br \/>\n\ud83c\udf0e Enviamos a donde lo necesites, tu salud es nuestra prioridad.<br \/>\n\ud83d\udd12 Compra segura y atenci\u00f3n profesional.<\/p>\n<p>Conf\u00eda en <strong>VitaGlobe<\/strong>, porque <em>conectamos salud con el mundo<\/em>. El primer paso para sentirte mejor comienza aqu\u00ed.\n<\/div>\n","protected":false},"excerpt":{"rendered":"<div style=\"color:black;font-family: Arial, sans-serif\">\n<strong>Elimina<\/strong> esa infecci\u00f3n con <strong>Amoxicilina 500mg Saimed<\/strong>. \ud83d\udc8a Disfruta de un <strong>alivio r\u00e1pido y efectivo<\/strong> para tu bienestar con VitaGlobe, tu salud, sin fronteras. \ud83c\udf0d<\/p>\n<p style=\"color:red;font-weight:bold;font-style:italic;font-size:1.1em\">\u00a1Recupera tu bienestar y pide ahora!<\/p>\n<\/div>\n","protected":false},"featured_media":3373,"comment_status":"closed","ping_status":"closed","template":"","meta":{"_kad_post_transparent":"","_kad_post_title":"","_kad_post_layout":"","_kad_post_sidebar_id":"","_kad_post_content_style":"","_kad_post_vertical_padding":"","_kad_post_feature":"","_kad_post_feature_position":"","_kad_post_header":false,"_kad_post_footer":false},"product_brand":[],"product_cat":[655,250,295],"product_tag":[664,665,666,667,668,669,670],"class_list":{"0":"post-3344","1":"product","2":"type-product","3":"status-publish","4":"has-post-thumbnail","6":"product_cat-antibioticos","7":"product_cat-capsulas","8":"product_cat-laboratorios-saimed","9":"product_tag-amoxicilina-capsulas-500mg","10":"product_tag-amoxicilina-capsulas-500mg-amazon","11":"product_tag-amoxicilina-capsulas-500mg-ebay","12":"product_tag-amoxicilina-capsulas-500mg-original","13":"product_tag-amoxicilina-dosis","14":"product_tag-amoxicilina-presentacion","15":"product_tag-amoxicilina-vademecum","17":"first","18":"instock","19":"shipping-taxable","20":"purchasable","21":"product-type-simple","22":"entry","23":"content-bg","24":"loop-entry"},"_links":{"self":[{"href":"https:\/\/vitaminaselsalvador.net\/index.php\/wp-json\/wp\/v2\/product\/3344","targetHints":{"allow":["GET"]}}],"collection":[{"href":"https:\/\/vitaminaselsalvador.net\/index.php\/wp-json\/wp\/v2\/product"}],"about":[{"href":"https:\/\/vitaminaselsalvador.net\/index.php\/wp-json\/wp\/v2\/types\/product"}],"replies":[{"embeddable":true,"href":"https:\/\/vitaminaselsalvador.net\/index.php\/wp-json\/wp\/v2\/comments?post=3344"}],"wp:featuredmedia":[{"embeddable":true,"href":"https:\/\/vitaminaselsalvador.net\/index.php\/wp-json\/wp\/v2\/media\/3373"}],"wp:attachment":[{"href":"https:\/\/vitaminaselsalvador.net\/index.php\/wp-json\/wp\/v2\/media?parent=3344"}],"wp:term":[{"taxonomy":"product_brand","embeddable":true,"href":"https:\/\/vitaminaselsalvador.net\/index.php\/wp-json\/wp\/v2\/product_brand?post=3344"},{"taxonomy":"product_cat","embeddable":true,"href":"https:\/\/vitaminaselsalvador.net\/index.php\/wp-json\/wp\/v2\/product_cat?post=3344"},{"taxonomy":"product_tag","embeddable":true,"href":"https:\/\/vitaminaselsalvador.net\/index.php\/wp-json\/wp\/v2\/product_tag?post=3344"}],"curies":[{"name":"wp","href":"https:\/\/api.w.org\/{rel}","templated":true}]}}