{"id":3301,"date":"2022-11-02T21:14:08","date_gmt":"2022-11-03T03:14:08","guid":{"rendered":"https:\/\/vitaminaselsalvador.net\/?post_type=product&#038;p=3301"},"modified":"2025-10-12T10:06:20","modified_gmt":"2025-10-12T16:06:20","slug":"tabcin-liqui-gels-gripe-y-tos-alivia-rapido-tus-sintomas-para-que-sigas-adelante","status":"publish","type":"product","link":"https:\/\/vitaminaselsalvador.net\/index.php\/product\/tabcin-liqui-gels-gripe-y-tos-alivia-rapido-tus-sintomas-para-que-sigas-adelante\/","title":{"rendered":"Tabcin Liqui-Gels Gripe y Tos alivia r\u00e1pido tus s\u00edntomas para que sigas adelante"},"content":{"rendered":"<div style=\"color:black;font-family: Arial, sans-serif\">\n<p><strong>Tabcin Liqui-Gels Gripe y Tos 16 c\u00e1psulas<\/strong> es el aliado confiable para aliviar los s\u00edntomas de la gripe en cualquier \u00e9poca del a\u00f1o. En <strong>VitaGlobe<\/strong>, creemos en soluciones que atraviesan fronteras para cuidar tu bienestar. <em>\u00a1Con\u00e9ctate con la salud est\u00e9s donde est\u00e9s!<\/em> \ud83c\udf0d<\/p>\n<p>Este producto est\u00e1 formulado especialmente para tratar <strong>molestias causadas por la gripe y la tos<\/strong>. Cada c\u00e1psula de <strong>Tabcin Liqui-Gels Gripe y Tos<\/strong> ofrece alivio de manera efectiva, ayudando a reducir s\u00edntomas comunes como <strong>dolor de cabeza, fiebre, congesti\u00f3n nasal, ojos llorosos, estornudos, malestar general y tos<\/strong>.<\/p>\n<p>Disfruta de la practicidad de su <strong>presentaci\u00f3n en c\u00e1psulas l\u00edquidas<\/strong>, f\u00e1ciles de deglutir y r\u00e1pidas de actuar. Ideal para quienes buscan una soluci\u00f3n confiable y eficiente en cada momento.<\/p>\n<p>Conf\u00eda en <strong>VitaGlobe &#8211; Tu salud, sin fronteras<\/strong>, y elige <strong>Tabcin Liqui-Gels Gripe y Tos<\/strong> para sentirte mejor y <strong>volver a tu rutina<\/strong> lo antes posible. \ud83e\udd17<\/p>\n<\/div>\n","protected":false},"excerpt":{"rendered":"<div style=\"color:black;font-family: Arial, sans-serif\">\n<strong>Tabcin Liqui-Gels Gripe y Tos<\/strong> te acompa\u00f1a en esos d\u00edas dif\u00edciles. Su pr\u00e1ctica presentaci\u00f3n en c\u00e1psulas l\u00edquidas facilita el alivio de los molestos s\u00edntomas de la gripe y la tos<span> \ud83e\udd12\ud83d\udc8a<\/span>. Disfruta la confianza de cuidar tu bienestar con <strong>VitaGlobe<\/strong>, donde la <strong>salud<\/strong> cruza fronteras.<\/p>\n<p style=\"color:red;font-weight:bold;font-style:italic;font-size:1.1em\">\u00a1Recup\u00e9rate r\u00e1pido y vuelve a sentirte bien con Tabcin Liqui-Gels!<\/p>\n<\/div>\n","protected":false},"featured_media":3328,"comment_status":"closed","ping_status":"closed","template":"","meta":{"_kad_post_transparent":"","_kad_post_title":"","_kad_post_layout":"","_kad_post_sidebar_id":"","_kad_post_content_style":"","_kad_post_vertical_padding":"","_kad_post_feature":"","_kad_post_feature_position":"","_kad_post_header":false,"_kad_post_footer":false},"product_brand":[],"product_cat":[105,382,227],"product_tag":[613,614,615,221,616,617,618,619],"class_list":{"0":"post-3301","1":"product","2":"type-product","3":"status-publish","4":"has-post-thumbnail","6":"product_cat-capsulas-de-gelatina-blanda","7":"product_cat-gripe","8":"product_cat-laboratorios-bayer","9":"product_tag-dolor-de-cabeza-y-cuerpo","10":"product_tag-dolor-de-garganta","11":"product_tag-estornudos","12":"product_tag-fiebre","13":"product_tag-secrecion-y-congestion-nasal","14":"product_tag-tabcin-gripe-y-tos","15":"product_tag-tabcin-morada","16":"product_tag-tos","18":"first","19":"instock","20":"shipping-taxable","21":"purchasable","22":"product-type-simple","23":"entry","24":"content-bg","25":"loop-entry"},"_links":{"self":[{"href":"https:\/\/vitaminaselsalvador.net\/index.php\/wp-json\/wp\/v2\/product\/3301","targetHints":{"allow":["GET"]}}],"collection":[{"href":"https:\/\/vitaminaselsalvador.net\/index.php\/wp-json\/wp\/v2\/product"}],"about":[{"href":"https:\/\/vitaminaselsalvador.net\/index.php\/wp-json\/wp\/v2\/types\/product"}],"replies":[{"embeddable":true,"href":"https:\/\/vitaminaselsalvador.net\/index.php\/wp-json\/wp\/v2\/comments?post=3301"}],"wp:featuredmedia":[{"embeddable":true,"href":"https:\/\/vitaminaselsalvador.net\/index.php\/wp-json\/wp\/v2\/media\/3328"}],"wp:attachment":[{"href":"https:\/\/vitaminaselsalvador.net\/index.php\/wp-json\/wp\/v2\/media?parent=3301"}],"wp:term":[{"taxonomy":"product_brand","embeddable":true,"href":"https:\/\/vitaminaselsalvador.net\/index.php\/wp-json\/wp\/v2\/product_brand?post=3301"},{"taxonomy":"product_cat","embeddable":true,"href":"https:\/\/vitaminaselsalvador.net\/index.php\/wp-json\/wp\/v2\/product_cat?post=3301"},{"taxonomy":"product_tag","embeddable":true,"href":"https:\/\/vitaminaselsalvador.net\/index.php\/wp-json\/wp\/v2\/product_tag?post=3301"}],"curies":[{"name":"wp","href":"https:\/\/api.w.org\/{rel}","templated":true}]}}