{"id":3300,"date":"2022-11-02T21:14:08","date_gmt":"2022-11-03T03:14:08","guid":{"rendered":"https:\/\/vitaminaselsalvador.net\/?post_type=product&#038;p=3300"},"modified":"2025-10-11T10:06:25","modified_gmt":"2025-10-11T16:06:25","slug":"viro-grip-limon-pm-polvo-alivio-nocturno-para-un-mejor-descanso-recupera-tu-bienestar-mientras-duermes","status":"publish","type":"product","link":"https:\/\/vitaminaselsalvador.net\/index.php\/product\/viro-grip-limon-pm-polvo-alivio-nocturno-para-un-mejor-descanso-recupera-tu-bienestar-mientras-duermes\/","title":{"rendered":"Viro-Grip Lim\u00f3n PM Polvo Alivio Nocturno para un Mejor Descanso \u2013 Recupera tu bienestar mientras duermes"},"content":{"rendered":"<div style=\"color:black;font-family: Arial, sans-serif\">\n\u00bfEst\u00e1s buscando <strong>alivio nocturno<\/strong> para los molestos s\u00edntomas del resfriado y gripe? En <strong>VitaGlobe &#8211; Tu salud, sin fronteras<\/strong>, te acercamos <strong>Viro-Grip Lim\u00f3n PM Polvo Alivio Nocturno<\/strong>, ideal para esos momentos en los que necesitas descansar y recuperarte \ud83c\udf19\ud83c\udf3f.<\/p>\n<p>Esta presentaci\u00f3n en <strong>polvo sabor lim\u00f3n<\/strong> est\u00e1 desarrollada para tomarse por la noche, ayudando a <strong>reducir malestares<\/strong> como congesti\u00f3n nasal, dolor de cabeza, fiebre y cuerpo cortado. Sus ingredientes cuidadosamente seleccionados act\u00faan para que tu cuerpo pueda relajarse sin molestias, permitiendo un <strong>mejor descanso<\/strong>.<\/p>\n<p>Con <strong>Viro-Grip Lim\u00f3n PM<\/strong> es m\u00e1s sencillo cuidar de ti y tus seres queridos en casa. Simplemente disuelve el contenido del sobre en agua caliente, disfruta su <strong>sabor a lim\u00f3n<\/strong> y si\u00e9ntete acompa\u00f1ado en el proceso de recuperaci\u00f3n.<\/p>\n<p>En <strong>VitaGlobe<\/strong> creemos que conectarte con tu bienestar no tiene fronteras. \u00a1Conf\u00eda en nuestro compromiso y recupera tus noches de sue\u00f1o reparador! \ud83d\ude34\ud83c\udf4b<\/p>\n<p><strong>Conectando salud con el mundo.<\/strong>\n<\/div>\n","protected":false},"excerpt":{"rendered":"<div style=\"color:black;font-family: Arial, sans-serif\">\nDisfruta del <strong>Viro-Grip Lim\u00f3n PM Polvo Alivio Nocturno<\/strong> y apoya un <strong>mejor descanso<\/strong> en tus noches. \ud83c\udf19\u2728 Su delicioso sabor a <strong>lim\u00f3n<\/strong> lo hace ideal para cuidarte en casa antes de dormir. <br \/>\nConf\u00eda en <strong>VitaGlobe<\/strong>, donde tu salud se conecta con el mundo.<\/p>\n<p style=\"color:red;font-weight:bold;font-style:italic;font-size:1.1em\">\u00a1Haz tu pedido ahora y descansa mejor esta noche!<\/p>\n<\/div>\n","protected":false},"featured_media":3327,"comment_status":"closed","ping_status":"closed","template":"","meta":{"_kad_post_transparent":"","_kad_post_title":"","_kad_post_layout":"","_kad_post_sidebar_id":"","_kad_post_content_style":"","_kad_post_vertical_padding":"","_kad_post_feature":"","_kad_post_feature_position":"","_kad_post_header":false,"_kad_post_footer":false},"product_brand":[],"product_cat":[382,94,214],"product_tag":[146,430,431,437,434,438,435,436,201],"class_list":{"0":"post-3300","1":"product","2":"type-product","3":"status-publish","4":"has-post-thumbnail","6":"product_cat-gripe","7":"product_cat-laboratorios-vijosa","8":"product_cat-para-el-dolor-y-fiebre","9":"product_tag-el-salvador","10":"product_tag-viro-grip-gel-caps","11":"product_tag-viro-grip-te","12":"product_tag-virogrip-gel-pm","13":"product_tag-virogrip-limon","14":"product_tag-virogrip-noche","15":"product_tag-virogrip-para-la-gripa","16":"product_tag-virogrip-polvo-para-la-gripe","17":"product_tag-vitaminas-en-el-salvador","19":"first","20":"instock","21":"shipping-taxable","22":"purchasable","23":"product-type-simple","24":"entry","25":"content-bg","26":"loop-entry"},"_links":{"self":[{"href":"https:\/\/vitaminaselsalvador.net\/index.php\/wp-json\/wp\/v2\/product\/3300","targetHints":{"allow":["GET"]}}],"collection":[{"href":"https:\/\/vitaminaselsalvador.net\/index.php\/wp-json\/wp\/v2\/product"}],"about":[{"href":"https:\/\/vitaminaselsalvador.net\/index.php\/wp-json\/wp\/v2\/types\/product"}],"replies":[{"embeddable":true,"href":"https:\/\/vitaminaselsalvador.net\/index.php\/wp-json\/wp\/v2\/comments?post=3300"}],"wp:featuredmedia":[{"embeddable":true,"href":"https:\/\/vitaminaselsalvador.net\/index.php\/wp-json\/wp\/v2\/media\/3327"}],"wp:attachment":[{"href":"https:\/\/vitaminaselsalvador.net\/index.php\/wp-json\/wp\/v2\/media?parent=3300"}],"wp:term":[{"taxonomy":"product_brand","embeddable":true,"href":"https:\/\/vitaminaselsalvador.net\/index.php\/wp-json\/wp\/v2\/product_brand?post=3300"},{"taxonomy":"product_cat","embeddable":true,"href":"https:\/\/vitaminaselsalvador.net\/index.php\/wp-json\/wp\/v2\/product_cat?post=3300"},{"taxonomy":"product_tag","embeddable":true,"href":"https:\/\/vitaminaselsalvador.net\/index.php\/wp-json\/wp\/v2\/product_tag?post=3300"}],"curies":[{"name":"wp","href":"https:\/\/api.w.org\/{rel}","templated":true}]}}