{"id":3260,"date":"2022-11-02T21:13:42","date_gmt":"2022-11-03T03:13:42","guid":{"rendered":"https:\/\/vitaminaselsalvador.net\/?post_type=product&#038;p=3260"},"modified":"2025-09-23T10:06:22","modified_gmt":"2025-09-23T16:06:22","slug":"para-el-dolor-dolo-neurobion-original-3pack-alivio-confiable-para-tu-bienestar","status":"publish","type":"product","link":"https:\/\/vitaminaselsalvador.net\/index.php\/product\/para-el-dolor-dolo-neurobion-original-3pack-alivio-confiable-para-tu-bienestar\/","title":{"rendered":"Para el dolor DOLO NEUROBION ORIGINAL 3PACK alivio confiable para tu bienestar"},"content":{"rendered":"<div style=\"color:black;font-family: Arial, sans-serif\">\n<strong>\u00a1Bienvenido a VitaGlobe &#8211; Tu salud, sin fronteras!<\/strong> \ud83c\udf0e En VitaGlobe, nos dedicamos a <strong>conectar la salud con el mundo<\/strong>, ofreci\u00e9ndote productos de confianza que cuidan de ti y de tu familia.<\/p>\n<p><strong>DOLO NEUROBION ORIGINAL 3PACK<\/strong> es un producto reconocido que llega en una presentaci\u00f3n conveniente de <strong>tres cajas originales<\/strong>. DOLO NEUROBION es utilizado como <strong>auxiliar para el alivio del dolor neur\u00e1lgico y muscular<\/strong>. Cada empaque contiene la <strong>f\u00f3rmula original<\/strong> de DOLO NEUROBION, pensada para apoyarte en tu bienestar, con la calidad que esperas.<\/p>\n<p>&#8211; <strong>Paquete con 3 cajas originales<\/strong><br \/>\n&#8211; Pr\u00e1ctica presentaci\u00f3n para mayor duraci\u00f3n \ud83d\udd52<br \/>\n&#8211; Producto aut\u00e9ntico<\/p>\n<p>Compra con la confianza de VitaGlobe, donde nos preocupamos por <strong>llevar bienestar a tu puerta, sin fronteras<\/strong>. Haz tu pedido hoy y siente el respaldo de una tienda comprometida con tu salud. \u2705<\/p>\n<p><strong>VitaGlobe \u2013 Conectando salud con el mundo.<\/strong>\n<\/div>\n","protected":false},"excerpt":{"rendered":"<div style=\"color:black;font-family: Arial, sans-serif\">\n<strong>Alivia el dolor<\/strong> r\u00e1pidamente con <strong>DOLO NEUROBION ORIGINAL 3PACK<\/strong>. Ideal para quienes buscan una opci\u00f3n confiable y pr\u00e1ctica. Vive sin molestias y mejora tu bienestar cada d\u00eda. \u00a1Recupera tu comodidad con una soluci\u00f3n de calidad! \u2728\ud83d\udc8a<\/p>\n<p style=\"color:red;font-weight:bold;font-style:italic;font-size:1.1em\">\u00a1Agrega ahora DOLO NEUROBION a tu carrito y siente la diferencia!<\/p>\n<\/div>\n","protected":false},"featured_media":3313,"comment_status":"closed","ping_status":"closed","template":"","meta":{"_kad_post_transparent":"","_kad_post_title":"","_kad_post_layout":"","_kad_post_sidebar_id":"","_kad_post_content_style":"","_kad_post_vertical_padding":"","_kad_post_feature":"","_kad_post_feature_position":"","_kad_post_header":false,"_kad_post_footer":false},"product_brand":[],"product_cat":[549,104,516,107,305,214,108,166],"product_tag":[563,564,565,566,567,474,540,300,301],"class_list":{"0":"post-3260","1":"product","2":"type-product","3":"status-publish","4":"has-post-thumbnail","6":"product_cat-ampolla-intramuscular","7":"product_cat-artritis","8":"product_cat-inyectables","9":"product_cat-medicamento-para-el-dolor","10":"product_cat-merck","11":"product_cat-para-el-dolor-y-fiebre","12":"product_cat-salud-y-belleza","13":"product_cat-todo-dolor-y-vitaminas","14":"product_tag-dolo-neurobion","15":"product_tag-dolo-neurobion-original-amazon","16":"product_tag-dolo-neurobion-original-ebay","17":"product_tag-dolo-neurobion-original-el-salvador","18":"product_tag-dolo-neurobion-para-que-sirve","19":"product_tag-dolor-por-reuma","20":"product_tag-para-el-reumatismo","21":"product_tag-reuma","22":"product_tag-reumatismo","24":"first","25":"instock","26":"purchasable","27":"product-type-simple","28":"entry","29":"content-bg","30":"loop-entry"},"_links":{"self":[{"href":"https:\/\/vitaminaselsalvador.net\/index.php\/wp-json\/wp\/v2\/product\/3260","targetHints":{"allow":["GET"]}}],"collection":[{"href":"https:\/\/vitaminaselsalvador.net\/index.php\/wp-json\/wp\/v2\/product"}],"about":[{"href":"https:\/\/vitaminaselsalvador.net\/index.php\/wp-json\/wp\/v2\/types\/product"}],"replies":[{"embeddable":true,"href":"https:\/\/vitaminaselsalvador.net\/index.php\/wp-json\/wp\/v2\/comments?post=3260"}],"wp:featuredmedia":[{"embeddable":true,"href":"https:\/\/vitaminaselsalvador.net\/index.php\/wp-json\/wp\/v2\/media\/3313"}],"wp:attachment":[{"href":"https:\/\/vitaminaselsalvador.net\/index.php\/wp-json\/wp\/v2\/media?parent=3260"}],"wp:term":[{"taxonomy":"product_brand","embeddable":true,"href":"https:\/\/vitaminaselsalvador.net\/index.php\/wp-json\/wp\/v2\/product_brand?post=3260"},{"taxonomy":"product_cat","embeddable":true,"href":"https:\/\/vitaminaselsalvador.net\/index.php\/wp-json\/wp\/v2\/product_cat?post=3260"},{"taxonomy":"product_tag","embeddable":true,"href":"https:\/\/vitaminaselsalvador.net\/index.php\/wp-json\/wp\/v2\/product_tag?post=3260"}],"curies":[{"name":"wp","href":"https:\/\/api.w.org\/{rel}","templated":true}]}}