{"id":3255,"date":"2022-11-02T21:13:42","date_gmt":"2022-11-03T03:13:42","guid":{"rendered":"https:\/\/vitaminaselsalvador.net\/?post_type=product&#038;p=3255"},"modified":"2025-09-18T10:06:20","modified_gmt":"2025-09-18T16:06:20","slug":"foskrol-tabletas-tri-pack-energia-y-bienestar-para-tu-dia","status":"publish","type":"product","link":"https:\/\/vitaminaselsalvador.net\/index.php\/product\/foskrol-tabletas-tri-pack-energia-y-bienestar-para-tu-dia\/","title":{"rendered":"FOSKROL Tabletas Tri-Pack energ\u00eda y bienestar para tu d\u00eda"},"content":{"rendered":"<div style=\"color:black;font-family: Arial, sans-serif\">\n<strong>FOSKROL Tabletas Tri-Pack<\/strong> est\u00e1 disponible en VitaGlobe &#8211; Tu salud, sin fronteras, la tienda que <strong>conecta tu bienestar con el mundo<\/strong> \ud83c\udf0e. Este producto brinda una opci\u00f3n confiable y pr\u00e1ctica para quienes buscan apoyo nutricional espec\u00edfico, manteniendo siempre la <strong>calidad y autenticidad<\/strong> que caracterizan a nuestra tienda.<\/p>\n<p>El <strong>Tri-Pack de FOSKROL Tabletas<\/strong> incluye 3 cajas, proporcionando m\u00e1s valor y duraci\u00f3n para quienes requieren complementar su rutina diaria conforme a las indicaciones. Cada tableta contiene una combinaci\u00f3n de <strong>fosfato de tiamina, riboflavina, piridoxina y extracto de h\u00edgado<\/strong>, elementos conocidos y empleados tradicionalmente bajo prescripci\u00f3n m\u00e9dica para <strong>suplementar tu nutrici\u00f3n espec\u00edfica<\/strong>.<\/p>\n<p>En VitaGlobe, creemos en brindarte productos originales directamente a tu puerta, sin fronteras ni l\u00edmites. \u2705 Disfruta la tranquilidad de un proceso <strong>seguro y confiable<\/strong>, con el respaldo de nuestro lema: \u201cConectando salud con el mundo.\u201d<\/p>\n<p><strong>Contiene:<\/strong><\/p>\n<ul>\n<li>3 cajas de FOSKROL Tabletas<\/li>\n<li>Cada caja contiene 24 tabletas<\/li>\n<\/ul>\n<p><strong>\u00a1Lleva tu FOSKROL Tabletas Tri-Pack con VitaGlobe y siente el respaldo de una tienda que te cuida!<\/strong> \ud83d\uded2\n<\/div>\n","protected":false},"excerpt":{"rendered":"<div style=\"color:black;font-family: Arial, sans-serif\">\nDescubre <strong>FOSKROL Tabletas Tri-Pack<\/strong>, la opci\u00f3n pr\u00e1ctica y conveniente para tu d\u00eda a d\u00eda. Su presentaci\u00f3n en <strong>Tri-Pack<\/strong> te ofrece mayor facilidad de uso y portabilidad \ud83d\udce6. Ideal para quienes buscan llevar el control de su bienestar siempre a la mano.<\/p>\n<p style=\"color:red;font-weight:bold;font-style:italic;font-size:1.1em\">\u00a1Ll\u00e9valo contigo y cuida tu salud a donde vayas!<\/p>\n<\/div>\n","protected":false},"featured_media":3193,"comment_status":"closed","ping_status":"closed","template":"","meta":{"_kad_post_transparent":"","_kad_post_title":"","_kad_post_layout":"","_kad_post_sidebar_id":"","_kad_post_content_style":"","_kad_post_vertical_padding":"","_kad_post_feature":"","_kad_post_feature_position":"","_kad_post_header":false,"_kad_post_footer":false},"product_brand":[],"product_cat":[106,215,379],"product_tag":[193,99,342,146,147,194,195,343,345,199,210,303,179,200,201,344],"class_list":{"0":"post-3255","1":"product","2":"type-product","3":"status-publish","4":"has-post-thumbnail","6":"product_cat-laboratorios-biokemical","7":"product_cat-tabletas","8":"product_cat-vitaminas","9":"product_tag-biokemical","10":"product_tag-complejo-b","11":"product_tag-eczema-alergico","12":"product_tag-el-salvador","13":"product_tag-energizantes","14":"product_tag-estimulante-del-apetito","15":"product_tag-foskrol-capsulas","16":"product_tag-foskrol-pastillas","17":"product_tag-foskrol-tabletas","18":"product_tag-foskrol-vitaminas-para-el-cerebro-y-nervios","19":"product_tag-pastillas-vitaminadas-para-el-dolor","20":"product_tag-vitamina-b","21":"product_tag-vitamina-b12","22":"product_tag-vitaminas","23":"product_tag-vitaminas-en-el-salvador","24":"product_tag-vitaminas-foskrol-pastillas","26":"first","27":"instock","28":"purchasable","29":"product-type-simple","30":"entry","31":"content-bg","32":"loop-entry"},"_links":{"self":[{"href":"https:\/\/vitaminaselsalvador.net\/index.php\/wp-json\/wp\/v2\/product\/3255","targetHints":{"allow":["GET"]}}],"collection":[{"href":"https:\/\/vitaminaselsalvador.net\/index.php\/wp-json\/wp\/v2\/product"}],"about":[{"href":"https:\/\/vitaminaselsalvador.net\/index.php\/wp-json\/wp\/v2\/types\/product"}],"replies":[{"embeddable":true,"href":"https:\/\/vitaminaselsalvador.net\/index.php\/wp-json\/wp\/v2\/comments?post=3255"}],"wp:featuredmedia":[{"embeddable":true,"href":"https:\/\/vitaminaselsalvador.net\/index.php\/wp-json\/wp\/v2\/media\/3193"}],"wp:attachment":[{"href":"https:\/\/vitaminaselsalvador.net\/index.php\/wp-json\/wp\/v2\/media?parent=3255"}],"wp:term":[{"taxonomy":"product_brand","embeddable":true,"href":"https:\/\/vitaminaselsalvador.net\/index.php\/wp-json\/wp\/v2\/product_brand?post=3255"},{"taxonomy":"product_cat","embeddable":true,"href":"https:\/\/vitaminaselsalvador.net\/index.php\/wp-json\/wp\/v2\/product_cat?post=3255"},{"taxonomy":"product_tag","embeddable":true,"href":"https:\/\/vitaminaselsalvador.net\/index.php\/wp-json\/wp\/v2\/product_tag?post=3255"}],"curies":[{"name":"wp","href":"https:\/\/api.w.org\/{rel}","templated":true}]}}