{"id":3247,"date":"2022-11-02T21:13:41","date_gmt":"2022-11-03T03:13:41","guid":{"rendered":"https:\/\/vitaminaselsalvador.net\/?post_type=product&#038;p=3247"},"modified":"2025-09-11T10:06:22","modified_gmt":"2025-09-11T16:06:22","slug":"pura-vida-con-ultraestres-vitaminado-25000-tripack-potencia-tu-energia-y-bienestar-todos-los-dias","status":"publish","type":"product","link":"https:\/\/vitaminaselsalvador.net\/index.php\/product\/pura-vida-con-ultraestres-vitaminado-25000-tripack-potencia-tu-energia-y-bienestar-todos-los-dias\/","title":{"rendered":"Pura vida con ULTRAESTRES VITAMINADO 25,000 TRIPACK potencia tu energ\u00eda y bienestar todos los d\u00edas"},"content":{"rendered":"<div style=\"color:black;font-family: Arial, sans-serif\">\nDescubre el <strong>Pura vida ULTRAESTRES VITAMINADO 25,000 TRIPACK<\/strong> en <strong>VitaGlobe<\/strong> \u2013 Tu salud, sin fronteras. \ud83c\udf0d La opci\u00f3n ideal para quienes buscan una alternativa confiable, respaldada por una marca tradicional. <\/p>\n<p>El <strong>ULTRAESTRES VITAMINADO 25,000<\/strong> te ofrece <strong>tres frascos<\/strong> en presentaci\u00f3n <strong>tripack<\/strong> que te acompa\u00f1an con la calidad habitual de Pura vida. Su etiqueta indica la concentraci\u00f3n de 25,000, ajustada a tu d\u00eda a d\u00eda.<\/p>\n<p>En <strong>VitaGlobe<\/strong> trabajamos bajo el lema: <em>\u201cConectando salud con el mundo.\u201d<\/em> Por eso, ponemos a tu alcance este producto que responde a tus necesidades con la confianza que nos caracteriza.  <\/p>\n<p>No dejes pasar la oportunidad de llevarte este <strong>tripack<\/strong> y optimiza tu bienestar con la practicidad de una marca reconocida. \ud83d\ude0a Solicita tu <strong>Pura vida ULTRAESTRES VITAMINADO 25,000 TRIPACK<\/strong> y siente la diferencia de comprar en VitaGlobe.\n<\/div>\n","protected":false},"excerpt":{"rendered":"<div style=\"color:black;font-family: Arial, sans-serif\">\nDescubre la <strong>Pura vida<\/strong> con <strong>ULTRAESTRES VITAMINADO 25,000 TRIPACK<\/strong> \ud83c\udfc6. Disfruta de vitalidad y bienestar en cada d\u00eda con nuestro producto estrella. Vive al m\u00e1ximo y siente la diferencia, \u00a1tu mejor versi\u00f3n te espera!<\/p>\n<p style=\"color:red;font-weight:bold;font-style:italic;font-size:1.1em\">\u00a1Con\u00e9ctate con tu bienestar y haz tu pedido ahora!<\/p>\n<\/div>\n","protected":false},"featured_media":3276,"comment_status":"closed","ping_status":"closed","template":"","meta":{"_kad_post_transparent":"","_kad_post_title":"","_kad_post_layout":"","_kad_post_sidebar_id":"","_kad_post_content_style":"","_kad_post_vertical_padding":"","_kad_post_feature":"","_kad_post_feature_position":"","_kad_post_header":false,"_kad_post_footer":false},"product_brand":[],"product_cat":[93,516,106,108,97],"product_tag":[193,517,518],"class_list":{"0":"post-3247","1":"product","2":"type-product","3":"status-publish","4":"has-post-thumbnail","6":"product_cat-control-de-estres","7":"product_cat-inyectables","8":"product_cat-laboratorios-biokemical","9":"product_cat-salud-y-belleza","10":"product_cat-vitaminas-neurotropas","11":"product_tag-biokemical","12":"product_tag-ultraestres-inyeccion","13":"product_tag-ultraestres-inyectable","15":"first","16":"instock","17":"purchasable","18":"product-type-simple","19":"entry","20":"content-bg","21":"loop-entry"},"_links":{"self":[{"href":"https:\/\/vitaminaselsalvador.net\/index.php\/wp-json\/wp\/v2\/product\/3247","targetHints":{"allow":["GET"]}}],"collection":[{"href":"https:\/\/vitaminaselsalvador.net\/index.php\/wp-json\/wp\/v2\/product"}],"about":[{"href":"https:\/\/vitaminaselsalvador.net\/index.php\/wp-json\/wp\/v2\/types\/product"}],"replies":[{"embeddable":true,"href":"https:\/\/vitaminaselsalvador.net\/index.php\/wp-json\/wp\/v2\/comments?post=3247"}],"wp:featuredmedia":[{"embeddable":true,"href":"https:\/\/vitaminaselsalvador.net\/index.php\/wp-json\/wp\/v2\/media\/3276"}],"wp:attachment":[{"href":"https:\/\/vitaminaselsalvador.net\/index.php\/wp-json\/wp\/v2\/media?parent=3247"}],"wp:term":[{"taxonomy":"product_brand","embeddable":true,"href":"https:\/\/vitaminaselsalvador.net\/index.php\/wp-json\/wp\/v2\/product_brand?post=3247"},{"taxonomy":"product_cat","embeddable":true,"href":"https:\/\/vitaminaselsalvador.net\/index.php\/wp-json\/wp\/v2\/product_cat?post=3247"},{"taxonomy":"product_tag","embeddable":true,"href":"https:\/\/vitaminaselsalvador.net\/index.php\/wp-json\/wp\/v2\/product_tag?post=3247"}],"curies":[{"name":"wp","href":"https:\/\/api.w.org\/{rel}","templated":true}]}}