{"id":3214,"date":"2022-11-02T21:13:16","date_gmt":"2022-11-03T03:13:16","guid":{"rendered":"https:\/\/vitaminaselsalvador.net\/?post_type=product&#038;p=3214"},"modified":"2025-08-30T10:06:25","modified_gmt":"2025-08-30T16:06:25","slug":"para-la-diarrea-rapido-con-veloz-alivia-y-controla-eficazmente-tus-molestias","status":"publish","type":"product","link":"https:\/\/vitaminaselsalvador.net\/index.php\/product\/para-la-diarrea-rapido-con-veloz-alivia-y-controla-eficazmente-tus-molestias\/","title":{"rendered":"PARA la diarrea R\u00e1pido con Veloz alivia y controla eficazmente tus molestias"},"content":{"rendered":"<div style=\"color:black;font-family: Arial, sans-serif\">\n\u00a1Recupera tu bienestar con <strong>R\u00e1pido con Veloz PARA la diarrea<\/strong>! En <strong>VitaGlobe &#8211; Tu salud, sin fronteras<\/strong> te ofrecemos una soluci\u00f3n confiable para cuando m\u00e1s lo necesitas. Nuestro lema, <strong>\u201cConectando salud con el mundo\u201d<\/strong>, se refleja en cada producto que seleccionamos para ti. \ud83c\udf0e\u2764\ufe0f<\/p>\n<p><strong>R\u00e1pido con Veloz<\/strong> es un medicamento indicado para el alivio sintom\u00e1tico de la <strong>diarrea aguda<\/strong> en adultos y ni\u00f1os mayores de 12 a\u00f1os. Su acci\u00f3n inicia en poco tiempo, ayudando a detener la diarrea y d\u00e1ndote tranquilidad en tu rutina diaria.<\/p>\n<p>Si buscas una opci\u00f3n efectiva y accesible para esos episodios inesperados, <strong>R\u00e1pido con Veloz<\/strong> es tu aliado confiable para sentirte mejor r\u00e1pidamente. Adem\u00e1s, contar con productos seguros y respaldados es parte del compromiso de <strong>VitaGlobe<\/strong> contigo y tu salud. \ud83c\udf1f<\/p>\n<p>Pide hoy mismo tu tratamiento y lleva contigo la confianza de saber que <strong>VitaGlobe<\/strong> te conecta con lo mejor para tu bienestar.\n<\/div>\n","protected":false},"excerpt":{"rendered":"<div style=\"color:black;font-family: Arial, sans-serif\">\nAlivia la <strong>diarrea r\u00e1pido<\/strong> con <strong>Veloz<\/strong> \ud83d\udd52\ud83d\udca7. Es tu opci\u00f3n confiable para actuar cuando m\u00e1s lo necesitas. Disfruta tranquilidad y bienestar en cada momento. <strong>No dejes que la incomodidad te detenga<\/strong> con VitaGlobe.<\/p>\n<p style=\"color:red;font-weight:bold;font-style:italic;font-size:1.1em\">\u00a1Recupera tu bienestar con Veloz hoy mismo!<\/p>\n<\/div>\n","protected":false},"featured_media":3262,"comment_status":"closed","ping_status":"closed","template":"","meta":{"_kad_post_transparent":"","_kad_post_title":"","_kad_post_layout":"","_kad_post_sidebar_id":"","_kad_post_content_style":"","_kad_post_vertical_padding":"","_kad_post_feature":"","_kad_post_feature_position":"","_kad_post_header":false,"_kad_post_footer":false},"product_brand":[],"product_cat":[452,228,215],"product_tag":[457,146,458,459,460,201],"class_list":{"0":"post-3214","1":"product","2":"type-product","3":"status-publish","4":"has-post-thumbnail","6":"product_cat-laboratorios-pharmedic","7":"product_cat-para-el-estomago","8":"product_cat-tabletas","9":"product_tag-controla-la-diarrea","10":"product_tag-el-salvador","11":"product_tag-loperamida","12":"product_tag-para-la-diarrea","13":"product_tag-veloz","14":"product_tag-vitaminas-en-el-salvador","16":"first","17":"instock","18":"purchasable","19":"product-type-simple","20":"entry","21":"content-bg","22":"loop-entry"},"_links":{"self":[{"href":"https:\/\/vitaminaselsalvador.net\/index.php\/wp-json\/wp\/v2\/product\/3214","targetHints":{"allow":["GET"]}}],"collection":[{"href":"https:\/\/vitaminaselsalvador.net\/index.php\/wp-json\/wp\/v2\/product"}],"about":[{"href":"https:\/\/vitaminaselsalvador.net\/index.php\/wp-json\/wp\/v2\/types\/product"}],"replies":[{"embeddable":true,"href":"https:\/\/vitaminaselsalvador.net\/index.php\/wp-json\/wp\/v2\/comments?post=3214"}],"wp:featuredmedia":[{"embeddable":true,"href":"https:\/\/vitaminaselsalvador.net\/index.php\/wp-json\/wp\/v2\/media\/3262"}],"wp:attachment":[{"href":"https:\/\/vitaminaselsalvador.net\/index.php\/wp-json\/wp\/v2\/media?parent=3214"}],"wp:term":[{"taxonomy":"product_brand","embeddable":true,"href":"https:\/\/vitaminaselsalvador.net\/index.php\/wp-json\/wp\/v2\/product_brand?post=3214"},{"taxonomy":"product_cat","embeddable":true,"href":"https:\/\/vitaminaselsalvador.net\/index.php\/wp-json\/wp\/v2\/product_cat?post=3214"},{"taxonomy":"product_tag","embeddable":true,"href":"https:\/\/vitaminaselsalvador.net\/index.php\/wp-json\/wp\/v2\/product_tag?post=3214"}],"curies":[{"name":"wp","href":"https:\/\/api.w.org\/{rel}","templated":true}]}}