{"id":3209,"date":"2022-11-02T21:13:15","date_gmt":"2022-11-03T03:13:15","guid":{"rendered":"https:\/\/vitaminaselsalvador.net\/?post_type=product&#038;p=3209"},"modified":"2025-08-26T10:06:40","modified_gmt":"2025-08-26T16:06:40","slug":"totalvit-terapeutico-3pack-potencia-tu-bienestar-diario","status":"publish","type":"product","link":"https:\/\/vitaminaselsalvador.net\/index.php\/product\/totalvit-terapeutico-3pack-potencia-tu-bienestar-diario\/","title":{"rendered":"Totalvit TERAPEUTICO 3Pack potencia tu bienestar diario"},"content":{"rendered":"<div style=\"color:black;font-family: Arial, sans-serif\">\n\u00a1Bienvenido a <strong>VitaGlobe<\/strong> \u2013 Tu salud, sin fronteras! \ud83c\udf0e En nuestra misi\u00f3n de \u201c<strong>Conectando salud con el mundo<\/strong>\u201d, te presentamos el <strong>Totalvit TERAPEUTICO 3Pack<\/strong>, un aliado \u00fanico para quienes buscan cuidar su bienestar con productos confiables.<\/p>\n<p><strong>\u00bfQu\u00e9 es Totalvit TERAPEUTICO 3Pack?<\/strong><br \/>\nTotalvit TERAPEUTICO es un suplemento multivitam\u00ednico cuidadosamente dise\u00f1ado y fabricado. Esta presentaci\u00f3n de <strong>3 unidades<\/strong> multiplica la conveniencia y te brinda m\u00e1s porciones, ideal para quienes quieren mantener el cuidado d\u00eda a d\u00eda sin interrupciones.<\/p>\n<p><strong>Caracter\u00edsticas principales:<\/strong><\/p>\n<ul>\n<li>Cada pack contiene <strong>tres envases de Totalvit TERAPEUTICO<\/strong>, ideal para un consumo prolongado o compartir con tu familia.<\/li>\n<li>Producto original en su empaque de f\u00e1brica, garantizado.<\/li>\n<li>Respaldado por la confiabilidad y experiencia de VitaGlobe.<\/li>\n<\/ul>\n<p><strong>\u00bfPor qu\u00e9 elegirnos?<\/strong> \ud83e\udd17<br \/>\nEn <strong>VitaGlobe<\/strong> nos esforzamos por ofrecerte productos con calidad comprobada y un servicio personalizado. Disfruta de recibir tus productos donde est\u00e9s, siempre con la seguridad de estar en manos expertas.<\/p>\n<p><strong>Aprovecha la presentaci\u00f3n de 3 pack y asegura un suministro continuo de Totalvit TERAPEUTICO para ti y los que m\u00e1s quieres!<\/strong><\/p>\n<p>\u00a1Haz tu pedido ahora y da el siguiente paso para cuidar tu salud con VitaGlobe!\n<\/p><\/div>\n","protected":false},"excerpt":{"rendered":"<div style=\"color:black;font-family: Arial, sans-serif\">\n<strong>Totalvit TERAPEUTICO 3Pack<\/strong> es tu opci\u00f3n pr\u00e1ctica para mantener tu bienestar de manera constante. Disfruta de esta <strong>presentaci\u00f3n especial<\/strong> que te acompa\u00f1a en tu rutina diaria. Ideal para quienes buscan simplicidad y confianza en un solo producto. <br \/>\n\u00a1Conecta tu salud con el mundo con VitaGlobe! \ud83c\udf0e\ud83d\udc8a<\/p>\n<p style=\"color:red;font-weight:bold;font-style:italic;font-size:1.1em\">\u00a1Adquiere tu 3Pack hoy y siente la diferencia!<\/p>\n<\/div>\n","protected":false},"featured_media":3237,"comment_status":"closed","ping_status":"closed","template":"","meta":{"_kad_post_transparent":"","_kad_post_title":"","_kad_post_layout":"","_kad_post_sidebar_id":"","_kad_post_content_style":"","_kad_post_vertical_padding":"","_kad_post_feature":"","_kad_post_feature_position":"","_kad_post_header":false,"_kad_post_footer":false},"product_brand":[],"product_cat":[250,251,443,379],"product_tag":[146,147,199,444,445,210,446,201],"class_list":{"0":"post-3209","1":"product","2":"type-product","3":"status-publish","4":"has-post-thumbnail","6":"product_cat-capsulas","7":"product_cat-control-del-estres","8":"product_cat-laboratorios-medikem","9":"product_cat-vitaminas","10":"product_tag-el-salvador","11":"product_tag-energizantes","12":"product_tag-foskrol-vitaminas-para-el-cerebro-y-nervios","13":"product_tag-medikem","14":"product_tag-multivitaminico","15":"product_tag-pastillas-vitaminadas-para-el-dolor","16":"product_tag-totalvit","17":"product_tag-vitaminas-en-el-salvador","19":"first","20":"instock","21":"shipping-taxable","22":"purchasable","23":"product-type-simple","24":"entry","25":"content-bg","26":"loop-entry"},"_links":{"self":[{"href":"https:\/\/vitaminaselsalvador.net\/index.php\/wp-json\/wp\/v2\/product\/3209","targetHints":{"allow":["GET"]}}],"collection":[{"href":"https:\/\/vitaminaselsalvador.net\/index.php\/wp-json\/wp\/v2\/product"}],"about":[{"href":"https:\/\/vitaminaselsalvador.net\/index.php\/wp-json\/wp\/v2\/types\/product"}],"replies":[{"embeddable":true,"href":"https:\/\/vitaminaselsalvador.net\/index.php\/wp-json\/wp\/v2\/comments?post=3209"}],"wp:featuredmedia":[{"embeddable":true,"href":"https:\/\/vitaminaselsalvador.net\/index.php\/wp-json\/wp\/v2\/media\/3237"}],"wp:attachment":[{"href":"https:\/\/vitaminaselsalvador.net\/index.php\/wp-json\/wp\/v2\/media?parent=3209"}],"wp:term":[{"taxonomy":"product_brand","embeddable":true,"href":"https:\/\/vitaminaselsalvador.net\/index.php\/wp-json\/wp\/v2\/product_brand?post=3209"},{"taxonomy":"product_cat","embeddable":true,"href":"https:\/\/vitaminaselsalvador.net\/index.php\/wp-json\/wp\/v2\/product_cat?post=3209"},{"taxonomy":"product_tag","embeddable":true,"href":"https:\/\/vitaminaselsalvador.net\/index.php\/wp-json\/wp\/v2\/product_tag?post=3209"}],"curies":[{"name":"wp","href":"https:\/\/api.w.org\/{rel}","templated":true}]}}