{"id":3184,"date":"2022-11-02T21:12:49","date_gmt":"2022-11-03T03:12:49","guid":{"rendered":"https:\/\/vitaminaselsalvador.net\/?post_type=product&#038;p=3184"},"modified":"2025-08-21T10:06:20","modified_gmt":"2025-08-21T16:06:20","slug":"geriasil-h7-capsulas-energiza-tu-bienestar-diario-vitaglobe-tu-salud-sin-fronteras","status":"publish","type":"product","link":"https:\/\/vitaminaselsalvador.net\/index.php\/product\/geriasil-h7-capsulas-energiza-tu-bienestar-diario-vitaglobe-tu-salud-sin-fronteras\/","title":{"rendered":"Geriasil H7 C\u00e1psulas energiza tu bienestar diario \u2013 VitaGlobe Tu salud sin fronteras"},"content":{"rendered":"<div style=\"color:black;font-family: Arial, sans-serif\">\n<strong>Geriasil H7 C\u00e1psulas<\/strong> es un suplemento formulado para apoyar el bienestar general de adultos mayores. Presentado en c\u00e1psulas de f\u00e1cil consumo, este producto ofrece una combinaci\u00f3n de <strong>vitaminas y minerales esenciales<\/strong> que ayudan a mantener la energ\u00eda y la vitalidad en la rutina diaria.<\/p>\n<p>En <strong>VitaGlobe &#8211; Tu salud, sin fronteras<\/strong> \ud83c\udf0f, seleccionamos productos de calidad conectando salud con el mundo. Por eso, te ofrecemos <strong>Geriasil H7<\/strong>, un aliado pensado especialmente para quienes buscan cuidar su salud de forma pr\u00e1ctica y confiable.<\/p>\n<p><strong>Caracter\u00edsticas clave:<\/strong><\/p>\n<ul>\n<li>Contiene vitaminas y minerales esenciales<\/li>\n<li>Presentaci\u00f3n en c\u00e1psulas f\u00e1ciles de ingerir<\/li>\n<li>F\u00f3rmula dise\u00f1ada para complementar la nutrici\u00f3n diaria de adultos mayores<\/li>\n<\/ul>\n<p>Dale un impulso a tu vitalidad diaria con la confianza de recibir productos aut\u00e9nticos respaldados por nuestra experiencia. <strong>Tu bienestar es nuestra prioridad\u2728<\/strong>\n<\/div>\n","protected":false},"excerpt":{"rendered":"<div style=\"color:black;font-family: Arial, sans-serif\">\n<strong>Geriasil H7 C\u00e1psulas<\/strong> es una opci\u00f3n confiable para tu bienestar diario. \ud83c\udf31 Su f\u00f3rmula especial apoya tus necesidades diarias y es ideal para quienes buscan cuidar su salud con un producto de calidad. <strong>Conf\u00eda en VitaGlobe, donde conectamos tu salud con el mundo.<\/strong> \ud83c\udf0d<\/p>\n<p style=\"color:red;font-weight:bold;font-style:italic;font-size:1.1em\">\u00a1Adquiere Geriasil H7 C\u00e1psulas y elige bienestar hoy mismo!<\/p>\n<\/div>\n","protected":false},"featured_media":4008,"comment_status":"closed","ping_status":"closed","template":"","meta":{"_kad_post_transparent":"","_kad_post_title":"","_kad_post_layout":"","_kad_post_sidebar_id":"","_kad_post_content_style":"","_kad_post_vertical_padding":"","_kad_post_feature":"","_kad_post_feature_position":"","_kad_post_header":false,"_kad_post_footer":false},"product_brand":[],"product_cat":[424,166],"product_tag":[425,426,146,147,427,428,152,429,201],"class_list":{"0":"post-3184","1":"product","2":"type-product","3":"status-publish","4":"has-post-thumbnail","6":"product_cat-laboratorios-suizos","7":"product_cat-todo-dolor-y-vitaminas","8":"product_tag-climaterio-femenino-y-masculino","9":"product_tag-disminucion-de-la-memoria","10":"product_tag-el-salvador","11":"product_tag-energizantes","12":"product_tag-geriasil","13":"product_tag-geriasil-h7","14":"product_tag-insomnio","15":"product_tag-trastornos-de-la-potencia-sexual","16":"product_tag-vitaminas-en-el-salvador","18":"first","19":"instock","20":"shipping-taxable","21":"purchasable","22":"product-type-simple","23":"entry","24":"content-bg","25":"loop-entry"},"_links":{"self":[{"href":"https:\/\/vitaminaselsalvador.net\/index.php\/wp-json\/wp\/v2\/product\/3184","targetHints":{"allow":["GET"]}}],"collection":[{"href":"https:\/\/vitaminaselsalvador.net\/index.php\/wp-json\/wp\/v2\/product"}],"about":[{"href":"https:\/\/vitaminaselsalvador.net\/index.php\/wp-json\/wp\/v2\/types\/product"}],"replies":[{"embeddable":true,"href":"https:\/\/vitaminaselsalvador.net\/index.php\/wp-json\/wp\/v2\/comments?post=3184"}],"wp:featuredmedia":[{"embeddable":true,"href":"https:\/\/vitaminaselsalvador.net\/index.php\/wp-json\/wp\/v2\/media\/4008"}],"wp:attachment":[{"href":"https:\/\/vitaminaselsalvador.net\/index.php\/wp-json\/wp\/v2\/media?parent=3184"}],"wp:term":[{"taxonomy":"product_brand","embeddable":true,"href":"https:\/\/vitaminaselsalvador.net\/index.php\/wp-json\/wp\/v2\/product_brand?post=3184"},{"taxonomy":"product_cat","embeddable":true,"href":"https:\/\/vitaminaselsalvador.net\/index.php\/wp-json\/wp\/v2\/product_cat?post=3184"},{"taxonomy":"product_tag","embeddable":true,"href":"https:\/\/vitaminaselsalvador.net\/index.php\/wp-json\/wp\/v2\/product_tag?post=3184"}],"curies":[{"name":"wp","href":"https:\/\/api.w.org\/{rel}","templated":true}]}}