{"id":3143,"date":"2022-11-02T21:12:22","date_gmt":"2022-11-03T03:12:22","guid":{"rendered":"https:\/\/vitaminaselsalvador.net\/?post_type=product&#038;p=3143"},"modified":"2025-08-07T10:06:20","modified_gmt":"2025-08-07T16:06:20","slug":"dolofin-ar-alivio-rapido-para-tu-bienestar-en-vitaglobe","status":"publish","type":"product","link":"https:\/\/vitaminaselsalvador.net\/index.php\/product\/dolofin-ar-alivio-rapido-para-tu-bienestar-en-vitaglobe\/","title":{"rendered":"DOLOFIN AR Alivio r\u00e1pido para tu bienestar en VitaGlobe"},"content":{"rendered":"<div style=\"color:black;font-family: Arial, sans-serif\">\n<strong>DOLOFIN AR<\/strong> es la elecci\u00f3n confiable para quienes buscan un alivio eficaz del dolor y la inflamaci\u00f3n. Disponible en <strong>VitaGlobe &#8211; Tu salud, sin fronteras<\/strong>, este producto contiene <strong>naproxeno s\u00f3dico 275 mg<\/strong>, conocido por su acci\u00f3n terap\u00e9utica precisa en molestias musculares y articulares.<\/p>\n<p>Presentado en pr\u00e1cticas tabletas, <strong>DOLOFIN AR<\/strong> est\u00e1 dise\u00f1ado para actuar r\u00e1pido, ayudando a recuperar el bienestar f\u00edsico y permiti\u00e9ndote continuar con tu rutina diaria sin interrupciones. \ud83c\udf0e<\/p>\n<p>Recuerda que en <strong>VitaGlobe<\/strong>, nuestro lema es: <em>\u201cConectando salud con el mundo.\u201d<\/em> Haz tu pedido y conf\u00eda en un producto utilizado por quienes valoran el respaldo profesional y la calidad.<\/p>\n<p><strong>\u00a1Cuida de ti y de los tuyos con soluciones que traspasan fronteras!<\/strong>\n<\/div>\n","protected":false},"excerpt":{"rendered":"<div style=\"color:black;font-family: Arial, sans-serif\">\n<strong>DOLOFIN AR<\/strong> es tu mejor aliado para el cuidado de tu bienestar f\u00edsico. Apoya de manera confiable y pr\u00e1ctica en situaciones de molestias, d\u00e1ndote la tranquilidad que necesitas cada d\u00eda. Vive mejor con la calidad que solo VitaGlobe te ofrece. <strong>\u00a1No dejes que las molestias detengan tu ritmo!<\/strong> \ud83c\udf0e\ud83d\udcaa<\/p>\n<p style=\"color:red;font-weight:bold;font-style:italic;font-size:1.1em\">Descubre DOLOFIN AR y conecta con una vida m\u00e1s saludable hoy.<\/p>\n<\/div>\n","protected":false},"featured_media":3169,"comment_status":"closed","ping_status":"closed","template":"","meta":{"_kad_post_transparent":"","_kad_post_title":"","_kad_post_layout":"","_kad_post_sidebar_id":"","_kad_post_content_style":"","_kad_post_vertical_padding":"","_kad_post_feature":"","_kad_post_feature_position":"","_kad_post_header":false,"_kad_post_footer":false},"product_brand":[],"product_cat":[235,180,289,166],"product_tag":[327,328,146,324,200,201],"class_list":{"0":"post-3143","1":"product","2":"type-product","3":"status-publish","4":"has-post-thumbnail","6":"product_cat-artritis-artrosis-reuma","7":"product_cat-laboratorios-lopez","8":"product_cat-pastillas","9":"product_cat-todo-dolor-y-vitaminas","10":"product_tag-dolofin-ar","11":"product_tag-dolofin-de-el-salvador","12":"product_tag-el-salvador","13":"product_tag-laboratorios-lopez","14":"product_tag-vitaminas","15":"product_tag-vitaminas-en-el-salvador","17":"first","18":"instock","19":"featured","20":"purchasable","21":"product-type-simple","22":"entry","23":"content-bg","24":"loop-entry"},"_links":{"self":[{"href":"https:\/\/vitaminaselsalvador.net\/index.php\/wp-json\/wp\/v2\/product\/3143","targetHints":{"allow":["GET"]}}],"collection":[{"href":"https:\/\/vitaminaselsalvador.net\/index.php\/wp-json\/wp\/v2\/product"}],"about":[{"href":"https:\/\/vitaminaselsalvador.net\/index.php\/wp-json\/wp\/v2\/types\/product"}],"replies":[{"embeddable":true,"href":"https:\/\/vitaminaselsalvador.net\/index.php\/wp-json\/wp\/v2\/comments?post=3143"}],"wp:featuredmedia":[{"embeddable":true,"href":"https:\/\/vitaminaselsalvador.net\/index.php\/wp-json\/wp\/v2\/media\/3169"}],"wp:attachment":[{"href":"https:\/\/vitaminaselsalvador.net\/index.php\/wp-json\/wp\/v2\/media?parent=3143"}],"wp:term":[{"taxonomy":"product_brand","embeddable":true,"href":"https:\/\/vitaminaselsalvador.net\/index.php\/wp-json\/wp\/v2\/product_brand?post=3143"},{"taxonomy":"product_cat","embeddable":true,"href":"https:\/\/vitaminaselsalvador.net\/index.php\/wp-json\/wp\/v2\/product_cat?post=3143"},{"taxonomy":"product_tag","embeddable":true,"href":"https:\/\/vitaminaselsalvador.net\/index.php\/wp-json\/wp\/v2\/product_tag?post=3143"}],"curies":[{"name":"wp","href":"https:\/\/api.w.org\/{rel}","templated":true}]}}