{"id":3100,"date":"2022-11-02T21:11:55","date_gmt":"2022-11-03T03:11:55","guid":{"rendered":"https:\/\/vitaminaselsalvador.net\/?post_type=product&#038;p=3100"},"modified":"2025-07-18T10:06:22","modified_gmt":"2025-07-18T16:06:22","slug":"energizate-con-foskrol-con-ginseng-vial-bebible-potencia-tu-vitalidad-cada-dia-disfruta-energia-y-bienestar-en-cada-dosis","status":"publish","type":"product","link":"https:\/\/vitaminaselsalvador.net\/index.php\/product\/energizate-con-foskrol-con-ginseng-vial-bebible-potencia-tu-vitalidad-cada-dia-disfruta-energia-y-bienestar-en-cada-dosis\/","title":{"rendered":"Energizate con FOSKROL con Ginseng Vial Bebible potencia tu vitalidad cada d\u00eda disfruta energ\u00eda y bienestar en cada dosis"},"content":{"rendered":"<div style=\"color:black;font-family: Arial, sans-serif\">\nEn <strong>VitaGlobe &#8211; Tu salud, sin fronteras<\/strong>, te invitamos a descubrir la vitalidad diaria con <strong>FOSKROL con Ginseng Vial Bebible<\/strong>. Este producto est\u00e1 dise\u00f1ado para quienes buscan sentirse llenos de energ\u00eda cada d\u00eda. \ud83e\udd29<\/p>\n<p>Su exclusiva formulaci\u00f3n con <strong>Ginseng<\/strong> aporta ese impulso extra que necesitas para enfrentar la rutina y mantenerte en tu mejor versi\u00f3n. Cada vial es f\u00e1cil de consumir y pr\u00e1ctico para llevar a donde vayas, ayudando a que no pares ning\u00fan d\u00eda. <\/p>\n<p><strong>FOSKROL con Ginseng Vial Bebible<\/strong> es ideal para quienes desean cuidar su vitalidad de forma c\u00f3moda y efectiva, conectando salud y bienestar en cada sorbo. <\/p>\n<p>Conf\u00eda en <strong>VitaGlobe<\/strong>: \u201c<strong>Conectando salud con el mundo<\/strong>\u201d y potencia tu energ\u00eda todos los d\u00edas. \ud83c\udf0d\u2728\n<\/div>\n","protected":false},"excerpt":{"rendered":"<div style=\"color:black;font-family: Arial, sans-serif\">\n<strong>FOSKROL con Ginseng Vial Bebible<\/strong> te ayuda a <strong>potenciar tu vitalidad cada d\u00eda<\/strong> y mantenerte activo. <br \/>\n\u00a1Dale a tu rutina ese impulso extra de energ\u00eda que necesitas! \u26a1<br \/>\nSiente el bienestar de cuidarte todos los d\u00edas con VitaGlobe, tu tienda de confianza. \n<\/div>\n<p style=\"color:red;font-weight:bold;font-style:italic;font-size:1.1em\">\u00a1Haz tu pedido y conecta con tu energ\u00eda hoy!<\/p>\n","protected":false},"featured_media":3134,"comment_status":"closed","ping_status":"closed","template":"","meta":{"_kad_post_transparent":"","_kad_post_title":"","_kad_post_layout":"","_kad_post_sidebar_id":"","_kad_post_content_style":"","_kad_post_vertical_padding":"","_kad_post_feature":"","_kad_post_feature_position":"","_kad_post_header":false,"_kad_post_footer":false},"product_brand":[],"product_cat":[93,106,95,133,108,96,97],"product_tag":[196,202,203,204,205],"class_list":{"0":"post-3100","1":"product","2":"type-product","3":"status-publish","4":"has-post-thumbnail","6":"product_cat-control-de-estres","7":"product_cat-laboratorios-biokemical","8":"product_cat-multivitaminas","9":"product_cat-reanimante","10":"product_cat-salud-y-belleza","11":"product_cat-vitaminas-bebibles","12":"product_cat-vitaminas-neurotropas","13":"product_tag-foskrol-con-ginseng","14":"product_tag-foskrol-con-ginseng-bebible","15":"product_tag-foskrol-con-ginseng-componentes","16":"product_tag-foskrol-con-ginseng-para-que-sirve","17":"product_tag-foskrol-con-ginseng-precio","19":"first","20":"instock","21":"purchasable","22":"product-type-simple","23":"entry","24":"content-bg","25":"loop-entry"},"_links":{"self":[{"href":"https:\/\/vitaminaselsalvador.net\/index.php\/wp-json\/wp\/v2\/product\/3100","targetHints":{"allow":["GET"]}}],"collection":[{"href":"https:\/\/vitaminaselsalvador.net\/index.php\/wp-json\/wp\/v2\/product"}],"about":[{"href":"https:\/\/vitaminaselsalvador.net\/index.php\/wp-json\/wp\/v2\/types\/product"}],"replies":[{"embeddable":true,"href":"https:\/\/vitaminaselsalvador.net\/index.php\/wp-json\/wp\/v2\/comments?post=3100"}],"wp:featuredmedia":[{"embeddable":true,"href":"https:\/\/vitaminaselsalvador.net\/index.php\/wp-json\/wp\/v2\/media\/3134"}],"wp:attachment":[{"href":"https:\/\/vitaminaselsalvador.net\/index.php\/wp-json\/wp\/v2\/media?parent=3100"}],"wp:term":[{"taxonomy":"product_brand","embeddable":true,"href":"https:\/\/vitaminaselsalvador.net\/index.php\/wp-json\/wp\/v2\/product_brand?post=3100"},{"taxonomy":"product_cat","embeddable":true,"href":"https:\/\/vitaminaselsalvador.net\/index.php\/wp-json\/wp\/v2\/product_cat?post=3100"},{"taxonomy":"product_tag","embeddable":true,"href":"https:\/\/vitaminaselsalvador.net\/index.php\/wp-json\/wp\/v2\/product_tag?post=3100"}],"curies":[{"name":"wp","href":"https:\/\/api.w.org\/{rel}","templated":true}]}}