{"id":3094,"date":"2022-11-02T21:11:54","date_gmt":"2022-11-03T03:11:54","guid":{"rendered":"https:\/\/vitaminaselsalvador.net\/?post_type=product&#038;p=3094"},"modified":"2025-07-08T11:07:49","modified_gmt":"2025-07-08T17:07:49","slug":"vive-la-vida-con-neuro-campolon-energy-duo-pack","status":"publish","type":"product","link":"https:\/\/vitaminaselsalvador.net\/index.php\/product\/vive-la-vida-con-neuro-campolon-energy-duo-pack\/","title":{"rendered":"Vive la vida con NEURO CAMPOLON ENERGY DUO PACK"},"content":{"rendered":"<p><img loading=\"lazy\" decoding=\"async\" class=\"aligncenter size-full wp-image-907\" src=\"https:\/\/vitaminasdelsalvador.com\/wp-content\/uploads\/2013\/06\/neuro-campolon-energy-vitaminasenelsalvador-2.png\" alt=\"neuro campolon energy vitaminasenelsalvador\" width=\"394\" height=\"451\" \/><\/p>\n<h6 style=\"text-align: center;\">\u00a0Presentaci\u00f3n de 12 Sobres de 10ml cada sobre.<\/h6>\n<h1 style=\"text-align: center;\"><span style=\"color: #ff0000;\">Siente la ENERG\u00cdA en minutos!!!\u00a0<\/span><\/h1>\n<p style=\"text-align: center;\"><span style=\"color: #000000;\"><strong>GINSENG ASI\u00c1TICO<\/strong><\/span><br \/>\n<span style=\"color: #800000;\"><strong>Energ\u00eda F\u00edsica: Aumenta La Resistencia Y El Desempe\u00f1o<\/strong><\/span><\/p>\n<p style=\"text-align: center;\"><span style=\"color: #000000;\"><strong>GINSENG AMERICANO<\/strong><\/span><br \/>\n<span style=\"color: #800000;\"><strong>Energ\u00eda Mental: Aumenta La Concentraci\u00f3n Y Reduce El Estres<\/strong><\/span><\/p>\n<p style=\"text-align: center;\"><span style=\"color: #000000;\"><strong>ELEUTERO<\/strong><\/span><br \/>\n<span style=\"color: #800000;\"><strong>Bienestar General: Promueve La Vitalidad F\u00edsica Y Mental<\/strong><\/span><\/p>\n","protected":false},"excerpt":{"rendered":"<h3 style=\"text-align: center;\"><span style=\"color: #ff0000;\"><strong>Precio Duo Pack (Dos Cajitas )<\/strong><\/span><\/h3>\n<p>&nbsp;<\/p>\n<p style=\"text-align: center;\"><span style=\"color: #000000;\"><strong>Este producto te brindar\u00e1 la energ\u00eda necesaria para tus d\u00edas mas agotadores; <\/strong><\/span><br \/>\n<span style=\"color: #000000;\"><strong>Su fuente de complejo B y el contenido de sus tres tipos de ginseng ( americano, asi\u00e1tico, eleutero ) y cafe\u00edna, hacen mas f\u00e1cil el cumplimiento de cualquier de actividad en tu vida.<\/strong><\/span><\/p>\n<p style=\"text-align: center;\"><span style=\"color: #000000;\"><strong>Dosis: Un (1) sobre por d\u00eda.<\/strong><\/span><br \/>\n<code><iframe loading=\"lazy\" src=\"https:\/\/w.soundcloud.com\/player\/?url=https%3A\/\/api.soundcloud.com\/tracks\/116320064&amp;color=ff0000&amp;auto_play=true&amp;show_artwork=true&amp;secret_token=s-O4Ge0\" width=\"100%\" height=\"166\" frameborder=\"no\" scrolling=\"no\"><\/iframe><\/code><\/p>\n","protected":false},"featured_media":3124,"comment_status":"closed","ping_status":"closed","template":"","meta":{"_kad_post_transparent":"","_kad_post_title":"","_kad_post_layout":"","_kad_post_sidebar_id":"","_kad_post_content_style":"","_kad_post_vertical_padding":"","_kad_post_feature":"","_kad_post_feature_position":"","_kad_post_header":false,"_kad_post_footer":false},"product_brand":[],"product_cat":[92,94,96,97,98],"product_tag":[159,160,161,162,163,164,165],"class_list":{"0":"post-3094","1":"product","2":"type-product","3":"status-publish","4":"has-post-thumbnail","6":"product_cat-ampolletas-bebibles","7":"product_cat-laboratorios-vijosa","8":"product_cat-vitaminas-bebibles","9":"product_cat-vitaminas-neurotropas","10":"product_cat-vitaminas-y-suplementos","11":"product_tag-controle-el-estres","12":"product_tag-controle-los-nervios","13":"product_tag-dolor-de-cabeza","14":"product_tag-dolor-de-cabeza-nervioso","15":"product_tag-exceso-de-alcohol","16":"product_tag-mejora-el-rendimiento-cerebral","17":"product_tag-neuro-campolon-energy-bebible","19":"first","20":"instock","21":"purchasable","22":"product-type-simple","23":"entry","24":"content-bg","25":"loop-entry"},"_links":{"self":[{"href":"https:\/\/vitaminaselsalvador.net\/index.php\/wp-json\/wp\/v2\/product\/3094","targetHints":{"allow":["GET"]}}],"collection":[{"href":"https:\/\/vitaminaselsalvador.net\/index.php\/wp-json\/wp\/v2\/product"}],"about":[{"href":"https:\/\/vitaminaselsalvador.net\/index.php\/wp-json\/wp\/v2\/types\/product"}],"replies":[{"embeddable":true,"href":"https:\/\/vitaminaselsalvador.net\/index.php\/wp-json\/wp\/v2\/comments?post=3094"}],"wp:featuredmedia":[{"embeddable":true,"href":"https:\/\/vitaminaselsalvador.net\/index.php\/wp-json\/wp\/v2\/media\/3124"}],"wp:attachment":[{"href":"https:\/\/vitaminaselsalvador.net\/index.php\/wp-json\/wp\/v2\/media?parent=3094"}],"wp:term":[{"taxonomy":"product_brand","embeddable":true,"href":"https:\/\/vitaminaselsalvador.net\/index.php\/wp-json\/wp\/v2\/product_brand?post=3094"},{"taxonomy":"product_cat","embeddable":true,"href":"https:\/\/vitaminaselsalvador.net\/index.php\/wp-json\/wp\/v2\/product_cat?post=3094"},{"taxonomy":"product_tag","embeddable":true,"href":"https:\/\/vitaminaselsalvador.net\/index.php\/wp-json\/wp\/v2\/product_tag?post=3094"}],"curies":[{"name":"wp","href":"https:\/\/api.w.org\/{rel}","templated":true}]}}